{"id":730,"date":"2007-03-26T00:00:00","date_gmt":"2007-03-25T23:00:00","guid":{"rendered":"http:\/\/www.grappa.no\/albums\/uncategorized\/stev-for-dagen\/"},"modified":"2024-08-15T08:43:48","modified_gmt":"2024-08-15T07:43:48","slug":"stev-for-dagen","status":"publish","type":"product","link":"https:\/\/grappa.no\/no\/albums\/heilo\/stev-for-dagen\/","title":{"rendered":"Stev for dagen"},"content":{"rendered":"<p><\/p>\n<p>Stev for dagen \u2013 Norges unike sangtradisjon<\/p>\n<p>Stev for dagen ivaretar og videref\u00f8rer den norske stevtradisjonen og er en enest\u00e5ende mulighet til \u00e5 stifte bekjentskap med en viktig og s\u00e6rs levende del av v\u00e5r kulturarv. Astri Rysstad, Kirsten Br\u00e5ten Berg og Kari Rolfsen ble da ogs\u00e5 be\u00e6ret med Folkelarmprisen 2007 i klassen Dokumentasjon. Bokutgivelsen presenterer 366 stev, ordnet m\u00e5nedsvis etter gamle merkedager etter primstaven. Utvalget er hentet fra et stort tidsspenn der de eldste stevene er fra middelalderen. Videre finner vi nystev fra slutten av 1700-tallet samt bidrag fra 1920- og 30-tallet. De nyeste stevene er fra 1990-tallet, skrevet av den norske lyrikeren Paal-Helge Haugen. Boken er nydelig illustrert av Kari Rolfsen med fine portretter og nonfigurative illustrasjoner. Boken gir dessuten interessant informasjon om stevenes opprinnelse. Forfatterliste, kilderegister og utfyllende ordforklaringer vitner om at prosjektet fremfor alt er ment som brukskunst: dette er ord og toner for hverdagsbruk!<\/p>\n<p><!--more--><\/p>\n<p>Vinner av Folkelarmprisen 2007 i klassen Dokumentasjon.<\/p>\n<h4>Bok og CD<\/h4>\n<p>Her er boka med CD att\u00e5t. Dette er ei samling uts\u00f8kte stev. Flest nystev, men og nokre gamlestev, fritt fest til dagane i \u00e5ret. Merkjedagane i primstaven er med. Nokon stev refererer beint til ein dag og ei tid, medan dei fleste er berre til ettertanke for dagen i dag. Her ligg dei tett, dei gode steva. Ved \u00e5 gje oss eit stev om dagen, kan ein smake p\u00e5 det og bruke dagen til \u00e5 tyde b\u00e5de den konkrete bodskapen, men og alle dei hinta som ligg imellom linene i gode stev.<\/p>\n<h4>Nyskaping<\/h4>\n<p>Opphavskvinnene til dette prosjektet, Astri Rysstad og Kirsten Br\u00e5ten Berg har stor kunnskap og kj\u00e6rleik til dette stoffet. Dei er av den generasjonen som har teke stoffet ut av n\u00e6rmilj\u00f8et og bruka han blant dei som ikkje allst\u00f8tt har vore like velkjende med denne diktartradisjonen. Dei lagar ikkje kuriositet av det, men syner korleis kunst er kunst over tid. Den menneskelege tanken og evnen til \u00e5 gje oss opplevingar er den same no som f\u00f8r. Nye stev blir skapt heile tida, og Kirsten og Astri oppmodar til nyskaping.<\/p>\n<p>Me f\u00e5r b\u00e5de sj\u00e5 og h\u00f8yre kjelder som kunne sine ting. Kvar m\u00e5nad har sin kvedar, b\u00e5de i boka og p\u00e5 plata. P\u00e5 plata h\u00f8yrer me flotte opptak av desse kjeldene, men med litt sus b\u00e5de fr\u00e5 mikrofon og anna bakgrunnsst\u00f8y. Men flesteparten av steva p\u00e5 CD er nyinnsungne av Kirsten. Sterkt og beint fram som berre ho kan. Om teksten kan vera noko utilgjengeleg for nokon, har ein boka med b\u00e5de teksten og ordforklaringar \u00e5 st\u00f8 seg til.<\/p>\n<h4>Ei bruksbok!<\/h4>\n<p>Kari Rolfsen har portrettert ut\u00f8verar i folkemusikkmilj\u00f8et i mange \u00e5r. I denne produksjonen har ho teikna eit knippe kvedarar fr\u00e5 Setesdal som er med p\u00e5 plata. Portretta er levande og attkjennelege. I tilegg har ho andre illustrasjonar, nonfigurative og sprelske i fargane som ein kontrast til portretta i svart\/kvitt. Illustrasjonane framhevar portretta.<\/p>\n<p>Ein svir for alle som likar eit stutt, poetisk og poengtert ord for dagen. No alts\u00e5 eit stev for dagen. Ei g\u00e5vebok, men fyrst og fremst ei bruksbok!<\/p>\n<p><\/p>","protected":false},"excerpt":{"rendered":"<p>\u2013 Stev for dagen er en grensesprengende utgivelse. [6\/6 Carl Petter Opsahl \/ VG]<\/p>\n","protected":false},"featured_media":27258,"comment_status":"closed","ping_status":"closed","template":"","meta":[],"product_brand":[],"product_cat":[35],"product_tag":[],"class_list":{"0":"post-730","1":"product","2":"type-product","3":"status-publish","4":"has-post-thumbnail","6":"product_cat-heilo","7":"product_shipping_class-cddvd-shipping","8":"uni_artist_tag-anund-lyngtveit","9":"uni_artist_tag-birgit-lund","10":"uni_artist_tag-eli-kvaale","11":"uni_artist_tag-gro-heddi-brokke","12":"uni_artist_tag-hallvard-dale","13":"uni_artist_tag-hallvard-haugen","14":"uni_artist_tag-ingebjorg-vegestog","15":"uni_artist_tag-kirsten-braten-berg","16":"uni_artist_tag-liv-helga-brokke","17":"uni_artist_tag-olav-harstad","18":"uni_artist_tag-signe-helle","19":"uni_artist_tag-tarjei-brokke","20":"uni_artist_tag-torbjorg-aa-paus","21":"uni_artist_tag-torleiv-h-bjorgum","22":"uni_artist_tag-trad","23":"uni_main_artist_tag-kirsten-braten-berg","24":"uni_artist_genre-folk-music","25":"uni_artist_genre-lyric-poetry","26":"uni_artist_genre-norwegian","27":"uni_artist_genre-traditional","29":"first","30":"instock","31":"taxable","32":"shipping-taxable","33":"purchasable","34":"product-type-simple"},"_links":{"self":[{"href":"https:\/\/grappa.no\/no\/wp-json\/wp\/v2\/product\/730","targetHints":{"allow":["GET"]}}],"collection":[{"href":"https:\/\/grappa.no\/no\/wp-json\/wp\/v2\/product"}],"about":[{"href":"https:\/\/grappa.no\/no\/wp-json\/wp\/v2\/types\/product"}],"replies":[{"embeddable":true,"href":"https:\/\/grappa.no\/no\/wp-json\/wp\/v2\/comments?post=730"}],"wp:featuredmedia":[{"embeddable":true,"href":"https:\/\/grappa.no\/no\/wp-json\/wp\/v2\/media\/27258"}],"wp:attachment":[{"href":"https:\/\/grappa.no\/no\/wp-json\/wp\/v2\/media?parent=730"}],"wp:term":[{"taxonomy":"product_brand","embeddable":true,"href":"https:\/\/grappa.no\/no\/wp-json\/wp\/v2\/product_brand?post=730"},{"taxonomy":"product_cat","embeddable":true,"href":"https:\/\/grappa.no\/no\/wp-json\/wp\/v2\/product_cat?post=730"},{"taxonomy":"product_tag","embeddable":true,"href":"https:\/\/grappa.no\/no\/wp-json\/wp\/v2\/product_tag?post=730"}],"curies":[{"name":"wp","href":"https:\/\/api.w.org\/{rel}","templated":true}]}}

<p></p>
<p>Stev for dagen – Norges unike sangtradisjon</p>
<p>Stev for dagen ivaretar og viderefører den norske stevtradisjonen og er en enestående mulighet til å stifte bekjentskap med en viktig og særs levende del av vår kulturarv. Astri Rysstad, Kirsten Bråten Berg og Kari Rolfsen ble da også beæret med Folkelarmprisen 2007 i klassen Dokumentasjon. Bokutgivelsen presenterer 366 stev, ordnet månedsvis etter gamle merkedager etter primstaven. Utvalget er hentet fra et stort tidsspenn der de eldste stevene er fra middelalderen. Videre finner vi nystev fra slutten av 1700-tallet samt bidrag fra 1920- og 30-tallet. De nyeste stevene er fra 1990-tallet, skrevet av den norske lyrikeren Paal-Helge Haugen. Boken er nydelig illustrert av Kari Rolfsen med fine portretter og nonfigurative illustrasjoner. Boken gir dessuten interessant informasjon om stevenes opprinnelse. Forfatterliste, kilderegister og utfyllende ordforklaringer vitner om at prosjektet fremfor alt er ment som brukskunst: dette er ord og toner for hverdagsbruk!</p>
<p><!--more--></p>
<p>Vinner av Folkelarmprisen 2007 i klassen Dokumentasjon.</p>
<h4>Bok og CD</h4>
<p>Her er boka med CD attåt. Dette er ei samling utsøkte stev. Flest nystev, men og nokre gamlestev, fritt fest til dagane i året. Merkjedagane i primstaven er med. Nokon stev refererer beint til ein dag og ei tid, medan dei fleste er berre til ettertanke for dagen i dag. Her ligg dei tett, dei gode steva. Ved å gje oss eit stev om dagen, kan ein smake på det og bruke dagen til å tyde både den konkrete bodskapen, men og alle dei hinta som ligg imellom linene i gode stev.</p>
<h4>Nyskaping</h4>
<p>Opphavskvinnene til dette prosjektet, Astri Rysstad og Kirsten Bråten Berg har stor kunnskap og kjærleik til dette stoffet. Dei er av den generasjonen som har teke stoffet ut av nærmiljøet og bruka han blant dei som ikkje allstøtt har vore like velkjende med denne diktartradisjonen. Dei lagar ikkje kuriositet av det, men syner korleis kunst er kunst over tid. Den menneskelege tanken og evnen til å gje oss opplevingar er den same no som før. Nye stev blir skapt heile tida, og Kirsten og Astri oppmodar til nyskaping.</p>
<p>Me får både sjå og høyre kjelder som kunne sine ting. Kvar månad har sin kvedar, både i boka og på plata. På plata høyrer me flotte opptak av desse kjeldene, men med litt sus både frå mikrofon og anna bakgrunnsstøy. Men flesteparten av steva på CD er nyinnsungne av Kirsten. Sterkt og beint fram som berre ho kan. Om teksten kan vera noko utilgjengeleg for nokon, har ein boka med både teksten og ordforklaringar å stø seg til.</p>
<h4>Ei bruksbok!</h4>
<p>Kari Rolfsen har portrettert utøverar i folkemusikkmiljøet i mange år. I denne produksjonen har ho teikna eit knippe kvedarar frå Setesdal som er med på plata. Portretta er levande og attkjennelege. I tilegg har ho andre illustrasjonar, nonfigurative og sprelske i fargane som ein kontrast til portretta i svart/kvitt. Illustrasjonane framhevar portretta.</p>
<p>Ein svir for alle som likar eit stutt, poetisk og poengtert ord for dagen. No altså eit stev for dagen. Ei gåvebok, men fyrst og fremst ei bruksbok!</p>
<p></p>
