{"id":519,"date":"1996-10-25T00:00:00","date_gmt":"1996-10-24T23:00:00","guid":{"rendered":"http:\/\/www.grappa.no\/albums\/uncategorized\/prisme\/"},"modified":"2024-04-15T13:08:13","modified_gmt":"2024-04-15T12:08:13","slug":"prisme","status":"publish","type":"product","link":"https:\/\/grappa.no\/no\/albums\/grappa\/prisme\/","title":{"rendered":"PRISME"},"content":{"rendered":"<p><\/p>\n<p>Dynamiske rytmer fra Annbj\u00f8rg Lien<\/p>\n<p>Prisme (1996) er Annbj\u00f8rg Liens tredje soloutgivelse. Mesteparten av materialet er komponert av Lien selv og albumet er langt mer energisk og rytmisk enn tidligere utgivelser. Prisme fikk s\u00e6rdeles gode omtaler i norsk og utenlandsk presse, flere utnevnte albumet som Liens beste utgivelse s\u00e5 langt og det ble mer og mer tydelig at dette var en artist av verdensformat. Lien ble nominert til Spellemannprisen 1996 i klassen Folkemusikk\/Gammaldans. Dette var hennes f\u00f8rste nominasjon som soloartist.<\/p>\n<p>P\u00e5 Prisme serverer Lien dr\u00f8mmende og dansbar instrumentalmusikk i toppsjiktet. Her finnes en rekke friske melodier, slik som det fengende \u00e5pningssporet \u201dVillvinter\u201d og den rytmiske \u201dValhalling\u201d. Her finnes dessuten et utvalg av mykere og mer kontemplative l\u00e5ter, slik som den vakre \u201dCantabile\u201d og tittelsporet \u201dPrisme\u201d som henter inspirasjon fra \u00f8stlige str\u00f8k. Gjennomg\u00e5ende for albumet er Liens sammenblanding av musikalske elementer fra ulike steder og tider: P\u00e5 Prisme blandes gjerne irske og norske musikktradisjoner med moderne elektronikk. <\/p>\n<p>Sjangerblandingen og sammensmeltingen av ulike musikalske elementer blir ogs\u00e5 tydelig i valg av medvirkende musikere. P\u00e5 Prisme eksperimenterer Lien med instrumental backing i st\u00f8rre grad enn tidligere og har med seg et lag av sterke og dynamiske instrumentalister: Roger Tallroth p\u00e5 gitar, Mikael Marin p\u00e5 bratsj, Rune Arnesen p\u00e5 slagverk, Hans Fredrik Jacobsen p\u00e5 fl\u00f8yter og Bj\u00f8rn Ole Rasch p\u00e5 tangenter. Dette er musikere som har arbeidet innenfor en rekke musikalske sjangere i tillegg til folkemusikk, og deres bidrag forsterker Annbj\u00f8rg Liens grensesprengende uttrykk i Prisme.<\/p>\n<p><!--more--><\/p>\n<p>I brennpunktet samles tradisjonen og spres p\u00e5 nytt gjennom mange slags instrumenter, musikere og kulturer, slik at nye farger oppst\u00e5r\u2026<\/p>\n<h4>Dynamisk samspill<\/h4>\n<p>Annbj\u00f8rg Lien har plukket musikere som er enere p\u00e5 sine felt, og plata er arrangert med tanke p\u00e5 sterke og dynamiske instrumentalister. Roger Tallroth (gitarer), Mikael Marin (bratsj), Rune Arnesen (perkusjon), Hans Fredrik Jacobsen (fl\u00f8yter) og Bj\u00f8rn Ole Rasch (keyboards), har alle \u00e9n fot i folkemusikken og den andre i forskjellige musikalske milj\u00f8er.<\/p>\n<p>\u2013 Ja, jeg \u00f8nsket meg en dynamisk og energisk plate, sier Annbj\u00f8rg, og til det kunne jeg ikke funnet bedre musikere. Det er ingen tilfeldighet at jeg har bedt med meg flere svensker denne gangen. I v\u00e5rt naboland har de en helt annen tradisjon for folkemusikk arrangert for band enn vi har her i Norge.<\/p>\n<h4>Energiske komposisjoner<\/h4>\n<p>Sju l\u00e5ter har Annbj\u00f8rg komponert, fire har blitt til i samarbeid med Bj\u00f8rn Ole Rasch, og to er basert p\u00e5 tradisjonelt stoff. Bj\u00f8rn Ole Rasch er ogs\u00e5 hovedarrang\u00f8r, men plata har i tillegg profitert p\u00e5 kreativiteten i studio. \u201cPrisme\u201d er produsert av Annbj\u00f8rg Lien og Bj\u00f8rn Ole Rasch.<\/p>\n<p>\u2013 Sammenliknet med Felefeber, som var ganske lyrisk, opplever jeg Prisme mer energisk, sier v\u00e5r folkemusikkambassad\u00f8r par excellence. Jeg hadde ogs\u00e5 lyst til \u00e5 st\u00e5 for alt sj\u00f8l. \u00c5 komponere nytt stoff gir meg friere t\u00f8yler, samtidig som det er sv\u00e6rt utfordrende \u00e5 skape noe fra bunnen.<\/p>\n<h4>Kreativt samarbeid<\/h4>\n<p>\u2013 Det var en fantastisk opplevelse \u00e5 f\u00e5 spille inn plata dypt inne i V\u00e4rmlands skoger, uforstyrret av hverdagslige gj\u00f8rem\u00e5l. I et par uker var vi sammen dag og natt. Det ga oss en arbeidsperiode med rom for intens kreativitet. Morsomt n\u00e5r musikere fra to naboland kan kjenne et skikkelig fargerikt fellesskap!<\/p>\n<p>Prisme blir i likhet med Felefeber gitt ut p\u00e5 forlaget Shanachie i USA.<\/p>\n<p><\/p>","protected":false},"excerpt":{"rendered":"<p>Prisme krysser alle grenser! [Aftenposten]<\/p>\n","protected":false},"featured_media":26940,"comment_status":"closed","ping_status":"closed","template":"","meta":[],"product_brand":[],"product_cat":[6],"product_tag":[],"class_list":{"0":"post-519","1":"product","2":"type-product","3":"status-publish","4":"has-post-thumbnail","6":"product_cat-grappa","7":"product_shipping_class-cddvd-shipping","8":"uni_artist_tag-annbjorg-lien","9":"uni_artist_tag-bjorn-ole-rasch","10":"uni_artist_tag-mikael-marin","11":"uni_artist_tag-roger-tallroth","12":"uni_artist_tag-rune-arnesen","13":"uni_artist_tag-tone-hulbaekmo","14":"uni_artist_tag-trad","15":"uni_main_artist_tag-annbjorg-lien","16":"uni_artist_genre-folk-music","17":"uni_artist_genre-traditional","19":"first","20":"instock","21":"taxable","22":"shipping-taxable","23":"purchasable","24":"product-type-simple"},"_links":{"self":[{"href":"https:\/\/grappa.no\/no\/wp-json\/wp\/v2\/product\/519","targetHints":{"allow":["GET"]}}],"collection":[{"href":"https:\/\/grappa.no\/no\/wp-json\/wp\/v2\/product"}],"about":[{"href":"https:\/\/grappa.no\/no\/wp-json\/wp\/v2\/types\/product"}],"replies":[{"embeddable":true,"href":"https:\/\/grappa.no\/no\/wp-json\/wp\/v2\/comments?post=519"}],"wp:featuredmedia":[{"embeddable":true,"href":"https:\/\/grappa.no\/no\/wp-json\/wp\/v2\/media\/26940"}],"wp:attachment":[{"href":"https:\/\/grappa.no\/no\/wp-json\/wp\/v2\/media?parent=519"}],"wp:term":[{"taxonomy":"product_brand","embeddable":true,"href":"https:\/\/grappa.no\/no\/wp-json\/wp\/v2\/product_brand?post=519"},{"taxonomy":"product_cat","embeddable":true,"href":"https:\/\/grappa.no\/no\/wp-json\/wp\/v2\/product_cat?post=519"},{"taxonomy":"product_tag","embeddable":true,"href":"https:\/\/grappa.no\/no\/wp-json\/wp\/v2\/product_tag?post=519"}],"curies":[{"name":"wp","href":"https:\/\/api.w.org\/{rel}","templated":true}]}}

<p></p>
<p>Dynamiske rytmer fra Annbjørg Lien</p>
<p>Prisme (1996) er Annbjørg Liens tredje soloutgivelse. Mesteparten av materialet er komponert av Lien selv og albumet er langt mer energisk og rytmisk enn tidligere utgivelser. Prisme fikk særdeles gode omtaler i norsk og utenlandsk presse, flere utnevnte albumet som Liens beste utgivelse så langt og det ble mer og mer tydelig at dette var en artist av verdensformat. Lien ble nominert til Spellemannprisen 1996 i klassen Folkemusikk/Gammaldans. Dette var hennes første nominasjon som soloartist.</p>
<p>På Prisme serverer Lien drømmende og dansbar instrumentalmusikk i toppsjiktet. Her finnes en rekke friske melodier, slik som det fengende åpningssporet ”Villvinter” og den rytmiske ”Valhalling”. Her finnes dessuten et utvalg av mykere og mer kontemplative låter, slik som den vakre ”Cantabile” og tittelsporet ”Prisme” som henter inspirasjon fra østlige strøk. Gjennomgående for albumet er Liens sammenblanding av musikalske elementer fra ulike steder og tider: På Prisme blandes gjerne irske og norske musikktradisjoner med moderne elektronikk. </p>
<p>Sjangerblandingen og sammensmeltingen av ulike musikalske elementer blir også tydelig i valg av medvirkende musikere. På Prisme eksperimenterer Lien med instrumental backing i større grad enn tidligere og har med seg et lag av sterke og dynamiske instrumentalister: Roger Tallroth på gitar, Mikael Marin på bratsj, Rune Arnesen på slagverk, Hans Fredrik Jacobsen på fløyter og Bjørn Ole Rasch på tangenter. Dette er musikere som har arbeidet innenfor en rekke musikalske sjangere i tillegg til folkemusikk, og deres bidrag forsterker Annbjørg Liens grensesprengende uttrykk i Prisme.</p>
<p><!--more--></p>
<p>I brennpunktet samles tradisjonen og spres på nytt gjennom mange slags instrumenter, musikere og kulturer, slik at nye farger oppstår…</p>
<h4>Dynamisk samspill</h4>
<p>Annbjørg Lien har plukket musikere som er enere på sine felt, og plata er arrangert med tanke på sterke og dynamiske instrumentalister. Roger Tallroth (gitarer), Mikael Marin (bratsj), Rune Arnesen (perkusjon), Hans Fredrik Jacobsen (fløyter) og Bjørn Ole Rasch (keyboards), har alle én fot i folkemusikken og den andre i forskjellige musikalske miljøer.</p>
<p>– Ja, jeg ønsket meg en dynamisk og energisk plate, sier Annbjørg, og til det kunne jeg ikke funnet bedre musikere. Det er ingen tilfeldighet at jeg har bedt med meg flere svensker denne gangen. I vårt naboland har de en helt annen tradisjon for folkemusikk arrangert for band enn vi har her i Norge.</p>
<h4>Energiske komposisjoner</h4>
<p>Sju låter har Annbjørg komponert, fire har blitt til i samarbeid med Bjørn Ole Rasch, og to er basert på tradisjonelt stoff. Bjørn Ole Rasch er også hovedarrangør, men plata har i tillegg profitert på kreativiteten i studio. “Prisme” er produsert av Annbjørg Lien og Bjørn Ole Rasch.</p>
<p>– Sammenliknet med Felefeber, som var ganske lyrisk, opplever jeg Prisme mer energisk, sier vår folkemusikkambassadør par excellence. Jeg hadde også lyst til å stå for alt sjøl. Å komponere nytt stoff gir meg friere tøyler, samtidig som det er svært utfordrende å skape noe fra bunnen.</p>
<h4>Kreativt samarbeid</h4>
<p>– Det var en fantastisk opplevelse å få spille inn plata dypt inne i Värmlands skoger, uforstyrret av hverdagslige gjøremål. I et par uker var vi sammen dag og natt. Det ga oss en arbeidsperiode med rom for intens kreativitet. Morsomt når musikere fra to naboland kan kjenne et skikkelig fargerikt fellesskap!</p>
<p>Prisme blir i likhet med Felefeber gitt ut på forlaget Shanachie i USA.</p>
<p></p>
