{"id":512,"date":"1994-09-12T00:00:00","date_gmt":"1994-09-11T23:00:00","guid":{"rendered":"http:\/\/www.grappa.no\/albums\/uncategorized\/sinikka-langeland-langt-innpa-skoga\/"},"modified":"2016-11-18T16:21:33","modified_gmt":"2016-11-18T15:21:33","slug":"sinikka-langeland-langt-innpa-skoga","status":"publish","type":"product","link":"https:\/\/grappa.no\/no\/albums\/grappa\/sinikka-langeland-langt-innpa-skoga\/","title":{"rendered":"Sinikka Langeland &#8211; Langt innp\u00e5 skoga"},"content":{"rendered":"<p><\/p>\n<p>Gj\u00f8r tradisjonen til sin uttrykksform<\/p>\n<p>Sinikka Langeland kommer fra Kirken\u00e6r i Sol\u00f8r. Med mor fra Karelen og far fra Vestlandet, favner r\u00f8ttene hennes hele norden. Sinikkas sanger har ofte tema om livet i &quot;grenseland&quot; eller mennesket i naturen, enten det er uttrykt gjennom tekster av Hans B\u00f8rli, \u00c5sta Holth, egne viser eller musikk fra eldre tider. <\/p>\n<p>Sol\u00f8r og Finnskogen har en rik folkemusikktradisjon, og Sinikka dikter gjerne videre, arrangerer og gj\u00f8r tradisjonen til sin uttrykksform. Konsertkantelen gir mange spennende arrangementmuligheter, og hun bruker ofte nye klanger i tradisjonelle former. Sinikka samarbeider med musikere og skuespillere fra ulike genre, og ser ingen grunn til \u00e5 sette musikalske grenser &#8211; mens hun samtidig er opptatt av at tradisjonens kvaliteter f\u00e5r leve videre.<\/p>\n<p><!--more--><\/p>\n<h4><\/h4>\n<\/p>\n<h4><\/h4>\n<p><h4><\/h4>\n<\/p>\n<p><\/p>","protected":false},"excerpt":{"rendered":"<p>Sinikka Langeland ser ingen grunn til \u00e5 sette musikalske grenser, men bevarer tradisjonens kvaliteter.<\/p>\n","protected":false},"featured_media":26921,"comment_status":"closed","ping_status":"open","template":"","meta":[],"product_brand":[],"product_cat":[6],"product_tag":[],"class_list":{"0":"post-512","1":"product","2":"type-product","3":"status-publish","4":"has-post-thumbnail","6":"product_cat-grappa","7":"product_shipping_class-cddvd-shipping","8":"uni_artist_tag-alf-lonnhaugen","9":"uni_artist_tag-erik-bergene","10":"uni_artist_tag-gustav-katerud","11":"uni_artist_tag-heiki-granlund","12":"uni_artist_tag-jon-osthaug","13":"uni_artist_tag-kaisa-vilhuinen","14":"uni_artist_tag-kare-langholmen","15":"uni_artist_tag-lange-borresen","16":"uni_artist_tag-lars-klevstrand","17":"uni_artist_tag-mari-eggen","18":"uni_artist_tag-morten-halle","19":"uni_artist_tag-olaf-lommerud","20":"uni_artist_tag-olea-pedersdatter-jolstad","21":"uni_artist_tag-ove-berg","22":"uni_artist_tag-sinikka-langeland","23":"uni_artist_tag-terje-gewelt","24":"uni_artist_tag-trad","25":"uni_main_artist_tag-sinikka-langeland","26":"uni_artist_genre-folk-music","27":"uni_artist_genre-norwegian","28":"uni_artist_genre-traditional","30":"first","31":"instock","32":"taxable","33":"shipping-taxable","34":"purchasable","35":"product-type-simple"},"_links":{"self":[{"href":"https:\/\/grappa.no\/no\/wp-json\/wp\/v2\/product\/512","targetHints":{"allow":["GET"]}}],"collection":[{"href":"https:\/\/grappa.no\/no\/wp-json\/wp\/v2\/product"}],"about":[{"href":"https:\/\/grappa.no\/no\/wp-json\/wp\/v2\/types\/product"}],"replies":[{"embeddable":true,"href":"https:\/\/grappa.no\/no\/wp-json\/wp\/v2\/comments?post=512"}],"wp:featuredmedia":[{"embeddable":true,"href":"https:\/\/grappa.no\/no\/wp-json\/wp\/v2\/media\/26921"}],"wp:attachment":[{"href":"https:\/\/grappa.no\/no\/wp-json\/wp\/v2\/media?parent=512"}],"wp:term":[{"taxonomy":"product_brand","embeddable":true,"href":"https:\/\/grappa.no\/no\/wp-json\/wp\/v2\/product_brand?post=512"},{"taxonomy":"product_cat","embeddable":true,"href":"https:\/\/grappa.no\/no\/wp-json\/wp\/v2\/product_cat?post=512"},{"taxonomy":"product_tag","embeddable":true,"href":"https:\/\/grappa.no\/no\/wp-json\/wp\/v2\/product_tag?post=512"}],"curies":[{"name":"wp","href":"https:\/\/api.w.org\/{rel}","templated":true}]}}

Sinikka Langeland &#8211; Langt innpå skoga

<p></p>
<p>Gjør tradisjonen til sin uttrykksform</p>
<p>Sinikka Langeland kommer fra Kirkenær i Solør. Med mor fra Karelen og far fra Vestlandet, favner røttene hennes hele norden. Sinikkas sanger har ofte tema om livet i &quot;grenseland&quot; eller mennesket i naturen, enten det er uttrykt gjennom tekster av Hans Børli, Åsta Holth, egne viser eller musikk fra eldre tider. </p>
<p>Solør og Finnskogen har en rik folkemusikktradisjon, og Sinikka dikter gjerne videre, arrangerer og gjør tradisjonen til sin uttrykksform. Konsertkantelen gir mange spennende arrangementmuligheter, og hun bruker ofte nye klanger i tradisjonelle former. Sinikka samarbeider med musikere og skuespillere fra ulike genre, og ser ingen grunn til å sette musikalske grenser &#8211; mens hun samtidig er opptatt av at tradisjonens kvaliteter får leve videre.</p>
<p><!--more--></p>
<h4></h4>
</p>
<h4></h4>
<p><h4></h4>
</p>
<p></p>

<p>Sinikka Langeland ser ingen grunn til å sette musikalske grenser, men bevarer tradisjonens kvaliteter.</p>
