{"id":488,"date":"1990-08-27T00:00:00","date_gmt":"1990-08-26T23:00:00","guid":{"rendered":"http:\/\/www.grappa.no\/albums\/uncategorized\/oslo-3\/"},"modified":"2024-01-29T14:04:27","modified_gmt":"2024-01-29T13:04:27","slug":"oslo-3","status":"publish","type":"product","link":"https:\/\/grappa.no\/no\/albums\/grappa\/oslo-3\/","title":{"rendered":"OSLO 3"},"content":{"rendered":"<p><\/p>\n<p>Internasjonal Oslo-artist<\/p>\n<p>Oslo 3 inneholder to av Lillebj\u00f8rn Nilsens aller kj\u00e6reste sanger: \u201dStilleste gutt p\u00e5 sovesal 1\u201d der Nilsen mimrer tilbake til guttedagene og \u201dBysommer\u201d \u2013 sangen som mer enn noen annen kan regnes som Oslos egen sang! Oslo 3 befestet Nilsens rolle som en Oslo-artist. Ikke desto mindre beveger han seg utover hjembyen og det lokale. Han har hentet tradisjonelle melodier fra Chile (\u201dLuchin\u201d) og Pakistan (\u201dHane p\u00e5 taket\u201d) og har satt norske tekster til disse. Flere av sangtekstene henter dessuten handling fra ulike europeiske byer. I \u201dParis\u201d synges til og med refrengene p\u00e5 fransk, mens den vakre og stemningsfulle \u201dAngelikas kaker. Postkort\u201d gir oss \u00f8yeblikksbilder fra byer som Hamburg og Brussel. Oslo 3 viser hvordan den folkekj\u00e6re artisten henter inspirasjon fra b\u00e5de n\u00e6r og fjern, og minner oss p\u00e5 at Lillebj\u00f8rn Nilsen er en lokal artist med internasjonalt spenn.<\/p>\n<p><!--more--><\/p>\n<h4><\/h4>\n<\/p>\n<h4><\/h4>\n<p><h4><\/h4>\n<\/p>\n<p><\/p>","protected":false},"excerpt":{"rendered":"<p>Lokale Lillebj\u00f8rn favner om hele verden.<\/p>\n","protected":false},"featured_media":26912,"comment_status":"closed","ping_status":"closed","template":"","meta":[],"product_brand":[],"product_cat":[6],"product_tag":[],"class_list":{"0":"post-488","1":"product","2":"type-product","3":"status-publish","4":"has-post-thumbnail","6":"product_cat-grappa","7":"product_shipping_class-cddvd-shipping","8":"uni_artist_tag-anne-may-skagmo","9":"uni_artist_tag-barhelemy-niava","10":"uni_artist_tag-eigil-berg","11":"uni_artist_tag-erik-moll","12":"uni_artist_tag-freddy-lindquist","13":"uni_artist_tag-jean-pierre-hermier","14":"uni_artist_tag-johnny-sareussen","15":"uni_artist_tag-lillebjorn-nilsen","16":"uni_artist_tag-nazir-ahmed","17":"uni_artist_tag-per-ivar-johansen","18":"uni_artist_tag-phil-ochs","19":"uni_artist_tag-samina-farooqui","20":"uni_artist_tag-shari-gerber-nilsen","21":"uni_artist_tag-steinar-ofsdal","22":"uni_artist_tag-svein-gundersen","23":"uni_artist_tag-tahmina-farooqui","24":"uni_artist_tag-terje-venaas","25":"uni_artist_tag-trad","26":"uni_artist_tag-trond-villa","27":"uni_artist_tag-victor-jara","28":"uni_main_artist_tag-lillebjorn-nilsen","29":"uni_artist_genre-norwegian","30":"uni_artist_genre-singersongwriter","32":"first","33":"outofstock","34":"taxable","35":"shipping-taxable","36":"purchasable","37":"product-type-simple"},"_links":{"self":[{"href":"https:\/\/grappa.no\/no\/wp-json\/wp\/v2\/product\/488","targetHints":{"allow":["GET"]}}],"collection":[{"href":"https:\/\/grappa.no\/no\/wp-json\/wp\/v2\/product"}],"about":[{"href":"https:\/\/grappa.no\/no\/wp-json\/wp\/v2\/types\/product"}],"replies":[{"embeddable":true,"href":"https:\/\/grappa.no\/no\/wp-json\/wp\/v2\/comments?post=488"}],"wp:featuredmedia":[{"embeddable":true,"href":"https:\/\/grappa.no\/no\/wp-json\/wp\/v2\/media\/26912"}],"wp:attachment":[{"href":"https:\/\/grappa.no\/no\/wp-json\/wp\/v2\/media?parent=488"}],"wp:term":[{"taxonomy":"product_brand","embeddable":true,"href":"https:\/\/grappa.no\/no\/wp-json\/wp\/v2\/product_brand?post=488"},{"taxonomy":"product_cat","embeddable":true,"href":"https:\/\/grappa.no\/no\/wp-json\/wp\/v2\/product_cat?post=488"},{"taxonomy":"product_tag","embeddable":true,"href":"https:\/\/grappa.no\/no\/wp-json\/wp\/v2\/product_tag?post=488"}],"curies":[{"name":"wp","href":"https:\/\/api.w.org\/{rel}","templated":true}]}}

<p></p>
<p>Internasjonal Oslo-artist</p>
<p>Oslo 3 inneholder to av Lillebjørn Nilsens aller kjæreste sanger: ”Stilleste gutt på sovesal 1” der Nilsen mimrer tilbake til guttedagene og ”Bysommer” – sangen som mer enn noen annen kan regnes som Oslos egen sang! Oslo 3 befestet Nilsens rolle som en Oslo-artist. Ikke desto mindre beveger han seg utover hjembyen og det lokale. Han har hentet tradisjonelle melodier fra Chile (”Luchin”) og Pakistan (”Hane på taket”) og har satt norske tekster til disse. Flere av sangtekstene henter dessuten handling fra ulike europeiske byer. I ”Paris” synges til og med refrengene på fransk, mens den vakre og stemningsfulle ”Angelikas kaker. Postkort” gir oss øyeblikksbilder fra byer som Hamburg og Brussel. Oslo 3 viser hvordan den folkekjære artisten henter inspirasjon fra både nær og fjern, og minner oss på at Lillebjørn Nilsen er en lokal artist med internasjonalt spenn.</p>
<p><!--more--></p>
<h4></h4>
</p>
<h4></h4>
<p><h4></h4>
</p>
<p></p>

<p>Lokale Lillebjørn favner om hele verden.</p>
