{"id":453,"date":"2007-01-08T00:00:00","date_gmt":"2007-01-07T23:00:00","guid":{"rendered":"http:\/\/www.grappa.no\/albums\/uncategorized\/songs-for-mezzo-soprano-and-orchestra-by-zemlinsky-and-schulhoff\/"},"modified":"2019-02-22T15:57:38","modified_gmt":"2019-02-22T14:57:38","slug":"songs-for-mezzo-soprano-and-orchestra-by-zemlinsky-and-schulhoff","status":"publish","type":"product","link":"https:\/\/grappa.no\/no\/albums\/simax-classics\/songs-for-mezzo-soprano-and-orchestra-by-zemlinsky-and-schulhoff\/","title":{"rendered":"Songs for mezzo-soprano and orchestra by Zemlinsky and Schulhoff"},"content":{"rendered":"<p><\/p>\n<p>Randi Stene i Zemlinsky og Schulhoff<\/p>\n<p>En av Nordens vakreste stemmer. I storsl\u00e5tte, melankolske verk fra tiden rundt f\u00f8rste verdenskrig, h\u00f8rer vi mezzo-sopran Randi Stene i dr\u00f8mme-repertoar. Det transparente orkesterakkompagnementet blir praktfullt ivaretatt av Trondheim Symfoniorkester. Den \u00f8sterrikske komponisten Alexander Zemlinsky (1871-1942) var helt frem til 1980-tallet nesten glemt. Som ung var han en av de mest lovende studentene ved Wien-konservatoriet. S\u00e5 lovende at Johannes Brahms overbeviste sin forlegger om \u00e5 gi ut hans verker. P\u00e5 1920-30 tallet ble tysk-j\u00f8diske Erwin Schulhoff (1894\u20131942) nevnt i samme \u00e5ndedrag som storhetene Paul Hindemith og Kurt Weill. P\u00e5 30-tallet ble musikken hans beslaglagt og forbudt av nazistene, og i nesten 50 \u00e5r var den praktisk talt glemt.<\/p>\n<p><!--more--><\/p>\n<p>En av Nordens vakreste stemmer. I storsl\u00e5tte, melankolske verk fra tiden rundt f\u00f8rste verdenskrig, h\u00f8rer vi mezzo-sopran Randi Stene i dr\u00f8mme-repertoar. Det transparente orkesterakkompagnementet blir praktfullt ivaretatt av Trondheim Symfoniorkester.<\/p>\n<h4>Alexander Zemlinsky<\/h4>\n<p>Den \u00f8sterrikske komponisten Alexander Zemlinsky (1871-1942) var helt frem til 1980-tallet nesten glemt. Som ung var han en av de mest lovende studentene ved Wien-konservatoriet. S\u00e5 lovende at Johannes Brahms overbeviste sin forlegger om \u00e5 gi ut hans verker. Han underviste Arnold Sch\u00f6nberg, og Alban Berg har dedikert sin Lyriske suite til ham. Hans musikalske uttrykk er beslektet med de to samtidige Mahler og Strauss, men han er ogs\u00e5 inspirert av franskmennene Debussy og Ravel, som f.eks. h\u00f8res i begynnelsen av 1. satsen i Sechs Ges\u00e4nge nach Texten von Maurice Maeterlinck, op. 13. Maeterlinck (1862-1949) vant Nobel-prisen i litteratur i 1911. Tekstene er hentet  fra \u00abQuinze chansons\u00bb \u2013 de er eventyraktige, og omhandler livet som et mysterium i et ukjent univers.<\/p>\n<h4>Erwin Schulhoff<\/h4>\n<p>P\u00e5 1920-30 tallet ble tysk-j\u00f8diske Erwin Schulhoff (1894\u20131942) nevnt i samme \u00e5ndedrag som storhetene Paul Hindemith og Kurt Weill. P\u00e5 30-tallet ble musikken hans beslaglagt og forbudt av nazistene, og i nesten 50 \u00e5r var den praktisk talt glemt. Men i de senere ti\u00e5r har interessen for slik systematisk utryddet musikk \u00f8kt, noe som har resultert i at Schulhoff er gjenoppdaget som komponist. De to vokal-symfoniene p\u00e5 denne utgivelsen h\u00f8rer til blant hans viktigste verk. Landschaften, med tekster av Johannes Theodor Kuhlemann (1891-1939), kjent som \u2018den tyske Maeterlinck\u2019, og Menschheit, med tekster av den ekspresjonistiske dikteren og kritikeren Theodor D\u00e4ubler (1876\u20131934), uttrykker komponistens reaksjoner og f\u00f8lelser mot slutten av f\u00f8rste verdenskrig.<\/p>\n<h4>Randi Stene og Trondheim Symfoniorkester<\/h4>\n<p>Randi Stene fikk sitt store internasjonale gjennombrudd som Octavian i Rosenkavaleren ved Op\u00e9ra Bastille i Paris i 1995 og har senere opptr\u00e5dt ved bl.a. BBC Proms, Festspillene i Salzburg, og Royal Opera House, Covent Garden i London. Hun har v\u00e6rt tilknyttet Operaen i K\u00f8benhavn siden 1989.<\/p>\n<p>Trondheim Symfoniorkester ble grunnlagt i 1909. Med sine i dag 75 musikere har det etablert seg som et av landets ledende orkestre, med kritikerroste turneer i b\u00e5de inn- og utland.<\/p>\n<p><\/p>","protected":false},"excerpt":{"rendered":"<p>I storsl\u00e5tte, melankolske verk fra tiden rundt f\u00f8rste verdenskrig, h\u00f8rer vi mezzo-sopran Randi Stene i dr\u00f8mme-repertoar.<\/p>\n","protected":false},"featured_media":27636,"comment_status":"closed","ping_status":"open","template":"","meta":[],"product_brand":[],"product_cat":[180],"product_tag":[],"class_list":{"0":"post-453","1":"product","2":"type-product","3":"status-publish","4":"has-post-thumbnail","6":"product_cat-simax-classics","7":"product_shipping_class-cddvd-shipping","8":"uni_artist_tag-alexander-von-zemlinsky","9":"uni_artist_tag-erwin-schulhoff","10":"uni_artist_tag-jorn-pedersen","11":"uni_artist_tag-muhai-tang","12":"uni_artist_tag-randi-stene","13":"uni_artist_tag-trondheim-symphony-orchestra","14":"uni_main_artist_tag-randi-stene","15":"uni_artist_genre-song-with-orchestra","17":"first","18":"instock","19":"taxable","20":"shipping-taxable","21":"purchasable","22":"product-type-simple"},"_links":{"self":[{"href":"https:\/\/grappa.no\/no\/wp-json\/wp\/v2\/product\/453","targetHints":{"allow":["GET"]}}],"collection":[{"href":"https:\/\/grappa.no\/no\/wp-json\/wp\/v2\/product"}],"about":[{"href":"https:\/\/grappa.no\/no\/wp-json\/wp\/v2\/types\/product"}],"replies":[{"embeddable":true,"href":"https:\/\/grappa.no\/no\/wp-json\/wp\/v2\/comments?post=453"}],"wp:featuredmedia":[{"embeddable":true,"href":"https:\/\/grappa.no\/no\/wp-json\/wp\/v2\/media\/27636"}],"wp:attachment":[{"href":"https:\/\/grappa.no\/no\/wp-json\/wp\/v2\/media?parent=453"}],"wp:term":[{"taxonomy":"product_brand","embeddable":true,"href":"https:\/\/grappa.no\/no\/wp-json\/wp\/v2\/product_brand?post=453"},{"taxonomy":"product_cat","embeddable":true,"href":"https:\/\/grappa.no\/no\/wp-json\/wp\/v2\/product_cat?post=453"},{"taxonomy":"product_tag","embeddable":true,"href":"https:\/\/grappa.no\/no\/wp-json\/wp\/v2\/product_tag?post=453"}],"curies":[{"name":"wp","href":"https:\/\/api.w.org\/{rel}","templated":true}]}}

<p></p>
<p>Randi Stene i Zemlinsky og Schulhoff</p>
<p>En av Nordens vakreste stemmer. I storslåtte, melankolske verk fra tiden rundt første verdenskrig, hører vi mezzo-sopran Randi Stene i drømme-repertoar. Det transparente orkesterakkompagnementet blir praktfullt ivaretatt av Trondheim Symfoniorkester. Den østerrikske komponisten Alexander Zemlinsky (1871-1942) var helt frem til 1980-tallet nesten glemt. Som ung var han en av de mest lovende studentene ved Wien-konservatoriet. Så lovende at Johannes Brahms overbeviste sin forlegger om å gi ut hans verker. På 1920-30 tallet ble tysk-jødiske Erwin Schulhoff (1894–1942) nevnt i samme åndedrag som storhetene Paul Hindemith og Kurt Weill. På 30-tallet ble musikken hans beslaglagt og forbudt av nazistene, og i nesten 50 år var den praktisk talt glemt.</p>
<p><!--more--></p>
<p>En av Nordens vakreste stemmer. I storslåtte, melankolske verk fra tiden rundt første verdenskrig, hører vi mezzo-sopran Randi Stene i drømme-repertoar. Det transparente orkesterakkompagnementet blir praktfullt ivaretatt av Trondheim Symfoniorkester.</p>
<h4>Alexander Zemlinsky</h4>
<p>Den østerrikske komponisten Alexander Zemlinsky (1871-1942) var helt frem til 1980-tallet nesten glemt. Som ung var han en av de mest lovende studentene ved Wien-konservatoriet. Så lovende at Johannes Brahms overbeviste sin forlegger om å gi ut hans verker. Han underviste Arnold Schönberg, og Alban Berg har dedikert sin Lyriske suite til ham. Hans musikalske uttrykk er beslektet med de to samtidige Mahler og Strauss, men han er også inspirert av franskmennene Debussy og Ravel, som f.eks. høres i begynnelsen av 1. satsen i Sechs Gesänge nach Texten von Maurice Maeterlinck, op. 13. Maeterlinck (1862-1949) vant Nobel-prisen i litteratur i 1911. Tekstene er hentet  fra «Quinze chansons» – de er eventyraktige, og omhandler livet som et mysterium i et ukjent univers.</p>
<h4>Erwin Schulhoff</h4>
<p>På 1920-30 tallet ble tysk-jødiske Erwin Schulhoff (1894–1942) nevnt i samme åndedrag som storhetene Paul Hindemith og Kurt Weill. På 30-tallet ble musikken hans beslaglagt og forbudt av nazistene, og i nesten 50 år var den praktisk talt glemt. Men i de senere tiår har interessen for slik systematisk utryddet musikk økt, noe som har resultert i at Schulhoff er gjenoppdaget som komponist. De to vokal-symfoniene på denne utgivelsen hører til blant hans viktigste verk. Landschaften, med tekster av Johannes Theodor Kuhlemann (1891-1939), kjent som ‘den tyske Maeterlinck’, og Menschheit, med tekster av den ekspresjonistiske dikteren og kritikeren Theodor Däubler (1876–1934), uttrykker komponistens reaksjoner og følelser mot slutten av første verdenskrig.</p>
<h4>Randi Stene og Trondheim Symfoniorkester</h4>
<p>Randi Stene fikk sitt store internasjonale gjennombrudd som Octavian i Rosenkavaleren ved Opéra Bastille i Paris i 1995 og har senere opptrådt ved bl.a. BBC Proms, Festspillene i Salzburg, og Royal Opera House, Covent Garden i London. Hun har vært tilknyttet Operaen i København siden 1989.</p>
<p>Trondheim Symfoniorkester ble grunnlagt i 1909. Med sine i dag 75 musikere har det etablert seg som et av landets ledende orkestre, med kritikerroste turneer i både inn- og utland.</p>
<p></p>

<p>I storslåtte, melankolske verk fra tiden rundt første verdenskrig, hører vi mezzo-sopran Randi Stene i drømme-repertoar.</p>
