{"id":449,"date":"2009-06-08T00:00:00","date_gmt":"2009-06-07T23:00:00","guid":{"rendered":"http:\/\/www.grappa.no\/albums\/uncategorized\/beethoven-symphony-no-9-die-weihe-des-hauses-gratulations-menuett-the-complete-orchestral-works-of-beethoven-vol-10\/"},"modified":"2019-02-22T15:57:28","modified_gmt":"2019-02-22T14:57:28","slug":"beethoven-symphony-no-9-die-weihe-des-hauses-gratulations-menuett","status":"publish","type":"product","link":"https:\/\/grappa.no\/no\/albums\/simax-classics\/beethoven-symphony-no-9-die-weihe-des-hauses-gratulations-menuett\/","title":{"rendered":"Beethoven: Symphony no. 9, Die Weihe des Hauses, Gratulations-Menuett."},"content":{"rendered":"<p><\/p>\n<p>Til Gleden!<\/p>\n<p>Hovedtemaet, med tekst fra Schillers \u2018Ode til gleden\u2019 i den siste satsen av Beethovens niende symfoni kunne knapt v\u00e6rt mer kjent enn det er i dag. P\u00e5 denne tiende utgivelsen i sin serie med Beethovens komplette orkestermusikk lar Thomas Dausgaard og det Svenske Kammerorkesteret tennene synke inn i den mest velkjente av alle symfonier. Resultatet er b\u00e5de forfriskende, opplysende og engasjerende.<\/p>\n<p>Thomas Dausgaard og Svenska Kammarorkestern, med den briljante Boris Berezovsky som solist i klaverkonsertene, har mottatt priser og fremragende kritikker for sin serie med Beethovens komplette orkestermusikk. P\u00e5 denne utgivelsen bidrar ogs\u00e5 ledende vokalsolister fra Sverige og Danmark, pluss DR Vokalensemble og Kor \u2013 og deres fremf\u00f8relse av Korsymfonien bringer serien til et nytt h\u00f8ydepunkt.<\/p>\n<p>Den niende var Beethovens f\u00f8rste symfoni p\u00e5 over 10 \u00e5r. Originaliteten i Beethovens skaperverk beh\u00f8ver knapt understrekes, ei heller den innvirkning dette verket har hatt p\u00e5 senere komponister. Selv om inkluderingen av vokale elementer ikke har blitt standard i den symfoniske formen, har store symfonikere fra Mendelssohn til Mahler og Sjostakovitsj likefullt tatt med seg bruken av tekst i symfonisk musikk \u2013 ogs\u00e5 for \u00e5  klargj\u00f8re en programmatisk eller filosofisk intensjon for lytteren.<\/p>\n<p><!--more--><\/p>\n<p>Hovedtemaet, med tekst fra Schillers \u2019Ode til gleden\u2019 i den siste satsen av Beethovens niende symfoni kunne knapt v\u00e6rt mer kjent enn det er i dag. P\u00e5 denne tiende utgivelsen i sin serie med Beethovens komplette orkestermusikk lar Thomas Dausgaard og det Svenske Kammerorkesteret tennene synke inn i den mest velkjente av alle symfonier. Resultatet er b\u00e5de forfriskende, opplysende og engasjerende.<\/p>\n<h4>Skandinavisk \u00e9lan<\/h4>\n<p>Thomas Dausgaard og Svenska Kammarorkestern, med den briljante Boris Berezovsky som solist i klaverkonsertene, har mottatt priser og fremragende kritikker for sin serie med Beethovens komplette orkestermusikk. P\u00e5 denne utgivelsen bidrar ogs\u00e5 ledende vokalsolister fra Sverige og Danmark, pluss DR Vokalensemble og Kor \u2013 og deres fremf\u00f8relse av Korsymfonien bringer serien til et nytt h\u00f8ydepunkt.<\/p>\n<h4>Den niende symfonien<\/h4>\n<p>Den niende var Beethovens f\u00f8rste symfoni p\u00e5 over 10 \u00e5r. Originaliteten i Beethovens skaperverk beh\u00f8ver knapt understrekes, ei heller den innvirkning dette verket har hatt p\u00e5 senere komponister. Selv om inkluderingen av vokale elementer ikke har blitt standard i den symfoniske formen, har store symfonikere fra Mendelssohn til Mahler og Sjostakovitsj likefullt tatt med seg bruken av tekst i symfonisk musikk \u2013 ogs\u00e5 for \u00e5  klargj\u00f8re en programmatisk eller filosofisk intensjon for lytteren.<\/p>\n<h4>Die Weihe des Hauses og Gratulations-Menuett<\/h4>\n<p>Gratulasjonsmenuetten ble opprinnelig skisset som en sats i den planlagte Tiende Symfonien, f\u00f8r Beethoven bestemte seg for \u00e5 bruke den som en hyllest til sin impresario Hensler. Beethoven fors\u00f8kte uten hell \u00e5 f\u00e5 verket trykket, det ble f\u00f8rst tilgjengelig i 1833. Die Weihe des Hauses ble presentert som enkeltst\u00e5ende overtyre p\u00e5 den ber\u00f8mte konserten 7. Mai 1824 i Wien, der den niende symfonien hadde sin urpremiere.<\/p>\n<p><\/p>","protected":false},"excerpt":{"rendered":"<p>Dausgaard og orkestret har leveret en imponerede kraftpr\u00e6station. [Politiken]<\/p>\n","protected":false},"featured_media":27683,"comment_status":"closed","ping_status":"open","template":"","meta":[],"product_brand":[],"product_cat":[180],"product_tag":[],"class_list":{"0":"post-449","1":"product","2":"type-product","3":"status-publish","4":"has-post-thumbnail","6":"product_cat-simax-classics","7":"product_shipping_class-cddvd-shipping","8":"uni_artist_tag-andrew-keener","9":"uni_artist_tag-dr-vocal-ensemble-and-choir","10":"uni_artist_tag-inger-dam-jensen","11":"uni_artist_tag-karl-magnus-fredriksson","12":"uni_artist_tag-lars-cleveman","13":"uni_artist_tag-lilli-paasikivi","14":"uni_artist_tag-ludwig-van-beethoven","15":"uni_artist_tag-swedish-chamber-orchestra-orebro","16":"uni_artist_tag-thomas-dausgaard","17":"uni_main_artist_tag-swedish-chamber-orchestra-orebro","18":"uni_artist_genre-beethoven-complete-orchestral-works","19":"uni_artist_genre-choir","20":"uni_artist_genre-classical","21":"uni_artist_genre-orchestral","23":"first","24":"outofstock","25":"taxable","26":"shipping-taxable","27":"product-type-simple"},"_links":{"self":[{"href":"https:\/\/grappa.no\/no\/wp-json\/wp\/v2\/product\/449","targetHints":{"allow":["GET"]}}],"collection":[{"href":"https:\/\/grappa.no\/no\/wp-json\/wp\/v2\/product"}],"about":[{"href":"https:\/\/grappa.no\/no\/wp-json\/wp\/v2\/types\/product"}],"replies":[{"embeddable":true,"href":"https:\/\/grappa.no\/no\/wp-json\/wp\/v2\/comments?post=449"}],"wp:featuredmedia":[{"embeddable":true,"href":"https:\/\/grappa.no\/no\/wp-json\/wp\/v2\/media\/27683"}],"wp:attachment":[{"href":"https:\/\/grappa.no\/no\/wp-json\/wp\/v2\/media?parent=449"}],"wp:term":[{"taxonomy":"product_brand","embeddable":true,"href":"https:\/\/grappa.no\/no\/wp-json\/wp\/v2\/product_brand?post=449"},{"taxonomy":"product_cat","embeddable":true,"href":"https:\/\/grappa.no\/no\/wp-json\/wp\/v2\/product_cat?post=449"},{"taxonomy":"product_tag","embeddable":true,"href":"https:\/\/grappa.no\/no\/wp-json\/wp\/v2\/product_tag?post=449"}],"curies":[{"name":"wp","href":"https:\/\/api.w.org\/{rel}","templated":true}]}}

<p></p>
<p>Til Gleden!</p>
<p>Hovedtemaet, med tekst fra Schillers ‘Ode til gleden’ i den siste satsen av Beethovens niende symfoni kunne knapt vært mer kjent enn det er i dag. På denne tiende utgivelsen i sin serie med Beethovens komplette orkestermusikk lar Thomas Dausgaard og det Svenske Kammerorkesteret tennene synke inn i den mest velkjente av alle symfonier. Resultatet er både forfriskende, opplysende og engasjerende.</p>
<p>Thomas Dausgaard og Svenska Kammarorkestern, med den briljante Boris Berezovsky som solist i klaverkonsertene, har mottatt priser og fremragende kritikker for sin serie med Beethovens komplette orkestermusikk. På denne utgivelsen bidrar også ledende vokalsolister fra Sverige og Danmark, pluss DR Vokalensemble og Kor – og deres fremførelse av Korsymfonien bringer serien til et nytt høydepunkt.</p>
<p>Den niende var Beethovens første symfoni på over 10 år. Originaliteten i Beethovens skaperverk behøver knapt understrekes, ei heller den innvirkning dette verket har hatt på senere komponister. Selv om inkluderingen av vokale elementer ikke har blitt standard i den symfoniske formen, har store symfonikere fra Mendelssohn til Mahler og Sjostakovitsj likefullt tatt med seg bruken av tekst i symfonisk musikk – også for å  klargjøre en programmatisk eller filosofisk intensjon for lytteren.</p>
<p><!--more--></p>
<p>Hovedtemaet, med tekst fra Schillers ’Ode til gleden’ i den siste satsen av Beethovens niende symfoni kunne knapt vært mer kjent enn det er i dag. På denne tiende utgivelsen i sin serie med Beethovens komplette orkestermusikk lar Thomas Dausgaard og det Svenske Kammerorkesteret tennene synke inn i den mest velkjente av alle symfonier. Resultatet er både forfriskende, opplysende og engasjerende.</p>
<h4>Skandinavisk élan</h4>
<p>Thomas Dausgaard og Svenska Kammarorkestern, med den briljante Boris Berezovsky som solist i klaverkonsertene, har mottatt priser og fremragende kritikker for sin serie med Beethovens komplette orkestermusikk. På denne utgivelsen bidrar også ledende vokalsolister fra Sverige og Danmark, pluss DR Vokalensemble og Kor – og deres fremførelse av Korsymfonien bringer serien til et nytt høydepunkt.</p>
<h4>Den niende symfonien</h4>
<p>Den niende var Beethovens første symfoni på over 10 år. Originaliteten i Beethovens skaperverk behøver knapt understrekes, ei heller den innvirkning dette verket har hatt på senere komponister. Selv om inkluderingen av vokale elementer ikke har blitt standard i den symfoniske formen, har store symfonikere fra Mendelssohn til Mahler og Sjostakovitsj likefullt tatt med seg bruken av tekst i symfonisk musikk – også for å  klargjøre en programmatisk eller filosofisk intensjon for lytteren.</p>
<h4>Die Weihe des Hauses og Gratulations-Menuett</h4>
<p>Gratulasjonsmenuetten ble opprinnelig skisset som en sats i den planlagte Tiende Symfonien, før Beethoven bestemte seg for å bruke den som en hyllest til sin impresario Hensler. Beethoven forsøkte uten hell å få verket trykket, det ble først tilgjengelig i 1833. Die Weihe des Hauses ble presentert som enkeltstående overtyre på den berømte konserten 7. Mai 1824 i Wien, der den niende symfonien hadde sin urpremiere.</p>
<p></p>

<p>Dausgaard og orkestret har leveret en imponerede kraftpræstation. [Politiken]</p>
