{"id":433,"date":"2003-05-19T00:00:00","date_gmt":"2003-05-18T23:00:00","guid":{"rendered":"http:\/\/www.grappa.no\/albums\/uncategorized\/waldabendlust\/"},"modified":"2019-02-22T15:56:26","modified_gmt":"2019-02-22T14:56:26","slug":"waldabendlust","status":"publish","type":"product","link":"https:\/\/grappa.no\/no\/albums\/simax-classics\/waldabendlust\/","title":{"rendered":"Waldabendlust"},"content":{"rendered":"<p><\/p>\n<p>Isa Gerickes CD-debut!<\/p>\n<p>Det er ekte romantisk v\u00e5rstemning av edel \u00e5rgang som klinger p\u00e5 debututgivelsen til Isa Katharina Gericke og pianisten Sveinung Bjelland. Tyske poeter tonesatt av norske komponister er et spennende omr\u00e5de som disse to har utforsket grundig; Isa med intet mindre enn et hovedfag i emnet. Men det er det ikke studier du tenker p\u00e5 n\u00e5r du h\u00f8rer resultatet; dette er de helt store f\u00f8lelser formet i ytterst elegante og v\u00e5ryre gester. Med sin tyskspr\u00e5klige bakgrunn turnerer Isa spr\u00e5ket perfekt, og fargespekteret i stemmen hennes rommer alle de nyanser som musikken krever. Sangene h\u00f8res rett og slett ut som om de er skrevet spesielt for Isa Katharina Gericke! Og n\u00e5r pianisten er s\u00e5 dyktig og deltagende som Sveinung Bjelland, blir opplevelsen komplett.<\/p>\n<p>I en s\u00e6rstilling p\u00e5 utgivelsen st\u00e5r den f\u00f8rste innspillingen av Ludvig Irgens-Jensens opprinnelige Japanischer Fr\u00fchling (op.2), for sopran med klaverakkompagnement. Sammen med komponistens s\u00f8nn har Sveinung Bjelland rekonstruert den originale klaverstemmen, og resultatet er en meget transparent og betagende versjon av denne etter hvert s\u00e5 ber\u00f8mte sangsyklusen.<\/p>\n<p><!--more--><\/p>\n<h4><\/h4>\n<\/p>\n<h4><\/h4>\n<p><h4><\/h4>\n<\/p>\n<p><\/p>","protected":false},"excerpt":{"rendered":"<p>Utvalgte sanger av Halfdan Kj\u00e6rulf, Agathe Backer Gr\u00f8ndahl, Otto Winter Hjelm og hele Ludvig Irgens-Jensens Japanischer Fr\u00fchling<\/p>\n","protected":false},"featured_media":27609,"comment_status":"closed","ping_status":"open","template":"","meta":[],"product_brand":[],"product_cat":[180],"product_tag":[],"class_list":{"0":"post-433","1":"product","2":"type-product","3":"status-publish","4":"has-post-thumbnail","6":"product_cat-simax-classics","7":"product_shipping_class-cddvd-shipping","8":"uni_artist_tag-agathe-backer-grondahl","9":"uni_artist_tag-halfdan-kjerulf","10":"uni_artist_tag-isa-katarina-gericke","11":"uni_artist_tag-ludvig-irgens-jensen","12":"uni_artist_tag-otto-winther-hjelm","13":"uni_artist_tag-sveinung-bjelland","14":"uni_artist_tag-tony-harrison","15":"uni_main_artist_tag-isa-katarina-gericke","16":"uni_artist_genre-lieder","17":"uni_artist_genre-song","18":"uni_artist_genre-world-premiere-recording","19":"uni_artist_genre-young-norwegian","21":"first","22":"instock","23":"taxable","24":"shipping-taxable","25":"purchasable","26":"product-type-simple"},"_links":{"self":[{"href":"https:\/\/grappa.no\/no\/wp-json\/wp\/v2\/product\/433","targetHints":{"allow":["GET"]}}],"collection":[{"href":"https:\/\/grappa.no\/no\/wp-json\/wp\/v2\/product"}],"about":[{"href":"https:\/\/grappa.no\/no\/wp-json\/wp\/v2\/types\/product"}],"replies":[{"embeddable":true,"href":"https:\/\/grappa.no\/no\/wp-json\/wp\/v2\/comments?post=433"}],"wp:featuredmedia":[{"embeddable":true,"href":"https:\/\/grappa.no\/no\/wp-json\/wp\/v2\/media\/27609"}],"wp:attachment":[{"href":"https:\/\/grappa.no\/no\/wp-json\/wp\/v2\/media?parent=433"}],"wp:term":[{"taxonomy":"product_brand","embeddable":true,"href":"https:\/\/grappa.no\/no\/wp-json\/wp\/v2\/product_brand?post=433"},{"taxonomy":"product_cat","embeddable":true,"href":"https:\/\/grappa.no\/no\/wp-json\/wp\/v2\/product_cat?post=433"},{"taxonomy":"product_tag","embeddable":true,"href":"https:\/\/grappa.no\/no\/wp-json\/wp\/v2\/product_tag?post=433"}],"curies":[{"name":"wp","href":"https:\/\/api.w.org\/{rel}","templated":true}]}}

<p></p>
<p>Isa Gerickes CD-debut!</p>
<p>Det er ekte romantisk vårstemning av edel årgang som klinger på debututgivelsen til Isa Katharina Gericke og pianisten Sveinung Bjelland. Tyske poeter tonesatt av norske komponister er et spennende område som disse to har utforsket grundig; Isa med intet mindre enn et hovedfag i emnet. Men det er det ikke studier du tenker på når du hører resultatet; dette er de helt store følelser formet i ytterst elegante og våryre gester. Med sin tyskspråklige bakgrunn turnerer Isa språket perfekt, og fargespekteret i stemmen hennes rommer alle de nyanser som musikken krever. Sangene høres rett og slett ut som om de er skrevet spesielt for Isa Katharina Gericke! Og når pianisten er så dyktig og deltagende som Sveinung Bjelland, blir opplevelsen komplett.</p>
<p>I en særstilling på utgivelsen står den første innspillingen av Ludvig Irgens-Jensens opprinnelige Japanischer Frühling (op.2), for sopran med klaverakkompagnement. Sammen med komponistens sønn har Sveinung Bjelland rekonstruert den originale klaverstemmen, og resultatet er en meget transparent og betagende versjon av denne etter hvert så berømte sangsyklusen.</p>
<p><!--more--></p>
<h4></h4>
</p>
<h4></h4>
<p><h4></h4>
</p>
<p></p>

<p>Utvalgte sanger av Halfdan Kjærulf, Agathe Backer Grøndahl, Otto Winter Hjelm og hele Ludvig Irgens-Jensens Japanischer Frühling</p>
