{"id":42081,"date":"2025-02-24T21:22:31","date_gmt":"2025-02-24T20:22:31","guid":{"rendered":"https:\/\/grappa.no\/?post_type=product&#038;p=42081"},"modified":"2025-02-24T21:22:31","modified_gmt":"2025-02-24T20:22:31","slug":"tagal","status":"publish","type":"product","link":"https:\/\/grappa.no\/no\/albums\/heilo\/tagal\/","title":{"rendered":"Tagal"},"content":{"rendered":"<p><\/p>\n<p style=\"font-weight: 400;\"><strong>Tagal er vokalgruppen Kvedarkvintettens tredje album, med musikk komponert av Jorun Marie Rypdal Kvernberg. Tagal kan oversettes til \u00e5 tie stille, v\u00e6re taus eller ordl\u00f8s, og verket utfordrer rammene for vokalmusikk ved at tekstelementene er s\u00e5 godt som frav\u00e6rende. Verket ble urfremf\u00f8rt under F\u00f8rdefestivalen i 2021, og kommer n\u00e5 endelig ut p\u00e5 CD og digitalt. <\/strong><\/p>\n<p style=\"font-weight: 400;\"><strong>\u00a0<\/strong><\/p>\n<p style=\"font-weight: 400;\">Jorun Marie Rypdal Kvernberg forteller:<\/p>\n<p style=\"font-weight: 400;\">Fascinasjonen over folkesongarar i samsong har f\u00f8lgt meg heilt sidan eg var ung student. Platene med vokalgruppene Tiriltunga og Dvergm\u00e5l gjekk om att og om att: &#8211; korleis\u00a0 kunne stemmene ligge s\u00e5 tett utan \u00e5 lage skjerande dissonansar, og korleis kunne desse h\u00f8gt personlege stemmene smelte s\u00e5 godt saman? Det var mystisk og sj\u00f8lvsagt p\u00e5 same tid. Og alltid har eg lengta etter \u00e5 f\u00e5 skape noko i dette landskapet. Det var utgangspunktet for verket Tagal.<\/p>\n<p style=\"font-weight: 400;\">D\u00e5 eg fann ut at Kvedarkvintetten gjerne ville ta i mot musikk komponert av meg, la eg gledeleg ut p\u00e5 ei reise. Utgangspunktet var inspirasjonen fr\u00e5 det eg tidlegare hadde h\u00f8yrt av folkemusikalsk samsong, men eg hadde ogs\u00e5 eit \u00f8nske \u00e5 ta Kvedarkvintetten med ut i andre og kanskje nye landskap.<\/p>\n<p style=\"font-weight: 400;\">Temaet ordlaus song og tittelen Tagal vaks fram i samtalar. Som felespelar har eg alltid misunnt songarane som har nettopp songteksta \u00e5 lene seg til, ei historie som gir musikken ei ekstra meining, handling og framdrift og ei openbar moglegheit for \u00e5 f\u00e5 med seg publikum. Men desse songarane dr\u00f8ymde om det omvendte: \u00e5 ogs\u00e5 f\u00e5 vere formidlarar av musikk heilt utan ei tekst som skulle st\u00e5 fremst og styre alle val. Som framifr\u00e5 instrumentalistar og dansarar i tillegg til \u00e5 vere songarar har Kvedarkvintetten hatt ein heilt eigen f\u00f8resetnad for \u00e5 f\u00e5 til nettopp dette.<\/p>\n<p style=\"font-weight: 400;\">\u201cI 2020 vart vi kontakta av Jorun Marie Rypdal Kvernberg med sp\u00f8rsm\u00e5l om vi var interesserte i eit verk komponert til oss som kvintett, noko som sj\u00f8lvsagt var veldig stas.\u201d \u2013 forteller Kvedarkvintetten og utdyper videre:<\/p>\n<p style=\"font-weight: 400;\">Fram til dette samarbeidet har materialet v\u00e5rt hatt sitt utspring i songtradisjonen i Hallingdal, med nesten utelukkande tradisjonelt stoff, som vi har arrangert i v\u00e5r eigen stil. Det \u00e5 skulle tileigne seg materiale spesialkomponert til Kvedarkvintetten var b\u00e5de utfordrande og gav oss ny inspirasjon. Jorun Marie gav oss verket i noteform og lydopptak. Vi las og lytta, og forma det til v\u00e5rt uttrykk med tralleord og rytmikk, frasering og stil.<\/p>\n<p style=\"font-weight: 400;\">Urfarmf\u00f8ringa fann stad p\u00e5 F\u00f8rdefestivalen i 2021, etterfulgt av fleire konsertar i \u00e5ret som kom. Seinare kom \u00f8nsket om \u00e5 forevige verket, og no er plata endeleg her &#8211; om lag fire \u00e5r etter.<\/p>\n<p style=\"font-weight: 400;\">D\u00e5 vi skulle spele inn Tagal, ynskte vi \u00e5 vidareutvikle verket ved \u00e5 gjere det meir til v\u00e5rt eige og tilf\u00f8re nye element. Martin Langlie kom inn i prosjektet med originale idear og brei erfaring, og samarbeidet med han var inspirerande og utviklande for oss som gruppe. Resultatet vart denne versjonen av Tagal. God lytting!<\/p>\n<p>&nbsp;<\/p>\n<p>","protected":false},"excerpt":{"rendered":"<p style=\"font-weight: 400;\"><strong>Tagal er vokalgruppen Kvedarkvintettens tredje album, med musikk komponert av Jorun Marie Rypdal Kvernberg. Tagal kan oversettes til \u00e5 tie stille, v\u00e6re taus eller ordl\u00f8s, og verket utfordrer rammene for vokalmusikk ved at tekstelementene er s\u00e5 godt som frav\u00e6rende.<\/strong><\/p>\n","protected":false},"featured_media":42082,"comment_status":"open","ping_status":"closed","template":"","meta":[],"product_brand":[],"product_cat":[35],"product_tag":[8101],"class_list":{"0":"post-42081","1":"product","2":"type-product","3":"status-publish","4":"has-post-thumbnail","6":"product_cat-heilo","7":"product_tag-kvedarkvintetten","8":"product_shipping_class-cddvd-shipping","9":"uni_artist_tag-kvedarkvintetten","10":"uni_main_artist_tag-kvedarkvintetten","11":"uni_artist_genre-folkemusikk","13":"first","14":"instock","15":"taxable","16":"shipping-taxable","17":"purchasable","18":"product-type-simple"},"_links":{"self":[{"href":"https:\/\/grappa.no\/no\/wp-json\/wp\/v2\/product\/42081","targetHints":{"allow":["GET"]}}],"collection":[{"href":"https:\/\/grappa.no\/no\/wp-json\/wp\/v2\/product"}],"about":[{"href":"https:\/\/grappa.no\/no\/wp-json\/wp\/v2\/types\/product"}],"replies":[{"embeddable":true,"href":"https:\/\/grappa.no\/no\/wp-json\/wp\/v2\/comments?post=42081"}],"wp:featuredmedia":[{"embeddable":true,"href":"https:\/\/grappa.no\/no\/wp-json\/wp\/v2\/media\/42082"}],"wp:attachment":[{"href":"https:\/\/grappa.no\/no\/wp-json\/wp\/v2\/media?parent=42081"}],"wp:term":[{"taxonomy":"product_brand","embeddable":true,"href":"https:\/\/grappa.no\/no\/wp-json\/wp\/v2\/product_brand?post=42081"},{"taxonomy":"product_cat","embeddable":true,"href":"https:\/\/grappa.no\/no\/wp-json\/wp\/v2\/product_cat?post=42081"},{"taxonomy":"product_tag","embeddable":true,"href":"https:\/\/grappa.no\/no\/wp-json\/wp\/v2\/product_tag?post=42081"}],"curies":[{"name":"wp","href":"https:\/\/api.w.org\/{rel}","templated":true}]}}

<p></p>
<p style="font-weight: 400;"><strong>Tagal er vokalgruppen Kvedarkvintettens tredje album, med musikk komponert av Jorun Marie Rypdal Kvernberg. Tagal kan oversettes til å tie stille, være taus eller ordløs, og verket utfordrer rammene for vokalmusikk ved at tekstelementene er så godt som fraværende. Verket ble urfremført under Førdefestivalen i 2021, og kommer nå endelig ut på CD og digitalt. </strong></p>
<p style="font-weight: 400;"><strong> </strong></p>
<p style="font-weight: 400;">Jorun Marie Rypdal Kvernberg forteller:</p>
<p style="font-weight: 400;">Fascinasjonen over folkesongarar i samsong har følgt meg heilt sidan eg var ung student. Platene med vokalgruppene Tiriltunga og Dvergmål gjekk om att og om att: &#8211; korleis  kunne stemmene ligge så tett utan å lage skjerande dissonansar, og korleis kunne desse høgt personlege stemmene smelte så godt saman? Det var mystisk og sjølvsagt på same tid. Og alltid har eg lengta etter å få skape noko i dette landskapet. Det var utgangspunktet for verket Tagal.</p>
<p style="font-weight: 400;">Då eg fann ut at Kvedarkvintetten gjerne ville ta i mot musikk komponert av meg, la eg gledeleg ut på ei reise. Utgangspunktet var inspirasjonen frå det eg tidlegare hadde høyrt av folkemusikalsk samsong, men eg hadde også eit ønske å ta Kvedarkvintetten med ut i andre og kanskje nye landskap.</p>
<p style="font-weight: 400;">Temaet ordlaus song og tittelen Tagal vaks fram i samtalar. Som felespelar har eg alltid misunnt songarane som har nettopp songteksta å lene seg til, ei historie som gir musikken ei ekstra meining, handling og framdrift og ei openbar moglegheit for å få med seg publikum. Men desse songarane drøymde om det omvendte: å også få vere formidlarar av musikk heilt utan ei tekst som skulle stå fremst og styre alle val. Som framifrå instrumentalistar og dansarar i tillegg til å vere songarar har Kvedarkvintetten hatt ein heilt eigen føresetnad for å få til nettopp dette.</p>
<p style="font-weight: 400;">“I 2020 vart vi kontakta av Jorun Marie Rypdal Kvernberg med spørsmål om vi var interesserte i eit verk komponert til oss som kvintett, noko som sjølvsagt var veldig stas.” – forteller Kvedarkvintetten og utdyper videre:</p>
<p style="font-weight: 400;">Fram til dette samarbeidet har materialet vårt hatt sitt utspring i songtradisjonen i Hallingdal, med nesten utelukkande tradisjonelt stoff, som vi har arrangert i vår eigen stil. Det å skulle tileigne seg materiale spesialkomponert til Kvedarkvintetten var både utfordrande og gav oss ny inspirasjon. Jorun Marie gav oss verket i noteform og lydopptak. Vi las og lytta, og forma det til vårt uttrykk med tralleord og rytmikk, frasering og stil.</p>
<p style="font-weight: 400;">Urfarmføringa fann stad på Førdefestivalen i 2021, etterfulgt av fleire konsertar i året som kom. Seinare kom ønsket om å forevige verket, og no er plata endeleg her &#8211; om lag fire år etter.</p>
<p style="font-weight: 400;">Då vi skulle spele inn Tagal, ynskte vi å vidareutvikle verket ved å gjere det meir til vårt eige og tilføre nye element. Martin Langlie kom inn i prosjektet med originale idear og brei erfaring, og samarbeidet med han var inspirerande og utviklande for oss som gruppe. Resultatet vart denne versjonen av Tagal. God lytting!</p>
<p>&nbsp;</p>
<p>

<p style="font-weight: 400;"><strong>Tagal er vokalgruppen Kvedarkvintettens tredje album, med musikk komponert av Jorun Marie Rypdal Kvernberg. Tagal kan oversettes til å tie stille, være taus eller ordløs, og verket utfordrer rammene for vokalmusikk ved at tekstelementene er så godt som fraværende.</strong></p>
