{"id":42048,"date":"2025-01-24T13:48:48","date_gmt":"2025-01-24T12:48:48","guid":{"rendered":"https:\/\/grappa.no\/?post_type=product&#038;p=42048"},"modified":"2025-01-24T13:48:48","modified_gmt":"2025-01-24T12:48:48","slug":"and-now","status":"publish","type":"product","link":"https:\/\/grappa.no\/no\/albums\/grappa\/and-now\/","title":{"rendered":"And Now"},"content":{"rendered":"<p><\/p>\n<p style=\"font-weight: 400;\">Kjetil Mulelid Trio er en akustisk pianotrio som siden oppstarten i 2016 har hatt en omfattende konsertvirksomhet i store deler av Europa, Canada og Japan, samt sluppet tre kritikerroste album. I 2017 ga de ut sitt debutalbum &#8220;Not Nearly Enough To Buy A House&#8221;, som ga internasjonal anerkjennelse med omtaler verden over. De fortsatte med deres oppf\u00f8lger i 2019 &#8220;What You Thought Was Home&#8221;, hvor Jazz Journal ga dem en 5\/5-vurdering og kalte den &#8220;noen av de mest fengslende musikk jeg har h\u00f8rt\u00bb, og i 2022 kom deres tredje album &#8220;Who Do You Love the Most?&#8221;, som avisene i Norge stod i k\u00f8 for \u00e5 hylle. &#8220;Elitedivisjonen i moderne pianotriojazz&#8221; mente Dagens N\u00e6ringsliv, Dag og Tid mente det var &#8220;heilskapleg og vellukka&#8221;, og Morgenbladet utbr\u00f8t rett og slett at det var &#8220;definisjon p\u00e5 begrepet kvalitetstid\u00bb.<\/p>\n<p style=\"font-weight: 400;\">Pianotrioen best\u00e5r av noen av Norges mest spennende jazzmusikere, med medlemmer som er sterkt involvert i andre prosjekter som Morgonrode, Wako, Siril Malmedal Hauge og Fra det onde. I trioen er fokuset imidlertid redusert til den klassiske akustiske pianotrioen med Mulelid sine forf\u00f8rende komposisjoner som balanserer energisk samspill, rytmisk kompleks og harmonisk rik musikk, med melodiske stemningsfulle melodier. Med et utforskende blikk p\u00e5 musikken, maner de frem ytterligere lag, toner og teksturer i et improvisert samspill, med det m\u00e5l om \u00e5 skape musikalsk magi.<\/p>\n<p>Syvende februar 2025 er Kjetil Mulelid Trio klare med sitt fjerde album, And Now, og Kjetil forteller:<\/p>\n<ul>\n<li><em>Pianotrioen har alltid st\u00e5tt mitt hjerte sv\u00e6rt n\u00e6r. I ungdoms\u00e5rene var dette formatet p\u00e5 mange m\u00e5ter det som f\u00f8rte meg inn i jazzmusikken da jeg fikk h\u00f8re blant annet Jarrett og Evans sine\u00a0ikoniske trioer, samt de mange nordiske forbildene jeg etterhvert fikk i dypdykket.\u00a0Det er noe med formatet som for meg f\u00f8les som den ultimate settingen for pianoet i en jazz og improvisasjonssetting. Med et godt samspill er muligheten for at alle tre har nok plass b\u00e5de med tanke p\u00e5 frekvens og\u00a0register,\u00a0og hvilke roller som skal fylles, slik at musikken kan f\u00e5 fritt spillerom og synge. Pianoet f\u00e5r stor plass til b\u00e5de \u00e5 fargelegge med harmonier og melodier, samtidig som bass og trommer f\u00e5r rom til \u00e5 forsterke l\u00e5ten eller fylle det som m\u00e5tte mangle. <\/em><\/li>\n<\/ul>\n<p style=\"font-weight: 400;\">Besetningen har f\u00e5tt en endring, med Rune Nergaard p\u00e5 kontrabass. Kjetil Mulelid avslutter med \u00e5 fortelle om nytt musikalsk giv, med nye impulser i trioen:<\/p>\n<p style=\"font-weight: 400;\"><em>\u00a0<\/em><\/p>\n<ul>\n<li><em>\u00abAnd Now\u00bb er v\u00e5rt f\u00f8rste album med Rune p\u00e5 bass.\u00a0Da Bj\u00f8rn Marius \u00f8nsket \u00e5 skifte fokus i livet etter mange fine \u00e5r, var jeg sv\u00e6rt usikker p\u00e5 veien videre for trioen. Den tanken fikk en annen tone da jeg h\u00f8rte Rune spille kontrabass p\u00e5 Bl\u00e5 i Oslo, en februarkveld i 2023. Hans f\u00f8rste konsert p\u00e5 mange \u00e5r hvor han spilte hele konserten p\u00e5 kontrabass, uten at jeg var klar over dette. Bassen sang, og jeg ble rett og slett betatt. Vi m\u00f8ttes noen dager senere og startet \u00e5 improvisere sammen, og Andreas ble med p\u00e5 trommene. Tiden vi hadde holdt\u00a0av, fl\u00f8y avg\u00e5rde i ren spilleglede. Rune har en p\u00e5koblet og utforskende spillem\u00e5te, samtidig som han liker \u00e5 ta melodisk plass. Det har gitt mange nye inspirasjoner b\u00e5de kompositorisk og for samspillet, og musikken p\u00e5 albumet har p\u00e5 mange m\u00e5ter blitt til i prosessen av \u00e5 bli kjent med en slik bassist i trioen.\u00a0Jeg er utrolig stolt av resultatet, og h\u00e5per det faller i smak<\/em>!<\/li>\n<\/ul>\n<p>","protected":false},"excerpt":{"rendered":"<p>Kjetil Mulelid Trio presenterer &#8220;And Now&#8221;, et album med forf\u00f8rende komposisjoner som balanserer energisk samspill, rytmisk kompleks og harmonisk rik musikk, med melodiske stemningsfulle melodier.<\/p>\n","protected":false},"featured_media":42051,"comment_status":"open","ping_status":"closed","template":"","meta":[],"product_brand":[],"product_cat":[6],"product_tag":[8097],"class_list":{"0":"post-42048","1":"product","2":"type-product","3":"status-publish","4":"has-post-thumbnail","6":"product_cat-grappa","7":"product_tag-kjetil-mulelid-trio","8":"product_shipping_class-cddvd-shipping","9":"uni_artist_tag-kjetil-mulelid-trio","10":"uni_main_artist_tag-kjetil-mulelid-trio","11":"uni_artist_genre-contemporary-jazz","12":"uni_artist_genre-jazz","14":"first","15":"instock","16":"taxable","17":"shipping-taxable","18":"purchasable","19":"product-type-variable"},"_links":{"self":[{"href":"https:\/\/grappa.no\/no\/wp-json\/wp\/v2\/product\/42048","targetHints":{"allow":["GET"]}}],"collection":[{"href":"https:\/\/grappa.no\/no\/wp-json\/wp\/v2\/product"}],"about":[{"href":"https:\/\/grappa.no\/no\/wp-json\/wp\/v2\/types\/product"}],"replies":[{"embeddable":true,"href":"https:\/\/grappa.no\/no\/wp-json\/wp\/v2\/comments?post=42048"}],"wp:featuredmedia":[{"embeddable":true,"href":"https:\/\/grappa.no\/no\/wp-json\/wp\/v2\/media\/42051"}],"wp:attachment":[{"href":"https:\/\/grappa.no\/no\/wp-json\/wp\/v2\/media?parent=42048"}],"wp:term":[{"taxonomy":"product_brand","embeddable":true,"href":"https:\/\/grappa.no\/no\/wp-json\/wp\/v2\/product_brand?post=42048"},{"taxonomy":"product_cat","embeddable":true,"href":"https:\/\/grappa.no\/no\/wp-json\/wp\/v2\/product_cat?post=42048"},{"taxonomy":"product_tag","embeddable":true,"href":"https:\/\/grappa.no\/no\/wp-json\/wp\/v2\/product_tag?post=42048"}],"curies":[{"name":"wp","href":"https:\/\/api.w.org\/{rel}","templated":true}]}}

<p></p>
<p style="font-weight: 400;">Kjetil Mulelid Trio er en akustisk pianotrio som siden oppstarten i 2016 har hatt en omfattende konsertvirksomhet i store deler av Europa, Canada og Japan, samt sluppet tre kritikerroste album. I 2017 ga de ut sitt debutalbum &#8220;Not Nearly Enough To Buy A House&#8221;, som ga internasjonal anerkjennelse med omtaler verden over. De fortsatte med deres oppfølger i 2019 &#8220;What You Thought Was Home&#8221;, hvor Jazz Journal ga dem en 5/5-vurdering og kalte den &#8220;noen av de mest fengslende musikk jeg har hørt», og i 2022 kom deres tredje album &#8220;Who Do You Love the Most?&#8221;, som avisene i Norge stod i kø for å hylle. &#8220;Elitedivisjonen i moderne pianotriojazz&#8221; mente Dagens Næringsliv, Dag og Tid mente det var &#8220;heilskapleg og vellukka&#8221;, og Morgenbladet utbrøt rett og slett at det var &#8220;definisjon på begrepet kvalitetstid».</p>
<p style="font-weight: 400;">Pianotrioen består av noen av Norges mest spennende jazzmusikere, med medlemmer som er sterkt involvert i andre prosjekter som Morgonrode, Wako, Siril Malmedal Hauge og Fra det onde. I trioen er fokuset imidlertid redusert til den klassiske akustiske pianotrioen med Mulelid sine forførende komposisjoner som balanserer energisk samspill, rytmisk kompleks og harmonisk rik musikk, med melodiske stemningsfulle melodier. Med et utforskende blikk på musikken, maner de frem ytterligere lag, toner og teksturer i et improvisert samspill, med det mål om å skape musikalsk magi.</p>
<p>Syvende februar 2025 er Kjetil Mulelid Trio klare med sitt fjerde album, And Now, og Kjetil forteller:</p>
<ul>
<li><em>Pianotrioen har alltid stått mitt hjerte svært nær. I ungdomsårene var dette formatet på mange måter det som førte meg inn i jazzmusikken da jeg fikk høre blant annet Jarrett og Evans sine ikoniske trioer, samt de mange nordiske forbildene jeg etterhvert fikk i dypdykket. Det er noe med formatet som for meg føles som den ultimate settingen for pianoet i en jazz og improvisasjonssetting. Med et godt samspill er muligheten for at alle tre har nok plass både med tanke på frekvens og register, og hvilke roller som skal fylles, slik at musikken kan få fritt spillerom og synge. Pianoet får stor plass til både å fargelegge med harmonier og melodier, samtidig som bass og trommer får rom til å forsterke låten eller fylle det som måtte mangle. </em></li>
</ul>
<p style="font-weight: 400;">Besetningen har fått en endring, med Rune Nergaard på kontrabass. Kjetil Mulelid avslutter med å fortelle om nytt musikalsk giv, med nye impulser i trioen:</p>
<p style="font-weight: 400;"><em> </em></p>
<ul>
<li><em>«And Now» er vårt første album med Rune på bass. Da Bjørn Marius ønsket å skifte fokus i livet etter mange fine år, var jeg svært usikker på veien videre for trioen. Den tanken fikk en annen tone da jeg hørte Rune spille kontrabass på Blå i Oslo, en februarkveld i 2023. Hans første konsert på mange år hvor han spilte hele konserten på kontrabass, uten at jeg var klar over dette. Bassen sang, og jeg ble rett og slett betatt. Vi møttes noen dager senere og startet å improvisere sammen, og Andreas ble med på trommene. Tiden vi hadde holdt av, fløy avgårde i ren spilleglede. Rune har en påkoblet og utforskende spillemåte, samtidig som han liker å ta melodisk plass. Det har gitt mange nye inspirasjoner både kompositorisk og for samspillet, og musikken på albumet har på mange måter blitt til i prosessen av å bli kjent med en slik bassist i trioen. Jeg er utrolig stolt av resultatet, og håper det faller i smak</em>!</li>
</ul>
<p>

<p>Kjetil Mulelid Trio presenterer &#8220;And Now&#8221;, et album med forførende komposisjoner som balanserer energisk samspill, rytmisk kompleks og harmonisk rik musikk, med melodiske stemningsfulle melodier.</p>
