{"id":41479,"date":"2024-04-10T13:32:29","date_gmt":"2024-04-10T12:32:29","guid":{"rendered":"https:\/\/grappa.no\/?post_type=product&#038;p=41479"},"modified":"2024-10-08T09:53:32","modified_gmt":"2024-10-08T08:53:32","slug":"vantenatter","status":"publish","type":"product","link":"https:\/\/grappa.no\/no\/albums\/heilo\/vantenatter\/","title":{"rendered":"V\u00e4nten\u00e4tter"},"content":{"rendered":"<p><\/p>\n<p>Med elementer av improvisasjon, stemmef\u00f8ring basert p\u00e5 kontrapunkt og sl\u00e5ttespel p\u00e5 gitar med \u201dfingerstyle\u201d-teknikk har MOJNA utviklet et originalt musikalsk uttrykk. Trioen, tidligere kjent som Eriksson\/Myhr\/Malmstr\u00f6m, fremf\u00f8rer nykomponert folkemusikk og ble i 2022 k\u00e5ret til \u00ab\u00c5rets instrumentalband\u00bb av Lira Musikmagasin. MOJNAs debutalbum \u00abF\u00f6r Sola Skin&#8217; P\u00e5 Tak\u00bb ble utgitt i september 2022 og ble nominert til \u00ab\u00c5rets utgivelse\u00bb p\u00e5 Folk &amp; V\u00e4rldsmusikgalan og p\u00e5 Manifestgalan 2023.\u00a0Siden den gang har de spilt flerforldige konserter, og blitt en enda mer samspilt trio med et tydeligere musikalsk uttrykk, noe som reflekteres p\u00e5 deres nye album \u201cV\u00e4nten\u00e4tter\u201d.<\/p>\n<p>","protected":false},"excerpt":{"rendered":"<p>Med elementer av improvisasjon, stemmef\u00f8ring basert p\u00e5 kontrapunkt og sl\u00e5ttespel p\u00e5 gitar med \u201dfingerstyle\u201d-teknikk har MOJNA utviklet et originalt musikalsk uttrykk. Trioen, tidligere kjent som Eriksson\/Myhr\/Malmstr\u00f6m, fremf\u00f8rer nykomponert folkemusikk og ble i 2022 k\u00e5ret til \u00ab\u00c5rets instrumentalband\u00bb av Lira Musikmagasin. MOJNAs debutalbum \u00abF\u00f6r Sola Skin&#8217; P\u00e5 Tak\u00bb ble utgitt i september 2022 og ble nominert til \u00ab\u00c5rets utgivelse\u00bb p\u00e5 Folk &amp; V\u00e4rldsmusikgalan og p\u00e5 Manifestgalan 2023.\u00a0Siden den gang har de spilt flerforldige konserter, og blitt en enda mer samspilt trio med et tydeligere musikalsk uttrykk, noe som reflekteres p\u00e5 deres nye album \u201cV\u00e4nten\u00e4tter\u201d.<\/p>\n","protected":false},"featured_media":41480,"comment_status":"open","ping_status":"closed","template":"","meta":[],"product_brand":[],"product_cat":[35],"product_tag":[8019,8020],"class_list":{"0":"post-41479","1":"product","2":"type-product","3":"status-publish","4":"has-post-thumbnail","6":"product_cat-heilo","7":"product_tag-mojna","8":"product_tag-vantenatter","9":"product_shipping_class-cddvd-shipping","10":"uni_artist_tag-anna-malmstrom","11":"uni_artist_tag-helga-myhr","12":"uni_artist_tag-thomas-eriksson","13":"uni_main_artist_tag-mojna","14":"uni_artist_genre-folk","15":"uni_artist_genre-traditional","17":"first","18":"instock","19":"taxable","20":"shipping-taxable","21":"purchasable","22":"product-type-simple"},"_links":{"self":[{"href":"https:\/\/grappa.no\/no\/wp-json\/wp\/v2\/product\/41479","targetHints":{"allow":["GET"]}}],"collection":[{"href":"https:\/\/grappa.no\/no\/wp-json\/wp\/v2\/product"}],"about":[{"href":"https:\/\/grappa.no\/no\/wp-json\/wp\/v2\/types\/product"}],"replies":[{"embeddable":true,"href":"https:\/\/grappa.no\/no\/wp-json\/wp\/v2\/comments?post=41479"}],"wp:featuredmedia":[{"embeddable":true,"href":"https:\/\/grappa.no\/no\/wp-json\/wp\/v2\/media\/41480"}],"wp:attachment":[{"href":"https:\/\/grappa.no\/no\/wp-json\/wp\/v2\/media?parent=41479"}],"wp:term":[{"taxonomy":"product_brand","embeddable":true,"href":"https:\/\/grappa.no\/no\/wp-json\/wp\/v2\/product_brand?post=41479"},{"taxonomy":"product_cat","embeddable":true,"href":"https:\/\/grappa.no\/no\/wp-json\/wp\/v2\/product_cat?post=41479"},{"taxonomy":"product_tag","embeddable":true,"href":"https:\/\/grappa.no\/no\/wp-json\/wp\/v2\/product_tag?post=41479"}],"curies":[{"name":"wp","href":"https:\/\/api.w.org\/{rel}","templated":true}]}}

Väntenätter

<p></p>
<p>Med elementer av improvisasjon, stemmeføring basert på kontrapunkt og slåttespel på gitar med ”fingerstyle”-teknikk har MOJNA utviklet et originalt musikalsk uttrykk. Trioen, tidligere kjent som Eriksson/Myhr/Malmström, fremfører nykomponert folkemusikk og ble i 2022 kåret til «Årets instrumentalband» av Lira Musikmagasin. MOJNAs debutalbum «För Sola Skin&#8217; På Tak» ble utgitt i september 2022 og ble nominert til «Årets utgivelse» på Folk &amp; Världsmusikgalan og på Manifestgalan 2023. Siden den gang har de spilt flerforldige konserter, og blitt en enda mer samspilt trio med et tydeligere musikalsk uttrykk, noe som reflekteres på deres nye album “Väntenätter”.</p>
<p>

<p>Med elementer av improvisasjon, stemmeføring basert på kontrapunkt og slåttespel på gitar med ”fingerstyle”-teknikk har MOJNA utviklet et originalt musikalsk uttrykk. Trioen, tidligere kjent som Eriksson/Myhr/Malmström, fremfører nykomponert folkemusikk og ble i 2022 kåret til «Årets instrumentalband» av Lira Musikmagasin. MOJNAs debutalbum «För Sola Skin&#8217; På Tak» ble utgitt i september 2022 og ble nominert til «Årets utgivelse» på Folk &amp; Världsmusikgalan og på Manifestgalan 2023. Siden den gang har de spilt flerforldige konserter, og blitt en enda mer samspilt trio med et tydeligere musikalsk uttrykk, noe som reflekteres på deres nye album “Väntenätter”.</p>
