{"id":41434,"date":"2024-03-27T20:43:36","date_gmt":"2024-03-27T19:43:36","guid":{"rendered":"https:\/\/grappa.no\/?post_type=product&#038;p=41434"},"modified":"2024-03-27T21:02:08","modified_gmt":"2024-03-27T20:02:08","slug":"i-tatersymfoni","status":"publish","type":"product","link":"https:\/\/grappa.no\/no\/albums\/heilo\/i-tatersymfoni\/","title":{"rendered":"I Tatersymfoni"},"content":{"rendered":"<p><\/p>\n<p>I anledning den internasjonale romdagen den 8.april, slipper Elias og Veronica Akselsen en helt unik innspilling i samarbeid med Kringkastingsorkestret, Giani Lincan, Ola Kvernberg og Stian Carstensen.<\/p>\n<p><!--more--><\/p>\n<p>Elias og Veronica tilh\u00f8rer et folk som var Norges f\u00f8rste innvandrere. Den f\u00f8rste person av romaniavstamning kom til Norge i 1499. Siden den gang har taternes musikk stort sett v\u00e6rt en kulturskatt som har v\u00e6rt ut\u00f8vd i egne rekker, mye fordi taterne antok at denne musikken var<br \/>\nnoe vi andre ikke ville like. Tar man i betraktning hvilken holdning den norske stat har hatt til det meste som har hatt med taternes kultur \u00e5 gj\u00f8re, er dette en naturlig antagelse. Kulturen skulle tilintetgj\u00f8res, taterne ble frar\u00f8vet barn, spr\u00e5k og musikk, og internert i straffeanstalter i tillegg til at det ogs\u00e5 forekom tvangssterilisering og lobotomi.<\/p>\n<p>I dag er vi s\u00e5 heldige at vi kan h\u00f8re to av de beste tradisjonsb\u00e6rerne innen tatermusikken i samspill med KORK, Giani Lincan, Ola Kvernberg og Stian Carstensen. Denne innspillingen er historisk da det er f\u00f8rste gang i verdenshistorien at tatermusikk er arrangert og innspilt med et klassisk orkester! Vi er glade for at Elias og Veronica \u00f8ser ut av sine rikholdige kilder og deler den sterke, personlige og r\u00f8rende musikken med oss, de er begge professorer innen noe man ikke kan f\u00e5 papirer p\u00e5!<\/p>\n<p>Innspillingen ble gjort den 10.november 2023 i Store Studio, under en forrykende og vakker konsert foran et begeistret publikum. Med Helge Sundes orkesterarrangement og de musikalske bidragene og arrangementene fra Stian Carstensen, Ola Kvernberg og Giani Lincan, gir denne utgivelsen et nytt perspektiv p\u00e5 de tidl\u00f8se melodiene som har blitt bevart innenfor taterfellesskapet.<br \/>\n&#8220;I tatersymfoni&#8221; er ikke bare en musikalsk opplevelse, det er ogs\u00e5 en historisk fortelling om motstand, overlevelse og kulturell arv. Elias og Veronica Akselsen, begge anerkjente tradisjonsb\u00e6rere og professorer innen sin kunst, bringer sin sterke personlige tilstedev\u00e6relse til denne unike utgivelsen.<\/p>\n<p>","protected":false},"excerpt":{"rendered":"<p>I anledning den internasjonale romdagen den 8.april, slipper Elias og Veronica Akselsen en helt unik innspilling i samspill med KORK, Giani Lincan, Ola Kvernberg og Stian Carstensen.<br \/>\nElias og Veronica Akselsen er to av de beste tradisjonsb\u00e6rerne innen tatermusikken og denne innspillingen er historisk da det er f\u00f8rste gang i verdenshistorien at tatermusikk er arrangert og innspilt med et klassisk orkester! Vi er glade for at Elias og Veronica \u00f8ser ut av sine rikholdige kilder og deler den sterke, personlige og r\u00f8rende musikken med oss, de er begge professorer innen noe man ikke kan f\u00e5 papirer p\u00e5!<\/p>\n","protected":false},"featured_media":41435,"comment_status":"open","ping_status":"closed","template":"","meta":[],"product_brand":[],"product_cat":[35],"product_tag":[8002,8007,8003,8006,8005,8004],"class_list":{"0":"post-41434","1":"product","2":"type-product","3":"status-publish","4":"has-post-thumbnail","6":"product_cat-heilo","7":"product_tag-elias-akselsen","8":"product_tag-giani-lincan","9":"product_tag-kringkastingsorkestret","10":"product_tag-ola-kvernberg","11":"product_tag-stian-carstensen","12":"product_tag-veronica-akselsen","13":"product_shipping_class-cddvd-shipping","14":"uni_artist_tag-elias-akselsen","15":"uni_artist_tag-giani-lincan","16":"uni_artist_tag-kringkastingsorkestret","17":"uni_artist_tag-ola-kvernberg","18":"uni_artist_tag-stian-carstensen","19":"uni_artist_tag-veronica-akselsen","20":"uni_main_artist_tag-elias-akselsen","21":"uni_artist_genre-folkemusikk","22":"uni_artist_genre-tatermusikk","24":"first","25":"instock","26":"taxable","27":"shipping-taxable","28":"purchasable","29":"product-type-simple"},"_links":{"self":[{"href":"https:\/\/grappa.no\/no\/wp-json\/wp\/v2\/product\/41434","targetHints":{"allow":["GET"]}}],"collection":[{"href":"https:\/\/grappa.no\/no\/wp-json\/wp\/v2\/product"}],"about":[{"href":"https:\/\/grappa.no\/no\/wp-json\/wp\/v2\/types\/product"}],"replies":[{"embeddable":true,"href":"https:\/\/grappa.no\/no\/wp-json\/wp\/v2\/comments?post=41434"}],"wp:featuredmedia":[{"embeddable":true,"href":"https:\/\/grappa.no\/no\/wp-json\/wp\/v2\/media\/41435"}],"wp:attachment":[{"href":"https:\/\/grappa.no\/no\/wp-json\/wp\/v2\/media?parent=41434"}],"wp:term":[{"taxonomy":"product_brand","embeddable":true,"href":"https:\/\/grappa.no\/no\/wp-json\/wp\/v2\/product_brand?post=41434"},{"taxonomy":"product_cat","embeddable":true,"href":"https:\/\/grappa.no\/no\/wp-json\/wp\/v2\/product_cat?post=41434"},{"taxonomy":"product_tag","embeddable":true,"href":"https:\/\/grappa.no\/no\/wp-json\/wp\/v2\/product_tag?post=41434"}],"curies":[{"name":"wp","href":"https:\/\/api.w.org\/{rel}","templated":true}]}}

<p></p>
<p>I anledning den internasjonale romdagen den 8.april, slipper Elias og Veronica Akselsen en helt unik innspilling i samarbeid med Kringkastingsorkestret, Giani Lincan, Ola Kvernberg og Stian Carstensen.</p>
<p><!--more--></p>
<p>Elias og Veronica tilhører et folk som var Norges første innvandrere. Den første person av romaniavstamning kom til Norge i 1499. Siden den gang har taternes musikk stort sett vært en kulturskatt som har vært utøvd i egne rekker, mye fordi taterne antok at denne musikken var<br />
noe vi andre ikke ville like. Tar man i betraktning hvilken holdning den norske stat har hatt til det meste som har hatt med taternes kultur å gjøre, er dette en naturlig antagelse. Kulturen skulle tilintetgjøres, taterne ble frarøvet barn, språk og musikk, og internert i straffeanstalter i tillegg til at det også forekom tvangssterilisering og lobotomi.</p>
<p>I dag er vi så heldige at vi kan høre to av de beste tradisjonsbærerne innen tatermusikken i samspill med KORK, Giani Lincan, Ola Kvernberg og Stian Carstensen. Denne innspillingen er historisk da det er første gang i verdenshistorien at tatermusikk er arrangert og innspilt med et klassisk orkester! Vi er glade for at Elias og Veronica øser ut av sine rikholdige kilder og deler den sterke, personlige og rørende musikken med oss, de er begge professorer innen noe man ikke kan få papirer på!</p>
<p>Innspillingen ble gjort den 10.november 2023 i Store Studio, under en forrykende og vakker konsert foran et begeistret publikum. Med Helge Sundes orkesterarrangement og de musikalske bidragene og arrangementene fra Stian Carstensen, Ola Kvernberg og Giani Lincan, gir denne utgivelsen et nytt perspektiv på de tidløse melodiene som har blitt bevart innenfor taterfellesskapet.<br />
&#8220;I tatersymfoni&#8221; er ikke bare en musikalsk opplevelse, det er også en historisk fortelling om motstand, overlevelse og kulturell arv. Elias og Veronica Akselsen, begge anerkjente tradisjonsbærere og professorer innen sin kunst, bringer sin sterke personlige tilstedeværelse til denne unike utgivelsen.</p>
<p>

<p>I anledning den internasjonale romdagen den 8.april, slipper Elias og Veronica Akselsen en helt unik innspilling i samspill med KORK, Giani Lincan, Ola Kvernberg og Stian Carstensen.<br />
Elias og Veronica Akselsen er to av de beste tradisjonsbærerne innen tatermusikken og denne innspillingen er historisk da det er første gang i verdenshistorien at tatermusikk er arrangert og innspilt med et klassisk orkester! Vi er glade for at Elias og Veronica øser ut av sine rikholdige kilder og deler den sterke, personlige og rørende musikken med oss, de er begge professorer innen noe man ikke kan få papirer på!</p>
