{"id":41187,"date":"2023-12-04T11:02:12","date_gmt":"2023-12-04T10:02:12","guid":{"rendered":"https:\/\/grappa.no\/?post_type=product&#038;p=41187"},"modified":"2024-01-11T12:00:15","modified_gmt":"2024-01-11T11:00:15","slug":"breim-bok-ink-cd-kopi","status":"publish","type":"product","link":"https:\/\/grappa.no\/no\/albums\/heilo\/breim-bok-ink-cd-kopi\/","title":{"rendered":"Breim (Bok ink. CD)"},"content":{"rendered":"<p><\/p>\n<p>Sigrid Moldestad vender tilbake til r\u00f8tene sine med eit banebrytande folkemusikalbum ho har kalla &#8220;Breim&#8221;<\/p>\n<p><!--more--><\/p>\n<p>Sigrid Moldestad, den anerkjende norske artisten og l\u00e5tskrivaren, tek eit djupt dykk inn i hjartet av sin kulturarv med sitt komande album &#8220;Breim&#8221;. Etter seks suksessfulle soloalbum som i hovudsak har vore skapt av eigne songar og tekstar, utforskar Moldestad no si rolle som tradisjonsmusikar og leverer eit personleg album som hentar inspirasjon fr\u00e5 r\u00f8tene.<\/p>\n<p>P\u00e5 dette albumet utforskar Moldestad den rike tradisjonsmusikken fr\u00e5 heimbygda Breim, der ho vaks opp. Albumet er ein hyllest til den tradisjonsrike sl\u00e5ttemusikken som vestlandsbygda er kjend for, komplett med autentiske tolkningar p\u00e5 fele, hardingfele og vokal. Med 26 spor tek Moldestad lyttaren med p\u00e5 ei reise gjennom generasjonar av musikalsk arv, med sl\u00e5ttar som har levd i hjartet av Breim.<\/p>\n<p>I tillegg til musikken har Moldestad skapt ei f\u00f8lgebok som gjev eit inng\u00e5ande innblikk i prosessen bak musikken. Boka inneheld personlige beretningar, dokumentarisk materiale om felespelarar og musikken, samt visuelle fortellingar fr\u00e5 heimbygda, fanga gjennom objektivet til fotograf Magnus Skrede.<\/p>\n<p>Sigrid Moldestad har investert tid og mot i \u00e5 utforske sin plass i denne tradisjonen, og resultatet er eit gripande og \u00e6rlig verk som feirar den kraftfulle musikken som har blomstra i Breim. Ho seier: &#8220;Dette er eit album det har teke tid \u00e5 skape. Kanskje fordi rolla mi som tradisjonsut\u00f8var er forbunde med stort ansvar, redsle for \u00e5 gjere feil og ikkje minst respekt for korleis ut\u00f8varane f\u00f8r meg har virka, spelt og formidla. Det tek tid \u00e5 finne sin plass i tradisjonen. Slik har det ogs\u00e5 teke tid for meg \u00e5 v\u00e5ge \u00e5 st\u00e5 i alt dette med kun mi eiga stemme og tonar. Denne plata er ei samling sl\u00e5ttar eg er ekstra glad i, har funne fram til og forma ut fr\u00e5 min kunnskap og oppleving av tradisjonen sine s\u00e6rtrekk, rytmikk og tonalitet. Eg er takksam for alle dei som har spelt og sunge desse tonane f\u00f8r meg&#8221;<\/p>\n<p>&nbsp;<\/p>\n<p><\/p>","protected":false},"excerpt":{"rendered":"<p>Sigrid Moldestad vender tilbake til r\u00f8tene sine med eit banebrytande folkemusikalbum ho har kalla &#8220;Breim&#8221;<span class=\"TextRun Highlight SCXW202718519 BCX0\" lang=\"DA-DK\" xml:lang=\"DA-DK\" data-contrast=\"none\"><span class=\"NormalTextRun SCXW202718519 BCX0\" data-ccp-parastyle=\"Standard\" data-ccp-parastyle-defn=\"{&quot;ObjectId&quot;:&quot;e959d2eb-be4c-4d73-8f63-70f71a0f163a|120&quot;,&quot;ClassId&quot;:1073872969,&quot;Properties&quot;:[469775450,&quot;Standard&quot;,201340122,&quot;2&quot;,134233614,&quot;true&quot;,469778129,&quot;Standard&quot;,335572020,&quot;1&quot;,469777841,&quot;Helvetica Neue&quot;,469777842,&quot;Arial Unicode MS&quot;,469777843,&quot;Arial Unicode MS&quot;,469777844,&quot;Helvetica Neue&quot;,469769226,&quot;Helvetica Neue,Arial Unicode MS&quot;,335551500,&quot;0&quot;,268442635,&quot;24&quot;,335559740,&quot;288&quot;,201341983,&quot;0&quot;,335559738,&quot;160&quot;]}\">\u00a0<\/span><\/span><\/p>\n","protected":false},"featured_media":41081,"comment_status":"closed","ping_status":"closed","template":"","meta":[],"product_brand":[],"product_cat":[35],"product_tag":[],"class_list":{"0":"post-41187","1":"product","2":"type-product","3":"status-publish","4":"has-post-thumbnail","6":"product_cat-heilo","7":"product_shipping_class-book-shipping","8":"uni_artist_tag-sigrid-moldestad","9":"uni_main_artist_tag-sigrid-moldestad","10":"uni_artist_genre-folkemusikk","12":"first","13":"instock","14":"sold-individually","15":"taxable","16":"shipping-taxable","17":"purchasable","18":"product-type-simple"},"_links":{"self":[{"href":"https:\/\/grappa.no\/no\/wp-json\/wp\/v2\/product\/41187","targetHints":{"allow":["GET"]}}],"collection":[{"href":"https:\/\/grappa.no\/no\/wp-json\/wp\/v2\/product"}],"about":[{"href":"https:\/\/grappa.no\/no\/wp-json\/wp\/v2\/types\/product"}],"replies":[{"embeddable":true,"href":"https:\/\/grappa.no\/no\/wp-json\/wp\/v2\/comments?post=41187"}],"wp:featuredmedia":[{"embeddable":true,"href":"https:\/\/grappa.no\/no\/wp-json\/wp\/v2\/media\/41081"}],"wp:attachment":[{"href":"https:\/\/grappa.no\/no\/wp-json\/wp\/v2\/media?parent=41187"}],"wp:term":[{"taxonomy":"product_brand","embeddable":true,"href":"https:\/\/grappa.no\/no\/wp-json\/wp\/v2\/product_brand?post=41187"},{"taxonomy":"product_cat","embeddable":true,"href":"https:\/\/grappa.no\/no\/wp-json\/wp\/v2\/product_cat?post=41187"},{"taxonomy":"product_tag","embeddable":true,"href":"https:\/\/grappa.no\/no\/wp-json\/wp\/v2\/product_tag?post=41187"}],"curies":[{"name":"wp","href":"https:\/\/api.w.org\/{rel}","templated":true}]}}

<p></p>
<p>Sigrid Moldestad vender tilbake til røtene sine med eit banebrytande folkemusikalbum ho har kalla &#8220;Breim&#8221;</p>
<p><!--more--></p>
<p>Sigrid Moldestad, den anerkjende norske artisten og låtskrivaren, tek eit djupt dykk inn i hjartet av sin kulturarv med sitt komande album &#8220;Breim&#8221;. Etter seks suksessfulle soloalbum som i hovudsak har vore skapt av eigne songar og tekstar, utforskar Moldestad no si rolle som tradisjonsmusikar og leverer eit personleg album som hentar inspirasjon frå røtene.</p>
<p>På dette albumet utforskar Moldestad den rike tradisjonsmusikken frå heimbygda Breim, der ho vaks opp. Albumet er ein hyllest til den tradisjonsrike slåttemusikken som vestlandsbygda er kjend for, komplett med autentiske tolkningar på fele, hardingfele og vokal. Med 26 spor tek Moldestad lyttaren med på ei reise gjennom generasjonar av musikalsk arv, med slåttar som har levd i hjartet av Breim.</p>
<p>I tillegg til musikken har Moldestad skapt ei følgebok som gjev eit inngåande innblikk i prosessen bak musikken. Boka inneheld personlige beretningar, dokumentarisk materiale om felespelarar og musikken, samt visuelle fortellingar frå heimbygda, fanga gjennom objektivet til fotograf Magnus Skrede.</p>
<p>Sigrid Moldestad har investert tid og mot i å utforske sin plass i denne tradisjonen, og resultatet er eit gripande og ærlig verk som feirar den kraftfulle musikken som har blomstra i Breim. Ho seier: &#8220;Dette er eit album det har teke tid å skape. Kanskje fordi rolla mi som tradisjonsutøvar er forbunde med stort ansvar, redsle for å gjere feil og ikkje minst respekt for korleis utøvarane før meg har virka, spelt og formidla. Det tek tid å finne sin plass i tradisjonen. Slik har det også teke tid for meg å våge å stå i alt dette med kun mi eiga stemme og tonar. Denne plata er ei samling slåttar eg er ekstra glad i, har funne fram til og forma ut frå min kunnskap og oppleving av tradisjonen sine særtrekk, rytmikk og tonalitet. Eg er takksam for alle dei som har spelt og sunge desse tonane før meg&#8221;</p>
<p>&nbsp;</p>
<p></p>

<p>Sigrid Moldestad vender tilbake til røtene sine med eit banebrytande folkemusikalbum ho har kalla &#8220;Breim&#8221;<span class="TextRun Highlight SCXW202718519 BCX0" lang="DA-DK" xml:lang="DA-DK" data-contrast="none"><span class="NormalTextRun SCXW202718519 BCX0" data-ccp-parastyle="Standard" data-ccp-parastyle-defn="{&quot;ObjectId&quot;:&quot;e959d2eb-be4c-4d73-8f63-70f71a0f163a|120&quot;,&quot;ClassId&quot;:1073872969,&quot;Properties&quot;:[469775450,&quot;Standard&quot;,201340122,&quot;2&quot;,134233614,&quot;true&quot;,469778129,&quot;Standard&quot;,335572020,&quot;1&quot;,469777841,&quot;Helvetica Neue&quot;,469777842,&quot;Arial Unicode MS&quot;,469777843,&quot;Arial Unicode MS&quot;,469777844,&quot;Helvetica Neue&quot;,469769226,&quot;Helvetica Neue,Arial Unicode MS&quot;,335551500,&quot;0&quot;,268442635,&quot;24&quot;,335559740,&quot;288&quot;,201341983,&quot;0&quot;,335559738,&quot;160&quot;]}"> </span></span></p>
