{"id":40836,"date":"2023-09-06T09:24:43","date_gmt":"2023-09-06T08:24:43","guid":{"rendered":"https:\/\/grappa.no\/?post_type=product&#038;p=40836"},"modified":"2025-06-13T14:10:46","modified_gmt":"2025-06-13T13:10:46","slug":"dancing-for-the-moon","status":"publish","type":"product","link":"https:\/\/grappa.no\/no\/albums\/grappa\/dancing-for-the-moon\/","title":{"rendered":"Dancing For The Moon"},"content":{"rendered":"<p><\/p>\n<p>Adam Douglas viser sin unike stemme som b\u00e5de vokalist og formidler p\u00e5 sitt nye album. &#8220;Dancing For The Moon&#8221; er en musikalsk godtepose av alt moderne americana har \u00e5 by p\u00e5. Der beviser Adam Douglas nok en gang hvorfor han regnes som en av Norges beste vokalister og formidlere.<\/p>\n<p><!--more--><\/p>\n<p style=\"margin-top: 0cm; line-height: 18.0pt;\"><span style=\"font-family: 'Arial',sans-serif; color: black;\">\u00abDancing For The Moon\u00bb er en variert plate med alt fra nydelige ballader til groovy feel-good l\u00e5ter fra \u00f8verste hylle. Roots, Blues og Americana i skj\u00f8nn forening, og med seg har Douglas f\u00e5tt med et stjernelag av musikere. Deriblant to nydelige duetter med to av Norges vakreste semmer; en versjon av Don Williams sin klassiker \u00abWe\u00b4re All the Way\u00bb i duett-form med Christel Alsos og en tidl\u00f8s americana ballade \u00abDeja Rendezvous\u00bb sammen med Solveig Slettahjell.<\/span><\/p>\n<p style=\"margin-top: 0cm; line-height: 18.0pt; overflow-wrap: break-word; caret-color: #000000; font-variant-caps: normal; orphans: auto; text-align: -webkit-left; widows: auto; -webkit-text-stroke-width: 0px; word-spacing: 0px;\"><span style=\"font-family: 'Arial',sans-serif; color: black;\">Dette \u00e5ret har Adam Douglas bydd p\u00e5 seg selv med sine mange musikalske sider, med mange forskjellige singler fra hans kommende album. Adam vokste opp i Oklahoma, USA og mye av hans inspirasjon kommer herfra &#8211; gjennom Howlin\u00b4 Wolf og Ray Charles\u00b4 fl\u00f8rt med country. Han blander soul, gospel, jazz og roots, og etter at han flyttet til Norge i 2008 har musikken ogs\u00e5 hentet inspirasjon fra norske fjell og skoger.\u00a0<\/span><\/p>\n<p style=\"margin-top: 0cm; line-height: 18.0pt; overflow-wrap: break-word; caret-color: #000000; font-variant-caps: normal; orphans: auto; text-align: -webkit-left; widows: auto; -webkit-text-stroke-width: 0px; word-spacing: 0px;\"><span style=\"font-family: 'Arial',sans-serif; color: black;\">Debuten hans som soloartist kom i 2015 med albumet &#8220;I May Never Learn&#8221;. Det var likevel ikke f\u00f8r han deltok i og vant Stjernekamp p\u00e5 NRK i 2017 at han virkelig sang seg inn i hjertene til det norske folk. \u00c5ret etter slapp han det kritikerroste albumet &#8220;The Beauty &amp; The Brawn&#8221; og har siden turnert land og strand rundt. I mars 2021 slapp han sitt tredje fullende studioalbum &#8220;Better Angels&#8221;.<\/span><\/p>\n<p style=\"margin-top: 0cm; line-height: 18.0pt; overflow-wrap: break-word; caret-color: #000000; font-variant-caps: normal; orphans: auto; text-align: -webkit-left; widows: auto; -webkit-text-stroke-width: 0px; word-spacing: 0px;\"><em><span style=\"font-family: 'Arial',sans-serif; color: black;\">&#8211; Etter god respons og g\u00f8yale konserter i etterkant av Better Angels plateslippet, i tillegg til alt dramaet rundt pandemien (nedstengninger, osv), og mer politisk uro verden over &#8211; kom det rennende inn med inspirasjon til nye l\u00e5ter. \u00a0Noe av det eneste positive fra pandemiperioden var at alt jeg kunne gj\u00f8re var \u00e5 g\u00e5 inn i boblen min og skrive, og s\u00e5 skrive litt til!<\/span><\/em><span class=\"apple-converted-space\"><i><span style=\"font-family: 'Arial',sans-serif; color: black;\">\u00a0<\/span><\/i><\/span><\/p>\n<p style=\"margin-top: 0cm; line-height: 18.0pt; overflow-wrap: break-word; caret-color: #000000; font-variant-caps: normal; orphans: auto; text-align: -webkit-left; widows: auto; -webkit-text-stroke-width: 0px; word-spacing: 0px;\"><span style=\"font-family: 'Arial',sans-serif; color: black;\">Adam Douglas viser tydelig dynamikk musikalsk, med riffdrevne l\u00e5ter og sitt formidable vokalregister p\u00e5 det nye albumet. Det er tydelig at han har en unik evne som historieforteller. Han formidler p\u00e5 en \u00e6rlig og gjenkjennbar m\u00e5te innenfor b\u00e5de store og sm\u00e5 temaer; alt som livet har \u00e5 by p\u00e5.<\/span><\/p>\n<p style=\"margin-top: 0cm; line-height: 18.0pt; overflow-wrap: break-word; caret-color: #000000; font-variant-caps: normal; orphans: auto; text-align: -webkit-left; widows: auto; -webkit-text-stroke-width: 0px; word-spacing: 0px;\"><span style=\"font-family: 'Arial',sans-serif; color: black;\">For eksempel i sangen \u00abTrue Blue\u00bb maler han et vakkert bilde av en kj\u00e6rlighetshistorie, fortalt nostalgisk av Adam Douglas i et musikalsk americana landskap. L\u00e5ta forteller en sann fortelling om to barndomsvenner som vokser opp sammen, for s\u00e5 \u00e5 finne sterkere romantiske f\u00f8lelser for hverandre senere i livet.<\/span><\/p>\n<p style=\"margin-top: 0cm; line-height: 18.0pt; overflow-wrap: break-word; caret-color: #000000; font-variant-caps: normal; orphans: auto; text-align: -webkit-left; widows: auto; -webkit-text-stroke-width: 0px; word-spacing: 0px;\"><span style=\"font-family: 'Arial',sans-serif; color: black;\">Samtidig tar Douglas opp st\u00f8rre politiske sp\u00f8rsm\u00e5l og temaer p\u00e5 en relater bar m\u00e5te og med et glimt i \u00f8yet. Eksempler p\u00e5 dette er l\u00e5ter som \u00abMaybe Someday\u00bb og \u00abI Need a Cigarette\u00bb. Der plasserer han oss i v\u00e5r egen tid, preget av et urolig politisk klima og en uviss framtid, mens han gir lytterne et mantra som er umulig \u00e5 ikke synge med p\u00e5, som en musikalsk terapi-time.<\/span><\/p>\n<p style=\"margin-top: 0cm; line-height: 18.0pt; overflow-wrap: break-word; caret-color: #000000; font-variant-caps: normal; orphans: auto; text-align: -webkit-left; widows: auto; -webkit-text-stroke-width: 0px; word-spacing: 0px;\"><span style=\"font-family: 'Arial',sans-serif; color: black;\">&#8211;\u00a0<em><span style=\"font-family: 'Arial',sans-serif;\">L\u00e5tskriving var en god miks av egen terapi og venting av frustrasjoner og det \u00e5 fortelle andre sine historier gjennom min egen filter.\u00a0 Det var \u00e5 \u00e5pne en ny verden for meg som l\u00e5tskriver.<\/span><\/em><\/span><\/p>\n<p style=\"margin-top: 0cm; line-height: 18.0pt; overflow-wrap: break-word; caret-color: #000000; font-variant-caps: normal; orphans: auto; text-align: -webkit-left; widows: auto; -webkit-text-stroke-width: 0px; word-spacing: 0px;\"><span style=\"font-family: 'Arial',sans-serif; color: black;\">Albumet \u00abDancing For The Moon\u00bb gir lytteren en musikalsk godtepose av alt moderne americana har \u00e5 by p\u00e5, der Douglas beviser nok en gang hvorfor han regnes som en av Norges beste vokalister og formidlere. Adam forteller hvorfor akkurat denne plata skiller seg ut fra tidligere album:\u00a0<\/span><\/p>\n<p style=\"margin-top: 0cm; line-height: 18.0pt; overflow-wrap: break-word; caret-color: #000000; font-variant-caps: normal; orphans: auto; text-align: -webkit-left; widows: auto; -webkit-text-stroke-width: 0px; word-spacing: 0px;\"><em><span style=\"font-family: 'Arial',sans-serif; color: black;\">&#8211; P\u00e5 \u00abDancing For The Moon\u00bb har jeg ogs\u00e5 innspilt veldig mye selv. Mye mer enn p\u00e5 alle de forrige platene. Derfor h\u00f8res albumet b\u00e5de p\u00e5 godt og vondt ut som det aller mest autentiske \u00abAdam albumet\u00bb noensinne, hvis du skj\u00f8nner hva jeg mener?<\/span><\/em><\/p>\n<p>","protected":false},"excerpt":{"rendered":"<p>Adam Douglas viser sin unike stemme som b\u00e5de vokalist og formidler p\u00e5 sitt nye album. &#8220;Dancing For The Moon&#8221; er en musikalsk godtepose av alt moderne americana har \u00e5 by p\u00e5. Der beviser Adam Douglas nok en gang hvorfor han regnes som en av Norges beste vokalister og formidlere.<\/p>\n","protected":false},"featured_media":40820,"comment_status":"open","ping_status":"closed","template":"","meta":[],"product_brand":[],"product_cat":[6],"product_tag":[],"class_list":{"0":"post-40836","1":"product","2":"type-product","3":"status-publish","4":"has-post-thumbnail","6":"product_cat-grappa","7":"product_shipping_class-cddvd-shipping","8":"uni_artist_tag-adam-douglas","9":"uni_main_artist_tag-adam-douglas","10":"uni_artist_genre-americana","11":"uni_artist_genre-blues","12":"uni_artist_genre-country","13":"uni_artist_genre-pop","14":"uni_artist_genre-soul","16":"first","17":"instock","18":"taxable","19":"shipping-taxable","20":"purchasable","21":"product-type-variable","22":"has-default-attributes"},"_links":{"self":[{"href":"https:\/\/grappa.no\/no\/wp-json\/wp\/v2\/product\/40836","targetHints":{"allow":["GET"]}}],"collection":[{"href":"https:\/\/grappa.no\/no\/wp-json\/wp\/v2\/product"}],"about":[{"href":"https:\/\/grappa.no\/no\/wp-json\/wp\/v2\/types\/product"}],"replies":[{"embeddable":true,"href":"https:\/\/grappa.no\/no\/wp-json\/wp\/v2\/comments?post=40836"}],"wp:featuredmedia":[{"embeddable":true,"href":"https:\/\/grappa.no\/no\/wp-json\/wp\/v2\/media\/40820"}],"wp:attachment":[{"href":"https:\/\/grappa.no\/no\/wp-json\/wp\/v2\/media?parent=40836"}],"wp:term":[{"taxonomy":"product_brand","embeddable":true,"href":"https:\/\/grappa.no\/no\/wp-json\/wp\/v2\/product_brand?post=40836"},{"taxonomy":"product_cat","embeddable":true,"href":"https:\/\/grappa.no\/no\/wp-json\/wp\/v2\/product_cat?post=40836"},{"taxonomy":"product_tag","embeddable":true,"href":"https:\/\/grappa.no\/no\/wp-json\/wp\/v2\/product_tag?post=40836"}],"curies":[{"name":"wp","href":"https:\/\/api.w.org\/{rel}","templated":true}]}}

<p></p>
<p>Adam Douglas viser sin unike stemme som både vokalist og formidler på sitt nye album. &#8220;Dancing For The Moon&#8221; er en musikalsk godtepose av alt moderne americana har å by på. Der beviser Adam Douglas nok en gang hvorfor han regnes som en av Norges beste vokalister og formidlere.</p>
<p><!--more--></p>
<p style="margin-top: 0cm; line-height: 18.0pt;"><span style="font-family: 'Arial',sans-serif; color: black;">«Dancing For The Moon» er en variert plate med alt fra nydelige ballader til groovy feel-good låter fra øverste hylle. Roots, Blues og Americana i skjønn forening, og med seg har Douglas fått med et stjernelag av musikere. Deriblant to nydelige duetter med to av Norges vakreste semmer; en versjon av Don Williams sin klassiker «We´re All the Way» i duett-form med Christel Alsos og en tidløs americana ballade «Deja Rendezvous» sammen med Solveig Slettahjell.</span></p>
<p style="margin-top: 0cm; line-height: 18.0pt; overflow-wrap: break-word; caret-color: #000000; font-variant-caps: normal; orphans: auto; text-align: -webkit-left; widows: auto; -webkit-text-stroke-width: 0px; word-spacing: 0px;"><span style="font-family: 'Arial',sans-serif; color: black;">Dette året har Adam Douglas bydd på seg selv med sine mange musikalske sider, med mange forskjellige singler fra hans kommende album. Adam vokste opp i Oklahoma, USA og mye av hans inspirasjon kommer herfra &#8211; gjennom Howlin´ Wolf og Ray Charles´ flørt med country. Han blander soul, gospel, jazz og roots, og etter at han flyttet til Norge i 2008 har musikken også hentet inspirasjon fra norske fjell og skoger. </span></p>
<p style="margin-top: 0cm; line-height: 18.0pt; overflow-wrap: break-word; caret-color: #000000; font-variant-caps: normal; orphans: auto; text-align: -webkit-left; widows: auto; -webkit-text-stroke-width: 0px; word-spacing: 0px;"><span style="font-family: 'Arial',sans-serif; color: black;">Debuten hans som soloartist kom i 2015 med albumet &#8220;I May Never Learn&#8221;. Det var likevel ikke før han deltok i og vant Stjernekamp på NRK i 2017 at han virkelig sang seg inn i hjertene til det norske folk. Året etter slapp han det kritikerroste albumet &#8220;The Beauty &amp; The Brawn&#8221; og har siden turnert land og strand rundt. I mars 2021 slapp han sitt tredje fullende studioalbum &#8220;Better Angels&#8221;.</span></p>
<p style="margin-top: 0cm; line-height: 18.0pt; overflow-wrap: break-word; caret-color: #000000; font-variant-caps: normal; orphans: auto; text-align: -webkit-left; widows: auto; -webkit-text-stroke-width: 0px; word-spacing: 0px;"><em><span style="font-family: 'Arial',sans-serif; color: black;">&#8211; Etter god respons og gøyale konserter i etterkant av Better Angels plateslippet, i tillegg til alt dramaet rundt pandemien (nedstengninger, osv), og mer politisk uro verden over &#8211; kom det rennende inn med inspirasjon til nye låter.  Noe av det eneste positive fra pandemiperioden var at alt jeg kunne gjøre var å gå inn i boblen min og skrive, og så skrive litt til!</span></em><span class="apple-converted-space"><i><span style="font-family: 'Arial',sans-serif; color: black;"> </span></i></span></p>
<p style="margin-top: 0cm; line-height: 18.0pt; overflow-wrap: break-word; caret-color: #000000; font-variant-caps: normal; orphans: auto; text-align: -webkit-left; widows: auto; -webkit-text-stroke-width: 0px; word-spacing: 0px;"><span style="font-family: 'Arial',sans-serif; color: black;">Adam Douglas viser tydelig dynamikk musikalsk, med riffdrevne låter og sitt formidable vokalregister på det nye albumet. Det er tydelig at han har en unik evne som historieforteller. Han formidler på en ærlig og gjenkjennbar måte innenfor både store og små temaer; alt som livet har å by på.</span></p>
<p style="margin-top: 0cm; line-height: 18.0pt; overflow-wrap: break-word; caret-color: #000000; font-variant-caps: normal; orphans: auto; text-align: -webkit-left; widows: auto; -webkit-text-stroke-width: 0px; word-spacing: 0px;"><span style="font-family: 'Arial',sans-serif; color: black;">For eksempel i sangen «True Blue» maler han et vakkert bilde av en kjærlighetshistorie, fortalt nostalgisk av Adam Douglas i et musikalsk americana landskap. Låta forteller en sann fortelling om to barndomsvenner som vokser opp sammen, for så å finne sterkere romantiske følelser for hverandre senere i livet.</span></p>
<p style="margin-top: 0cm; line-height: 18.0pt; overflow-wrap: break-word; caret-color: #000000; font-variant-caps: normal; orphans: auto; text-align: -webkit-left; widows: auto; -webkit-text-stroke-width: 0px; word-spacing: 0px;"><span style="font-family: 'Arial',sans-serif; color: black;">Samtidig tar Douglas opp større politiske spørsmål og temaer på en relater bar måte og med et glimt i øyet. Eksempler på dette er låter som «Maybe Someday» og «I Need a Cigarette». Der plasserer han oss i vår egen tid, preget av et urolig politisk klima og en uviss framtid, mens han gir lytterne et mantra som er umulig å ikke synge med på, som en musikalsk terapi-time.</span></p>
<p style="margin-top: 0cm; line-height: 18.0pt; overflow-wrap: break-word; caret-color: #000000; font-variant-caps: normal; orphans: auto; text-align: -webkit-left; widows: auto; -webkit-text-stroke-width: 0px; word-spacing: 0px;"><span style="font-family: 'Arial',sans-serif; color: black;">&#8211; <em><span style="font-family: 'Arial',sans-serif;">Låtskriving var en god miks av egen terapi og venting av frustrasjoner og det å fortelle andre sine historier gjennom min egen filter.  Det var å åpne en ny verden for meg som låtskriver.</span></em></span></p>
<p style="margin-top: 0cm; line-height: 18.0pt; overflow-wrap: break-word; caret-color: #000000; font-variant-caps: normal; orphans: auto; text-align: -webkit-left; widows: auto; -webkit-text-stroke-width: 0px; word-spacing: 0px;"><span style="font-family: 'Arial',sans-serif; color: black;">Albumet «Dancing For The Moon» gir lytteren en musikalsk godtepose av alt moderne americana har å by på, der Douglas beviser nok en gang hvorfor han regnes som en av Norges beste vokalister og formidlere. Adam forteller hvorfor akkurat denne plata skiller seg ut fra tidligere album: </span></p>
<p style="margin-top: 0cm; line-height: 18.0pt; overflow-wrap: break-word; caret-color: #000000; font-variant-caps: normal; orphans: auto; text-align: -webkit-left; widows: auto; -webkit-text-stroke-width: 0px; word-spacing: 0px;"><em><span style="font-family: 'Arial',sans-serif; color: black;">&#8211; På «Dancing For The Moon» har jeg også innspilt veldig mye selv. Mye mer enn på alle de forrige platene. Derfor høres albumet både på godt og vondt ut som det aller mest autentiske «Adam albumet» noensinne, hvis du skjønner hva jeg mener?</span></em></p>
<p>

<p>Adam Douglas viser sin unike stemme som både vokalist og formidler på sitt nye album. &#8220;Dancing For The Moon&#8221; er en musikalsk godtepose av alt moderne americana har å by på. Der beviser Adam Douglas nok en gang hvorfor han regnes som en av Norges beste vokalister og formidlere.</p>
