{"id":402,"date":"2008-09-08T00:00:00","date_gmt":"2008-09-07T23:00:00","guid":{"rendered":"http:\/\/www.grappa.no\/albums\/uncategorized\/intrada-sinfonica-conrad-baden-orchestral-works\/"},"modified":"2024-08-01T09:10:15","modified_gmt":"2024-08-01T08:10:15","slug":"intrada-sinfonica-conrad-baden-orchestral-works","status":"publish","type":"product","link":"https:\/\/grappa.no\/no\/albums\/simax-classics\/intrada-sinfonica-conrad-baden-orchestral-works\/","title":{"rendered":"Intrada Sinfonica \u2013 Conrad Baden Orchestral Works"},"content":{"rendered":"<p><\/p>\n<p>Conrad Badens orkesterverker<\/p>\n<p>31. august er det 100 \u00e5r siden komponisten og organisten Conrad Baden (1908-89) ble f\u00f8dt. Hans produksjon har inntil n\u00e5 ikke v\u00e6rt tilgjengelig p\u00e5 CD, og denne utgivelsen presenterer Badens fremste orkesterverker.<\/p>\n<p>Denne utgivelsen viser det store spennet i Badens musikk. Han har latt seg inspirere av alt fra neoklassisisme (Concertino for klarinett og strykere), norske sl\u00e5tterytmer (Konsert for klaver og orkester) og tolvtoneteknikk (Variazioni) gjennom sin komponistgjerning, men hele tiden kan man skimte hans varme romantikk og melodiske f\u00f8ringer. Baden lette hele tiden etter form for kompositorisk utfoldelse som gjenspeilet b\u00e5de ham selv og tiden han levde i, og ble ber\u00f8mmet av kritikerne for sine ekte, personlige og uttrykksfulle verker.<\/p>\n<p>Conrad Badens mest kjente verk er nok Intrada Sinfonica, som fikk sin urfremf\u00f8ring under Festspillene i Bergen med Karsten Andersen som dirigent i 1970. Festpreget understrekes allerede fra starten med messingfanfarer, som gjentatte ganger setter sitt preg p\u00e5 verket. Det er rytmisk driv, og i de mer lyriske partiene f\u00e5r solobl\u00e5serne vekselvis spille temaet og belyse det med sin farge.<\/p>\n<p><!--more--><\/p>\n<p>31. august er det 100 \u00e5r siden komponisten og organisten Conrad Baden (1908-89) ble f\u00f8dt. Hans produksjon har inntil n\u00e5 ikke v\u00e6rt tilgjengelig p\u00e5 CD, og denne utgivelsen presenterer Badens fremste orkesterverker.<\/p>\n<h4>En s\u00f8kende komponist<\/h4>\n<p>Denne utgivelsen viser det store spennet i Badens musikk. Han har latt seg inspirere av alt fra neoklassisisme (Concertino for klarinett og strykere), norske sl\u00e5tterytmer (Konsert for klaver og orkester) og tolvtoneteknikk (Variazioni) gjennom sin komponistgjerning, men hele tiden kan man skimte hans varme romantikk og melodiske f\u00f8ringer. Baden lette hele tiden etter form for kompositorisk utfoldelse som gjenspeilet b\u00e5de ham selv og tiden han levde i, og ble ber\u00f8mmet av kritikerne for sine ekte, personlige og uttrykksfulle verker.<\/p>\n<h4>Intrada Sinfonica og Soria Moria slott<\/h4>\n<p>Conrad Badens mest kjente verk er nok Intrada Sinfonica, som fikk sin urfremf\u00f8ring under Festspillene i Bergen med Karsten Andersen som dirigent i 1970. Festpreget understrekes allerede fra starten med messingfanfarer, som gjentatte ganger setter sitt preg p\u00e5 verket. Det er rytmisk driv, og i de mer lyriske partiene f\u00e5r solobl\u00e5serne vekselvis spille temaet og belyse det med sin farge. Badens Eventyr-suite fra 1960 tar utgangspunkt i flere kjente folkeeventyr, og satsene er sm\u00e5, morsomme programmusikalske bilder med en karakteristisk og uts\u00f8kt instrumentasjon. Her finner du b\u00e5de Kjerringa mot str\u00f8mmen, Tommeliten, Prinsessen i berget det bl\u00e5 og Soria Moria slott. Det er imidlertid ikke folkemusikken som er inspirasjonskilden til disse verkene, Baden er mer p\u00e5virket av Bela Bart\u00f3k og den franske komponistgruppen Les Six, og verket er en selvstendig behandling av alle disse impulsene til et moderat-moderne tonespr\u00e5k.<\/p>\n<h4>Skribent, kirkemusiker og pedagog<\/h4>\n<p>Conrad Baden var gjennom hele sitt virke aktiv som skribent og musikkritiker, bl.a i V\u00e5rt Land og Morgenbladet og i en rekke musikktidsskrifter. Fra 1947 og frem til han fylte 70 \u00e5r virket Baden som l\u00e6rer i harmonil\u00e6re og kontrapunkt ved Musikkonservatoriet i Oslo. Fra 1960 var han organist i Ris kirke i Oslo.<\/p>\n<p><\/p>","protected":false},"excerpt":{"rendered":"<p>Denne utgivelsen viser det store spennet i Badens musikk.<\/p>\n","protected":false},"featured_media":27833,"comment_status":"closed","ping_status":"closed","template":"","meta":[],"product_brand":[],"product_cat":[180],"product_tag":[],"class_list":{"0":"post-402","1":"product","2":"type-product","3":"status-publish","4":"has-post-thumbnail","6":"product_cat-simax-classics","7":"product_shipping_class-cddvd-shipping","8":"uni_artist_tag-alf-ardal","9":"uni_artist_tag-bergen-philharmonic-orchestra","10":"uni_artist_tag-bjorn-halvorsen","11":"uni_artist_tag-conrad-baden","12":"uni_artist_tag-geir-henning-braaten","13":"uni_artist_tag-heinz-freudenthal","14":"uni_artist_tag-karsten-andersen","15":"uni_artist_tag-kjell-ingebretsen","16":"uni_artist_tag-oslo-philharmonic-orchestra","17":"uni_artist_tag-sverre-bruland","18":"uni_main_artist_tag-geir-henning-braaten","19":"uni_artist_genre-contemporary-music","20":"uni_artist_genre-orchestral","22":"first","23":"outofstock","24":"taxable","25":"shipping-taxable","26":"purchasable","27":"product-type-simple"},"_links":{"self":[{"href":"https:\/\/grappa.no\/no\/wp-json\/wp\/v2\/product\/402","targetHints":{"allow":["GET"]}}],"collection":[{"href":"https:\/\/grappa.no\/no\/wp-json\/wp\/v2\/product"}],"about":[{"href":"https:\/\/grappa.no\/no\/wp-json\/wp\/v2\/types\/product"}],"replies":[{"embeddable":true,"href":"https:\/\/grappa.no\/no\/wp-json\/wp\/v2\/comments?post=402"}],"wp:featuredmedia":[{"embeddable":true,"href":"https:\/\/grappa.no\/no\/wp-json\/wp\/v2\/media\/27833"}],"wp:attachment":[{"href":"https:\/\/grappa.no\/no\/wp-json\/wp\/v2\/media?parent=402"}],"wp:term":[{"taxonomy":"product_brand","embeddable":true,"href":"https:\/\/grappa.no\/no\/wp-json\/wp\/v2\/product_brand?post=402"},{"taxonomy":"product_cat","embeddable":true,"href":"https:\/\/grappa.no\/no\/wp-json\/wp\/v2\/product_cat?post=402"},{"taxonomy":"product_tag","embeddable":true,"href":"https:\/\/grappa.no\/no\/wp-json\/wp\/v2\/product_tag?post=402"}],"curies":[{"name":"wp","href":"https:\/\/api.w.org\/{rel}","templated":true}]}}

<p></p>
<p>Conrad Badens orkesterverker</p>
<p>31. august er det 100 år siden komponisten og organisten Conrad Baden (1908-89) ble født. Hans produksjon har inntil nå ikke vært tilgjengelig på CD, og denne utgivelsen presenterer Badens fremste orkesterverker.</p>
<p>Denne utgivelsen viser det store spennet i Badens musikk. Han har latt seg inspirere av alt fra neoklassisisme (Concertino for klarinett og strykere), norske slåtterytmer (Konsert for klaver og orkester) og tolvtoneteknikk (Variazioni) gjennom sin komponistgjerning, men hele tiden kan man skimte hans varme romantikk og melodiske føringer. Baden lette hele tiden etter form for kompositorisk utfoldelse som gjenspeilet både ham selv og tiden han levde i, og ble berømmet av kritikerne for sine ekte, personlige og uttrykksfulle verker.</p>
<p>Conrad Badens mest kjente verk er nok Intrada Sinfonica, som fikk sin urfremføring under Festspillene i Bergen med Karsten Andersen som dirigent i 1970. Festpreget understrekes allerede fra starten med messingfanfarer, som gjentatte ganger setter sitt preg på verket. Det er rytmisk driv, og i de mer lyriske partiene får soloblåserne vekselvis spille temaet og belyse det med sin farge.</p>
<p><!--more--></p>
<p>31. august er det 100 år siden komponisten og organisten Conrad Baden (1908-89) ble født. Hans produksjon har inntil nå ikke vært tilgjengelig på CD, og denne utgivelsen presenterer Badens fremste orkesterverker.</p>
<h4>En søkende komponist</h4>
<p>Denne utgivelsen viser det store spennet i Badens musikk. Han har latt seg inspirere av alt fra neoklassisisme (Concertino for klarinett og strykere), norske slåtterytmer (Konsert for klaver og orkester) og tolvtoneteknikk (Variazioni) gjennom sin komponistgjerning, men hele tiden kan man skimte hans varme romantikk og melodiske føringer. Baden lette hele tiden etter form for kompositorisk utfoldelse som gjenspeilet både ham selv og tiden han levde i, og ble berømmet av kritikerne for sine ekte, personlige og uttrykksfulle verker.</p>
<h4>Intrada Sinfonica og Soria Moria slott</h4>
<p>Conrad Badens mest kjente verk er nok Intrada Sinfonica, som fikk sin urfremføring under Festspillene i Bergen med Karsten Andersen som dirigent i 1970. Festpreget understrekes allerede fra starten med messingfanfarer, som gjentatte ganger setter sitt preg på verket. Det er rytmisk driv, og i de mer lyriske partiene får soloblåserne vekselvis spille temaet og belyse det med sin farge. Badens Eventyr-suite fra 1960 tar utgangspunkt i flere kjente folkeeventyr, og satsene er små, morsomme programmusikalske bilder med en karakteristisk og utsøkt instrumentasjon. Her finner du både Kjerringa mot strømmen, Tommeliten, Prinsessen i berget det blå og Soria Moria slott. Det er imidlertid ikke folkemusikken som er inspirasjonskilden til disse verkene, Baden er mer påvirket av Bela Bartók og den franske komponistgruppen Les Six, og verket er en selvstendig behandling av alle disse impulsene til et moderat-moderne tonespråk.</p>
<h4>Skribent, kirkemusiker og pedagog</h4>
<p>Conrad Baden var gjennom hele sitt virke aktiv som skribent og musikkritiker, bl.a i Vårt Land og Morgenbladet og i en rekke musikktidsskrifter. Fra 1947 og frem til han fylte 70 år virket Baden som lærer i harmonilære og kontrapunkt ved Musikkonservatoriet i Oslo. Fra 1960 var han organist i Ris kirke i Oslo.</p>
<p></p>
