{"id":39192,"date":"2021-08-04T12:55:13","date_gmt":"2021-08-04T11:55:13","guid":{"rendered":"https:\/\/grappa.no\/?post_type=product&#038;p=39192"},"modified":"2023-06-19T18:50:33","modified_gmt":"2023-06-19T17:50:33","slug":"breibeint","status":"publish","type":"product","link":"https:\/\/grappa.no\/no\/albums\/uncategorized\/breibeint\/","title":{"rendered":"Breibeint"},"content":{"rendered":"<p><\/p>\n<div class=\"\">\n<p class=\"p1\"><i>Etter 20 \u00e5rs musikalsk samarbeid lanserer folkemusikkduoen Breibeint sitt debutalbum.<\/i><\/p>\n<\/div>\n<p><!--more--><\/p>\n<p class=\"p1\"><span class=\"s1\">Breibeint er en duo som best\u00e5r av to garvede og meget s\u00e6rpregede musikere.\u00a0Vegar V\u00e5rdal og \u00c5smund Reistad har samarbeidet i 20 \u00e5r, og har gjennom en rekke prosjekter satt et tydelig preg p\u00e5 norsk folkemusikk. I tillegg har de, p\u00e5 hver sin kant, solid erfaring fra samarbeid med bl.a. Mischa Alperin, Chateau Neuf Spelemannslag, Rusk og Aasmund Nordstoga. <\/span><span class=\"s2\">I Breibeint forener de krefter i gnistrende samspill hvor hver tone betyr noe, og hver frase slynges ut med mening!<span class=\"Apple-converted-space\">\u00a0<\/span><\/span><\/p>\n<p class=\"p3\"><i>\u00abBreibeint er mitt musikalske fristed og leikeplass. Vi har som m\u00e5l \u00e5 utfordre hverandre, men samtidig ogs\u00e5 st\u00f8tte opp under hverandres sprell<\/i>\u00bb &#8211; Vegar V\u00e5rdal.<\/p>\n<p class=\"p3\">\u00c5\u00a0st\u00e5 breibeint er noe Vegar og \u00c5smund har gjort s\u00e5 lenge de har spilt sammen. De er dypt forankret i den norske folkemusikktradisjonen, men vet ogs\u00e5 \u00e5 leke seg med den. Debutalbumet best\u00e5r av egenkomponert materiale. Duoen bruker rytmen, melankolien, galskapen, skj\u00f8nnheten og humoren som h\u00f8rer genren til. Ut av dette spinner de melodier med utgangspunkt i tradisjonelle danseformer, men som de setter sitt personlige preg p\u00e5. Arrangementene er preget av lekenhet og energi, og de henter inspirasjon til \u00e5 forme sluttproduktet fra b\u00e5de publikum, tid og sted. Her finnes alt fra ivrige nordlandspolser, via melankolske marsjer til valser med et hint av barokken.<\/p>\n<p class=\"p3\">\u00abDet er helt utrolig g\u00f8y \u00e5 slippe en plate med nesten utelukkende eget materiale &#8211; f\u00f8ler meg nesten naken\u00bb &#8211; Vegar V\u00e5rdal.<\/p>\n<div class=\"\">\n<p>&nbsp;<\/p>\n<\/div>\n<p><\/p>","protected":false},"excerpt":{"rendered":"<p><i>Etter 20 \u00e5rs musikalsk samarbeid lanserer folkemusikkduoen Breibeint sitt debutalbum.<\/i><\/p>\n","protected":false},"featured_media":39193,"comment_status":"closed","ping_status":"closed","template":"","meta":[],"product_brand":[],"product_cat":[6984],"product_tag":[],"class_list":{"0":"post-39192","1":"product","2":"type-product","3":"status-publish","4":"has-post-thumbnail","6":"product_cat-uncategorized","7":"product_shipping_class-cddvd-shipping","8":"uni_artist_tag-asmund-reistad","9":"uni_artist_tag-asmund-reistad-vegar-vardal","10":"uni_artist_tag-vegar-vardal","11":"uni_main_artist_tag-asmund-reistad-vegar-vardal","12":"uni_artist_genre-folkemusikk","13":"uni_artist_genre-tradisjonsmusikk","14":"uni_artist_genre-traditional","16":"first","17":"instock","18":"taxable","19":"shipping-taxable","20":"purchasable","21":"product-type-simple"},"_links":{"self":[{"href":"https:\/\/grappa.no\/no\/wp-json\/wp\/v2\/product\/39192","targetHints":{"allow":["GET"]}}],"collection":[{"href":"https:\/\/grappa.no\/no\/wp-json\/wp\/v2\/product"}],"about":[{"href":"https:\/\/grappa.no\/no\/wp-json\/wp\/v2\/types\/product"}],"replies":[{"embeddable":true,"href":"https:\/\/grappa.no\/no\/wp-json\/wp\/v2\/comments?post=39192"}],"wp:featuredmedia":[{"embeddable":true,"href":"https:\/\/grappa.no\/no\/wp-json\/wp\/v2\/media\/39193"}],"wp:attachment":[{"href":"https:\/\/grappa.no\/no\/wp-json\/wp\/v2\/media?parent=39192"}],"wp:term":[{"taxonomy":"product_brand","embeddable":true,"href":"https:\/\/grappa.no\/no\/wp-json\/wp\/v2\/product_brand?post=39192"},{"taxonomy":"product_cat","embeddable":true,"href":"https:\/\/grappa.no\/no\/wp-json\/wp\/v2\/product_cat?post=39192"},{"taxonomy":"product_tag","embeddable":true,"href":"https:\/\/grappa.no\/no\/wp-json\/wp\/v2\/product_tag?post=39192"}],"curies":[{"name":"wp","href":"https:\/\/api.w.org\/{rel}","templated":true}]}}

<p></p>
<div class="">
<p class="p1"><i>Etter 20 års musikalsk samarbeid lanserer folkemusikkduoen Breibeint sitt debutalbum.</i></p>
</div>
<p><!--more--></p>
<p class="p1"><span class="s1">Breibeint er en duo som består av to garvede og meget særpregede musikere. Vegar Vårdal og Åsmund Reistad har samarbeidet i 20 år, og har gjennom en rekke prosjekter satt et tydelig preg på norsk folkemusikk. I tillegg har de, på hver sin kant, solid erfaring fra samarbeid med bl.a. Mischa Alperin, Chateau Neuf Spelemannslag, Rusk og Aasmund Nordstoga. </span><span class="s2">I Breibeint forener de krefter i gnistrende samspill hvor hver tone betyr noe, og hver frase slynges ut med mening!<span class="Apple-converted-space"> </span></span></p>
<p class="p3"><i>«Breibeint er mitt musikalske fristed og leikeplass. Vi har som mål å utfordre hverandre, men samtidig også støtte opp under hverandres sprell</i>» &#8211; Vegar Vårdal.</p>
<p class="p3">Å stå breibeint er noe Vegar og Åsmund har gjort så lenge de har spilt sammen. De er dypt forankret i den norske folkemusikktradisjonen, men vet også å leke seg med den. Debutalbumet består av egenkomponert materiale. Duoen bruker rytmen, melankolien, galskapen, skjønnheten og humoren som hører genren til. Ut av dette spinner de melodier med utgangspunkt i tradisjonelle danseformer, men som de setter sitt personlige preg på. Arrangementene er preget av lekenhet og energi, og de henter inspirasjon til å forme sluttproduktet fra både publikum, tid og sted. Her finnes alt fra ivrige nordlandspolser, via melankolske marsjer til valser med et hint av barokken.</p>
<p class="p3">«Det er helt utrolig gøy å slippe en plate med nesten utelukkende eget materiale &#8211; føler meg nesten naken» &#8211; Vegar Vårdal.</p>
<div class="">
<p>&nbsp;</p>
</div>
<p></p>

<p><i>Etter 20 års musikalsk samarbeid lanserer folkemusikkduoen Breibeint sitt debutalbum.</i></p>
