{"id":39125,"date":"2021-05-21T08:00:33","date_gmt":"2021-05-21T07:00:33","guid":{"rendered":"https:\/\/grappa.no\/?post_type=product&#038;p=39125"},"modified":"2021-12-17T11:18:04","modified_gmt":"2021-12-17T10:18:04","slug":"slattesong","status":"publish","type":"product","link":"https:\/\/grappa.no\/no\/albums\/heilo\/slattesong\/","title":{"rendered":"Sl\u00e5ttesong"},"content":{"rendered":"<p><\/p>\n<div class=\"\">\n<p><strong>Folkemusikarane Margit Myhr og Erlend Apneseth set fokus p\u00e5 den solistiske ut<\/strong><strong>\u00f8<\/strong><strong>vartradisjonen for kveding og hardingfele med utgjevinga Sl<\/strong><strong>\u00e5<\/strong><strong>ttesong.<\/strong><\/p>\n<p>Erlend Apneseth (hardingfele) og Margit Myhr (vokal) er begge prisl\u00f8nte A-klasse-ut\u00f8varar, med ei solid forankring i tradisjonsmusikken. Apneseth er ein musikar som stadig kryssar grenser og sjangre, noko som har gjort han ettertrakta i fleire ulike musikalske milj\u00f8 og samarbeid. Myhr arbeider som skodespelar, dansar og songar, og er ein av v\u00e5re fremste formidlarar av scenisk folkekunst. Dette er to ut\u00f8varar som stadig s\u00f8ker nye uttrykk, men med denne utgjevinga vender dei tilbake til det tradisjonelle soloformatet med eit utval av personlege favorittar.<\/p>\n<\/div>\n<p><!--more--><\/p>\n<p>&nbsp;<\/p>\n<div class=\"\">\n<p>Det vokale repertoaret p\u00e5 plata er henta fr\u00e5 boka \u00abFolkesong i Hallingdal\u00bb (Gunnlaug Lien Myhr, 2015). Den inneheldt alt av innsamla vokalmateriale fr\u00e5 regionen, henta fr\u00e5 notasjonar og ulike arkiv, og mange av desse har ikkje vore lydfesta p\u00e5 ei plateutgjeving f\u00f8r. Apneseth har bakgrunn i tradisjonen fr\u00e5 Sunnfjord og Sogn, men har dei siste \u00e5ra fordjupa seg i speltradisjonen fr\u00e5 Hallingdal der han bur, og hardingfelerepertoaret p\u00e5 plata best\u00e5r s\u00e5leis av sl\u00e5ttar fr\u00e5 b\u00e5de Hallingdal og Vestlandet, i tillegg til eigenkomponerte sl\u00e5ttar.<\/p>\n<\/div>\n<p><\/p>","protected":false},"excerpt":{"rendered":"<p><strong>Folkemusikarane Margit Myhr og Erlend Apneseth set fokus p\u00e5 den solistiske ut<\/strong><strong>\u00f8<\/strong><strong>vartradisjonen for kveding og hardingfele med utgjevinga Sl<\/strong><strong>\u00e5<\/strong><strong>ttesong.<\/strong><\/p>\n","protected":false},"featured_media":39126,"comment_status":"closed","ping_status":"closed","template":"","meta":[],"product_brand":[],"product_cat":[35],"product_tag":[],"class_list":{"0":"post-39125","1":"product","2":"type-product","3":"status-publish","4":"has-post-thumbnail","6":"product_cat-heilo","7":"product_shipping_class-cddvd-shipping","8":"uni_main_artist_tag-margit-myhr-erlend-apneseth","9":"uni_artist_genre-folk-music","10":"uni_artist_genre-traditional","12":"first","13":"instock","14":"taxable","15":"shipping-taxable","16":"purchasable","17":"product-type-simple"},"_links":{"self":[{"href":"https:\/\/grappa.no\/no\/wp-json\/wp\/v2\/product\/39125","targetHints":{"allow":["GET"]}}],"collection":[{"href":"https:\/\/grappa.no\/no\/wp-json\/wp\/v2\/product"}],"about":[{"href":"https:\/\/grappa.no\/no\/wp-json\/wp\/v2\/types\/product"}],"replies":[{"embeddable":true,"href":"https:\/\/grappa.no\/no\/wp-json\/wp\/v2\/comments?post=39125"}],"wp:featuredmedia":[{"embeddable":true,"href":"https:\/\/grappa.no\/no\/wp-json\/wp\/v2\/media\/39126"}],"wp:attachment":[{"href":"https:\/\/grappa.no\/no\/wp-json\/wp\/v2\/media?parent=39125"}],"wp:term":[{"taxonomy":"product_brand","embeddable":true,"href":"https:\/\/grappa.no\/no\/wp-json\/wp\/v2\/product_brand?post=39125"},{"taxonomy":"product_cat","embeddable":true,"href":"https:\/\/grappa.no\/no\/wp-json\/wp\/v2\/product_cat?post=39125"},{"taxonomy":"product_tag","embeddable":true,"href":"https:\/\/grappa.no\/no\/wp-json\/wp\/v2\/product_tag?post=39125"}],"curies":[{"name":"wp","href":"https:\/\/api.w.org\/{rel}","templated":true}]}}

Slåttesong

<p></p>
<div class="">
<p><strong>Folkemusikarane Margit Myhr og Erlend Apneseth set fokus på den solistiske ut</strong><strong>ø</strong><strong>vartradisjonen for kveding og hardingfele med utgjevinga Sl</strong><strong>å</strong><strong>ttesong.</strong></p>
<p>Erlend Apneseth (hardingfele) og Margit Myhr (vokal) er begge prislønte A-klasse-utøvarar, med ei solid forankring i tradisjonsmusikken. Apneseth er ein musikar som stadig kryssar grenser og sjangre, noko som har gjort han ettertrakta i fleire ulike musikalske miljø og samarbeid. Myhr arbeider som skodespelar, dansar og songar, og er ein av våre fremste formidlarar av scenisk folkekunst. Dette er to utøvarar som stadig søker nye uttrykk, men med denne utgjevinga vender dei tilbake til det tradisjonelle soloformatet med eit utval av personlege favorittar.</p>
</div>
<p><!--more--></p>
<p>&nbsp;</p>
<div class="">
<p>Det vokale repertoaret på plata er henta frå boka «Folkesong i Hallingdal» (Gunnlaug Lien Myhr, 2015). Den inneheldt alt av innsamla vokalmateriale frå regionen, henta frå notasjonar og ulike arkiv, og mange av desse har ikkje vore lydfesta på ei plateutgjeving før. Apneseth har bakgrunn i tradisjonen frå Sunnfjord og Sogn, men har dei siste åra fordjupa seg i speltradisjonen frå Hallingdal der han bur, og hardingfelerepertoaret på plata består såleis av slåttar frå både Hallingdal og Vestlandet, i tillegg til eigenkomponerte slåttar.</p>
</div>
<p></p>

<p><strong>Folkemusikarane Margit Myhr og Erlend Apneseth set fokus på den solistiske ut</strong><strong>ø</strong><strong>vartradisjonen for kveding og hardingfele med utgjevinga Sl</strong><strong>å</strong><strong>ttesong.</strong></p>
