{"id":37600,"date":"2020-04-24T00:00:00","date_gmt":"2020-04-23T23:00:00","guid":{"rendered":"https:\/\/grappa.no\/no\/albums\/ukategorisert\/the-personal-gallery\/"},"modified":"2020-04-24T11:54:08","modified_gmt":"2020-04-24T10:54:08","slug":"the-personal-gallery","status":"publish","type":"product","link":"https:\/\/grappa.no\/no\/albums\/grappa\/the-personal-gallery\/","title":{"rendered":"The Personal Gallery"},"content":{"rendered":"<p><\/p>\n<p>Ketil Bj\u00f8rnstad \/ Guro Kleven Hagen &#8211; The Personal Gallery<\/p>\n<p>I 2010 h\u00f8rte Ketil Bj\u00f8rnstad fiolinist Guro Kleven Hagen for f\u00f8rste gang. Det<br \/>\nsatte et varig inntrykk som har resultert i et helt nytt samarbeid med albumet<br \/>\nThe Personal Gallery.<\/p>\n<p>Musikken p\u00e5 dette albumet har Ketil, med sv\u00e6rt f\u00e5 unntak, skrevet tett opp mot<br \/>\ninnspillingen, og med tanke p\u00e5 hvordan Guro ville kunne bringe komposisjonene<br \/>\nvidere, utdype dem, med sin egen klanglige og melodiske bevissthet. Et musikalsk<br \/>\nog subjektivt billedgalleri, p\u00e5 tvers av tid. De bildene vi til enhver tid har inni oss. De viktigste og mest personlige.<\/p>\n<p><!--more--><\/p>\n<p>Ketil Bj\u00f8rnstad \/ Guro Kleven Hagen &#8211; The Personal Gallery<\/p>\n<h4>Et musikalsk og subjektivt billedgalleri<\/h4>\n<p>Med sistesatsen fra Tsjaikovskijs fiolinkonsert kom Kleven Hagen for ti \u00e5r siden p\u00e5 andre plass i Eurovision Young Musicians-konkurransen foran den russiske pianisten Daniil Trifonov, som ogs\u00e5 spilte Tsjaikovskij den gangen. \u00c5ret etter h\u00f8rte Ketil henne igjen spille hele Tsjaikovskij-konserten med Oslo-Filharmonien. Da var Guro bare 17 \u00e5r gammel.<\/p>\n<p>\u2013 Det ble en av disse konsertene man ville huske for livet. Selv dirigenten, Jukka Pekka Saraste, var tydelig ber\u00f8rt, forteller Ketil.<\/p>\n<p>Guro kjente ogs\u00e5 godt til forfatteren, komponisten og pianisten Ketil Bj\u00f8rnstad. Hun hadde akkurat lest \u00abOda!\u00bb og forelsket seg i \u00abSommernatt ved fjorden\u00bb da hun i 2016 kontaktet Ketil for \u00e5 sp\u00f8rre om han ville v\u00e6re med p\u00e5 festivalen hennes, Valdres Sommersymfoni. Ketil takket ja, og spurte om han ikke ogs\u00e5 kunne skrive noe for henne.<\/p>\n<p>\u2013 Jeg ble s\u00e5 glad da Ketil foreslo at han kunne komponere noe for oss. Melodiene hans treffer meg alltid rett inn i hjertet, sier Guro.<\/p>\n<p>Dette ble starten p\u00e5 det som har blitt The Personal Gallery.<\/p>\n<p>\u2013 Vi visste ikke stort mer om hverandre enn at de begge elsket Schubert. Men det var mer enn nok for \u00e5 skape dette samarbeidet. Og da hun i en brevveksling mellom oss nevnte at hun hadde et spesielt forhold til \u00abSommernatt ved fjorden\u00bb, tenkte jeg at jeg kunne g\u00e5 videre med den melodien, med Schubert i bakhodet, sier han.<\/p>\n<p>Ketil forteller at han plutselig fikk et bilde av bohem-prinsessen Oda Krohg, som denne sangen handler om. Hvordan hun kunne sitte p\u00e5 Blom Bodega p\u00e5 nittentyvetallet, da hun selv var blitt gammel, og fortelle om sin egen fortid. \u00abOda Krohg, 1927\u00bb, en videref\u00f8ring av \u00abSommernatt ved Fjorden\u00bb, ble starten p\u00e5 samarbeidet mellom Guro og Ketil.<\/p>\n<p>Plutselig slo det Ketil at Guro n\u00e5 var akkurat like gammel som han selv hadde v\u00e6rt da han skrev denne sangen i 1978.<\/p>\n<p>\u2013 Musikken p\u00e5 dette albumet er, med sv\u00e6rt f\u00e5 unntak, skrevet tett opp mot innspillingen, og med tanke p\u00e5 hvordan Guro ville kunne bringe komposisjonene videre, utdype dem, med sin egen klanglige og melodiske bevissthet. Et musikalsk og subjektivt billedgalleri, p\u00e5 tvers av tid. Ja, The Personal Gallery. De bildene vi til enhver tid har inni oss. De viktigste og mest personlige, sier han.<\/p>\n<p>\u2013 Det er 42 \u00e5r mellom oss. Jeg kunne v\u00e6rt hennes bestefar. Men det er jeg som er eleven, avslutter Ketil.<\/p>\n<h4><\/h4>\n<p><h4><\/h4>\n<\/p>\n<p><\/p>","protected":false},"excerpt":{"rendered":"<p>Nytt samarbeid mellom Ketil Bj\u00f8rnstad og Guro Kleven Hagen har resultert i albumet &quot;The Personal Gallery&quot;<\/p>\n","protected":false},"featured_media":37601,"comment_status":"closed","ping_status":"open","template":"","meta":[],"product_brand":[],"product_cat":[6],"product_tag":[],"class_list":{"0":"post-37600","1":"product","2":"type-product","3":"status-publish","4":"has-post-thumbnail","6":"product_cat-grappa","7":"product_shipping_class-cddvd-shipping","8":"uni_artist_tag-guro-kleven-hagen","9":"uni_artist_tag-ketil-bjornstad","10":"uni_artist_genre-classical","11":"uni_artist_genre-instrumental","13":"first","14":"instock","15":"taxable","16":"shipping-taxable","17":"purchasable","18":"product-type-simple"},"_links":{"self":[{"href":"https:\/\/grappa.no\/no\/wp-json\/wp\/v2\/product\/37600","targetHints":{"allow":["GET"]}}],"collection":[{"href":"https:\/\/grappa.no\/no\/wp-json\/wp\/v2\/product"}],"about":[{"href":"https:\/\/grappa.no\/no\/wp-json\/wp\/v2\/types\/product"}],"replies":[{"embeddable":true,"href":"https:\/\/grappa.no\/no\/wp-json\/wp\/v2\/comments?post=37600"}],"wp:featuredmedia":[{"embeddable":true,"href":"https:\/\/grappa.no\/no\/wp-json\/wp\/v2\/media\/37601"}],"wp:attachment":[{"href":"https:\/\/grappa.no\/no\/wp-json\/wp\/v2\/media?parent=37600"}],"wp:term":[{"taxonomy":"product_brand","embeddable":true,"href":"https:\/\/grappa.no\/no\/wp-json\/wp\/v2\/product_brand?post=37600"},{"taxonomy":"product_cat","embeddable":true,"href":"https:\/\/grappa.no\/no\/wp-json\/wp\/v2\/product_cat?post=37600"},{"taxonomy":"product_tag","embeddable":true,"href":"https:\/\/grappa.no\/no\/wp-json\/wp\/v2\/product_tag?post=37600"}],"curies":[{"name":"wp","href":"https:\/\/api.w.org\/{rel}","templated":true}]}}

<p></p>
<p>Ketil Bjørnstad / Guro Kleven Hagen &#8211; The Personal Gallery</p>
<p>I 2010 hørte Ketil Bjørnstad fiolinist Guro Kleven Hagen for første gang. Det<br />
satte et varig inntrykk som har resultert i et helt nytt samarbeid med albumet<br />
The Personal Gallery.</p>
<p>Musikken på dette albumet har Ketil, med svært få unntak, skrevet tett opp mot<br />
innspillingen, og med tanke på hvordan Guro ville kunne bringe komposisjonene<br />
videre, utdype dem, med sin egen klanglige og melodiske bevissthet. Et musikalsk<br />
og subjektivt billedgalleri, på tvers av tid. De bildene vi til enhver tid har inni oss. De viktigste og mest personlige.</p>
<p><!--more--></p>
<p>Ketil Bjørnstad / Guro Kleven Hagen &#8211; The Personal Gallery</p>
<h4>Et musikalsk og subjektivt billedgalleri</h4>
<p>Med sistesatsen fra Tsjaikovskijs fiolinkonsert kom Kleven Hagen for ti år siden på andre plass i Eurovision Young Musicians-konkurransen foran den russiske pianisten Daniil Trifonov, som også spilte Tsjaikovskij den gangen. Året etter hørte Ketil henne igjen spille hele Tsjaikovskij-konserten med Oslo-Filharmonien. Da var Guro bare 17 år gammel.</p>
<p>– Det ble en av disse konsertene man ville huske for livet. Selv dirigenten, Jukka Pekka Saraste, var tydelig berørt, forteller Ketil.</p>
<p>Guro kjente også godt til forfatteren, komponisten og pianisten Ketil Bjørnstad. Hun hadde akkurat lest «Oda!» og forelsket seg i «Sommernatt ved fjorden» da hun i 2016 kontaktet Ketil for å spørre om han ville være med på festivalen hennes, Valdres Sommersymfoni. Ketil takket ja, og spurte om han ikke også kunne skrive noe for henne.</p>
<p>– Jeg ble så glad da Ketil foreslo at han kunne komponere noe for oss. Melodiene hans treffer meg alltid rett inn i hjertet, sier Guro.</p>
<p>Dette ble starten på det som har blitt The Personal Gallery.</p>
<p>– Vi visste ikke stort mer om hverandre enn at de begge elsket Schubert. Men det var mer enn nok for å skape dette samarbeidet. Og da hun i en brevveksling mellom oss nevnte at hun hadde et spesielt forhold til «Sommernatt ved fjorden», tenkte jeg at jeg kunne gå videre med den melodien, med Schubert i bakhodet, sier han.</p>
<p>Ketil forteller at han plutselig fikk et bilde av bohem-prinsessen Oda Krohg, som denne sangen handler om. Hvordan hun kunne sitte på Blom Bodega på nittentyvetallet, da hun selv var blitt gammel, og fortelle om sin egen fortid. «Oda Krohg, 1927», en videreføring av «Sommernatt ved Fjorden», ble starten på samarbeidet mellom Guro og Ketil.</p>
<p>Plutselig slo det Ketil at Guro nå var akkurat like gammel som han selv hadde vært da han skrev denne sangen i 1978.</p>
<p>– Musikken på dette albumet er, med svært få unntak, skrevet tett opp mot innspillingen, og med tanke på hvordan Guro ville kunne bringe komposisjonene videre, utdype dem, med sin egen klanglige og melodiske bevissthet. Et musikalsk og subjektivt billedgalleri, på tvers av tid. Ja, The Personal Gallery. De bildene vi til enhver tid har inni oss. De viktigste og mest personlige, sier han.</p>
<p>– Det er 42 år mellom oss. Jeg kunne vært hennes bestefar. Men det er jeg som er eleven, avslutter Ketil.</p>
<h4></h4>
<p><h4></h4>
</p>
<p></p>

<p>Nytt samarbeid mellom Ketil Bjørnstad og Guro Kleven Hagen har resultert i albumet &quot;The Personal Gallery&quot;</p>
