{"id":37582,"date":"2020-04-03T00:00:00","date_gmt":"2020-04-02T23:00:00","guid":{"rendered":"https:\/\/grappa.no\/no\/albums\/ukategorisert\/hanne-borchgrevink-hus\/"},"modified":"2024-11-27T12:12:47","modified_gmt":"2024-11-27T11:12:47","slug":"hanne-borchgrevink-hus","status":"publish","type":"product","link":"https:\/\/grappa.no\/no\/albums\/grappa\/hanne-borchgrevink-hus\/","title":{"rendered":"Hanne Borchgrevink: Hus"},"content":{"rendered":"<p><\/p>\n<p>Fra den anerkjente billedkunstneren Hanne Borchgrevink kommer et prosjekt som unders\u00f8ker om et bilde kan beskrives med lyd, slik at den som ser og h\u00f8rer opplever sammenhengen mellom bilde og lyd. Verket ble presentert i galleri OSL contemporary i Oslo i november 2017. De tre tresnittene ble stilt ut sammen med \u00f8retelefoner som gjenga de ulike lydbeskrivelsene. N\u00e5 kommer musikken ut p\u00e5 CD og vinyl i uts\u00f8kt innpakning, med cover og booklet basert p\u00e5 tresnittene.<\/p>\n<p><!--more--><\/p>\n<h4>Hanne Borchgrevink om prosjektet \u00abHUS\u00bb<\/h4>\n<p>\u00abHvis flere komponister\/musikere\/lydkunstnere gjengir samme bilde, vil beskrivelsene ligne hverandre? Utfylle hverandre? 12 personer ville v\u00e6re med p\u00e5 prosjektet. Alle hadde tidligere sett bilder jeg har laget. De ble bedt om \u00e5 gi en lydbeskrivelse p\u00e5 tilsammen 3 minutter av 3 varianter av tresnittet \u00abSilhuett med r\u00f8d bakgrunn\u00bb. Hvert av tresnittene m\u00e5ler 44x44cm og er trykket p\u00e5 eget verksted i et opplag p\u00e5 22 eksemplarer. Husfargen varierer innen opplaget. Bildene ble vist i rekkef\u00f8lgen: lyst, m\u00f8rkere, m\u00f8rkest. Verket ble presentert i galler OSL contemporary i Oslo i november 2017. De tre tresnittene ble stilt ut sammen med \u00f8retelefoner som gjenga de ulike lydbeskrivelsene. 90 mindre tresnittvarianter av motivet, med st\u00f8rrelse 16x16cm, var montert p\u00e5 veggene, som et slags ekko til b\u00e5de bildene og lyden. Deltagerne leverte ogs\u00e5 en tekst til meg, der de fortalte hvordan de hadde arbeidet med oppgaven. Denne teksten l\u00e5 i galleriet og er gjengitt i tekstheftet vedlagt CD og LP.\u00bb<\/p>\n<h4><\/h4>\n<h4><\/h4>\n<p><\/p>","protected":false},"excerpt":{"rendered":"","protected":false},"featured_media":37585,"comment_status":"closed","ping_status":"closed","template":"","meta":[],"product_brand":[],"product_cat":[6],"product_tag":[],"class_list":{"0":"post-37582","1":"product","2":"type-product","3":"status-publish","4":"has-post-thumbnail","6":"product_cat-grappa","7":"product_shipping_class-cddvd-shipping","8":"uni_artist_tag-anders-jormin","9":"uni_artist_tag-frode-haltli","10":"uni_artist_tag-hanne-borchgrevink","11":"uni_artist_tag-hans-hulbaekmo","12":"uni_artist_tag-hild-borchgrevink","13":"uni_artist_tag-jan-martin-smordal","14":"uni_artist_tag-lene-grenager","15":"uni_artist_tag-maja-s-k-ratkje","16":"uni_artist_tag-oystein-wyller-odden","17":"uni_artist_tag-per-anders-buen-garnas","18":"uni_artist_tag-per-christian-revholt","19":"uni_artist_tag-rolf-erik-nystrom","20":"uni_artist_tag-sinikka-langeland","21":"uni_artist_tag-sven-lyder-kahrs","22":"uni_main_artist_tag-hanne-borchgrevink","23":"uni_artist_genre-contemporary-music","24":"uni_artist_genre-jazz","26":"first","27":"instock","28":"taxable","29":"shipping-taxable","30":"purchasable","31":"product-type-variable","32":"has-default-attributes"},"_links":{"self":[{"href":"https:\/\/grappa.no\/no\/wp-json\/wp\/v2\/product\/37582","targetHints":{"allow":["GET"]}}],"collection":[{"href":"https:\/\/grappa.no\/no\/wp-json\/wp\/v2\/product"}],"about":[{"href":"https:\/\/grappa.no\/no\/wp-json\/wp\/v2\/types\/product"}],"replies":[{"embeddable":true,"href":"https:\/\/grappa.no\/no\/wp-json\/wp\/v2\/comments?post=37582"}],"wp:featuredmedia":[{"embeddable":true,"href":"https:\/\/grappa.no\/no\/wp-json\/wp\/v2\/media\/37585"}],"wp:attachment":[{"href":"https:\/\/grappa.no\/no\/wp-json\/wp\/v2\/media?parent=37582"}],"wp:term":[{"taxonomy":"product_brand","embeddable":true,"href":"https:\/\/grappa.no\/no\/wp-json\/wp\/v2\/product_brand?post=37582"},{"taxonomy":"product_cat","embeddable":true,"href":"https:\/\/grappa.no\/no\/wp-json\/wp\/v2\/product_cat?post=37582"},{"taxonomy":"product_tag","embeddable":true,"href":"https:\/\/grappa.no\/no\/wp-json\/wp\/v2\/product_tag?post=37582"}],"curies":[{"name":"wp","href":"https:\/\/api.w.org\/{rel}","templated":true}]}}

<p></p>
<p>Fra den anerkjente billedkunstneren Hanne Borchgrevink kommer et prosjekt som undersøker om et bilde kan beskrives med lyd, slik at den som ser og hører opplever sammenhengen mellom bilde og lyd. Verket ble presentert i galleri OSL contemporary i Oslo i november 2017. De tre tresnittene ble stilt ut sammen med øretelefoner som gjenga de ulike lydbeskrivelsene. Nå kommer musikken ut på CD og vinyl i utsøkt innpakning, med cover og booklet basert på tresnittene.</p>
<p><!--more--></p>
<h4>Hanne Borchgrevink om prosjektet «HUS»</h4>
<p>«Hvis flere komponister/musikere/lydkunstnere gjengir samme bilde, vil beskrivelsene ligne hverandre? Utfylle hverandre? 12 personer ville være med på prosjektet. Alle hadde tidligere sett bilder jeg har laget. De ble bedt om å gi en lydbeskrivelse på tilsammen 3 minutter av 3 varianter av tresnittet «Silhuett med rød bakgrunn». Hvert av tresnittene måler 44x44cm og er trykket på eget verksted i et opplag på 22 eksemplarer. Husfargen varierer innen opplaget. Bildene ble vist i rekkefølgen: lyst, mørkere, mørkest. Verket ble presentert i galler OSL contemporary i Oslo i november 2017. De tre tresnittene ble stilt ut sammen med øretelefoner som gjenga de ulike lydbeskrivelsene. 90 mindre tresnittvarianter av motivet, med størrelse 16x16cm, var montert på veggene, som et slags ekko til både bildene og lyden. Deltagerne leverte også en tekst til meg, der de fortalte hvordan de hadde arbeidet med oppgaven. Denne teksten lå i galleriet og er gjengitt i tekstheftet vedlagt CD og LP.»</p>
<h4></h4>
<h4></h4>
<p></p>
