{"id":37443,"date":"2020-01-24T00:00:00","date_gmt":"2020-01-23T23:00:00","guid":{"rendered":"https:\/\/grappa.no\/no\/albums\/ukategorisert\/sastrugi\/"},"modified":"2020-03-09T14:34:09","modified_gmt":"2020-03-09T13:34:09","slug":"sastrugi","status":"publish","type":"product","link":"https:\/\/grappa.no\/no\/albums\/heilo\/sastrugi\/","title":{"rendered":"Sastrugi"},"content":{"rendered":"<p><\/p>\n<p>Et sl\u00e5ende og personlig verk<\/p>\n<p>Erlend Viken har komponert et sl\u00e5ende og personlig verk om vinteren, framf\u00f8rt sammen med et stjernelag av musikere. Frida \u00c5nnevik har bidratt med to tekster, sunget av Ellen Andrea Wang og Marius Graff. Erlend er en av Norges mest meritterte folkemusikere og har de siste \u00e5rene satset p\u00e5 sin trio Erlend Viken Trio, som tar folkemusikken utenfor boksen og viser et sterkt behov for utforskertrang. Dette bestillingsverket understreker utforskertrangen ytterligere, vinterens ulike faser fra det vare til det sterkt rytmiske, gjennom et verk hvor folkemusikkens s\u00e6regne trekk innhylles i medmusikernes bakgrunn i jazz og pop.<\/p>\n<p><!--more--><\/p>\n<h4>Et stjernelag hyller vinteren<\/h4>\n<p>Sastrugi ble komponert p\u00e5 bestilling fra R\u00f8ros Folk Festival og Festspillene i Nord-Norge, og er et programmatisk verk som tar for seg vinteren fra f\u00f8rste sn\u00f8dryss til siste slaps. Verket er f\u00f8rst og fremst en hyllest til vinteren, men ogs\u00e5 et uttrykk for bekymring for at vinteren er i endring.<\/p>\n<p>Valget av tittelen Sastrugi er basert p\u00e5 tanken om langstrakte vidder, evighetsf\u00f8lelse, ro, balanse. Et hvitt univers, der alt ser likt ut p\u00e5 avstand, men kommer en n\u00e6rmere innp\u00e5 ser en de dramatiske formene, sn\u00f8kornene og sn\u00f8ens samspill med vind og v\u00e6r, mennesker og dyr, og fjellets lunefullhet.<\/p>\n<p>Med seg p\u00e5 laget har Erlend f\u00e5tt med seg noen av sine favorittmusikere. Ellen Andrea Wang (Gurls, Ellen Andrea Wang Trio, Manu Katch\u00e9, Sting), Ellen Andrea bidrar ogs\u00e5 med l\u00e5ten \u00a8Fjord\u00a8 p\u00e5 plata. Den enest\u00e5ende Maija Kauhanen reiser verden rundt med sitt enmannsorkester. Hun bidrar med l\u00e5ten \u00a8Is\u00a8 p\u00e5 plata. Marius Graff (Telegram, Marit Larsen, Lillebj\u00f8rn Nilsen). Erland Dahlen (Madrugada, Odd Nordstoga, Hanne Hukkelberg, Nils Petter Molv\u00e6r). Produsent p\u00e5 plata er sanger og hardingfelespiller Tuva Syvertsen (Valkyrien Allstars).<\/p>\n<h4>Om Erlend<\/h4>\n<p>Felespilleren Erlend Viken (f\u00f8dt 1984 i Oppdal) komponerer musikk for dans og teater og har samarbeidet med bl.a. Frikar Dance Company. Han har spilt p\u00e5 en rekke plateutgivelser og samarbeidet med artister som OnklP &amp; De Fjerne Slektningene, Erlend Ropstad, Mathias Eick Quintet og Ingebj\u00f8rg Bratland. Han har to nominasjoner til Spellemann med Earlybird Stringband, og med duoen Viken\/Brimi vant han Folkelarmprisen i 2009. Sommeren 2012 vant Erlend Intro-Folk i regi av Rikskonsertene. I 2016 vant han Landskappleiken i fele klasse A. Hovedprosjektet hans de siste fem \u00e5rene har v\u00e6rt Erlend Viken Trio. Erlend var allerede en etablert og prisvinnende musiker da han platedebuterte med det kritikerroste albumet \u00abFrie t\u00f8yler\u00bb i 2014. Adresseavisen mente albumet var \u00abfolkemusikk\u00e5rets mest spennende album\u00bb, og at \u00abdette er musikk som treffer deg uansett om du er tilhenger av folkemusikk, rock eller blues\u00bb. NRK P2 meldte at &quot;Erlend Viken trio har funnet et originalt uttrykk som skiller seg fra alle andre\u00bb og Dagbladet skrev at albumet &quot;i likhet med mye god musikk er bortimot umulig \u00e5 sjangerdefinere\u00bb.<\/p>\n<h4>Turn\u00e9 i Tr\u00f8ndelag fra 28.01 til 02.02 2020<\/h4>\n<p>Trondheim<br \/>\nLevanger<br \/>\nStj\u00f8rdal<br \/>\nNamsos<br \/>\nOppdal<br \/>\nOslo<\/p>\n<p><\/p>","protected":false},"excerpt":{"rendered":"<p>En hyllest til vinterens og sn\u00f8es mange faser<\/p>\n","protected":false},"featured_media":37444,"comment_status":"closed","ping_status":"open","template":"","meta":[],"product_brand":[],"product_cat":[35],"product_tag":[],"class_list":{"0":"post-37443","1":"product","2":"type-product","3":"status-publish","4":"has-post-thumbnail","6":"product_cat-heilo","7":"product_shipping_class-cddvd-shipping","8":"uni_artist_tag-ellen-andrea-wang","9":"uni_artist_tag-erland-dahlen","10":"uni_artist_tag-erlend-viken","11":"uni_artist_tag-maija-kauhanen","12":"uni_artist_tag-marius-graff","13":"uni_artist_tag-tuva-livsdatter-syvertsen","14":"uni_main_artist_tag-erlend-viken","15":"uni_artist_genre-folk-music","16":"uni_artist_genre-jazz","18":"first","19":"instock","20":"taxable","21":"shipping-taxable","22":"purchasable","23":"product-type-simple"},"_links":{"self":[{"href":"https:\/\/grappa.no\/no\/wp-json\/wp\/v2\/product\/37443","targetHints":{"allow":["GET"]}}],"collection":[{"href":"https:\/\/grappa.no\/no\/wp-json\/wp\/v2\/product"}],"about":[{"href":"https:\/\/grappa.no\/no\/wp-json\/wp\/v2\/types\/product"}],"replies":[{"embeddable":true,"href":"https:\/\/grappa.no\/no\/wp-json\/wp\/v2\/comments?post=37443"}],"wp:featuredmedia":[{"embeddable":true,"href":"https:\/\/grappa.no\/no\/wp-json\/wp\/v2\/media\/37444"}],"wp:attachment":[{"href":"https:\/\/grappa.no\/no\/wp-json\/wp\/v2\/media?parent=37443"}],"wp:term":[{"taxonomy":"product_brand","embeddable":true,"href":"https:\/\/grappa.no\/no\/wp-json\/wp\/v2\/product_brand?post=37443"},{"taxonomy":"product_cat","embeddable":true,"href":"https:\/\/grappa.no\/no\/wp-json\/wp\/v2\/product_cat?post=37443"},{"taxonomy":"product_tag","embeddable":true,"href":"https:\/\/grappa.no\/no\/wp-json\/wp\/v2\/product_tag?post=37443"}],"curies":[{"name":"wp","href":"https:\/\/api.w.org\/{rel}","templated":true}]}}

<p></p>
<p>Et slående og personlig verk</p>
<p>Erlend Viken har komponert et slående og personlig verk om vinteren, framført sammen med et stjernelag av musikere. Frida Ånnevik har bidratt med to tekster, sunget av Ellen Andrea Wang og Marius Graff. Erlend er en av Norges mest meritterte folkemusikere og har de siste årene satset på sin trio Erlend Viken Trio, som tar folkemusikken utenfor boksen og viser et sterkt behov for utforskertrang. Dette bestillingsverket understreker utforskertrangen ytterligere, vinterens ulike faser fra det vare til det sterkt rytmiske, gjennom et verk hvor folkemusikkens særegne trekk innhylles i medmusikernes bakgrunn i jazz og pop.</p>
<p><!--more--></p>
<h4>Et stjernelag hyller vinteren</h4>
<p>Sastrugi ble komponert på bestilling fra Røros Folk Festival og Festspillene i Nord-Norge, og er et programmatisk verk som tar for seg vinteren fra første snødryss til siste slaps. Verket er først og fremst en hyllest til vinteren, men også et uttrykk for bekymring for at vinteren er i endring.</p>
<p>Valget av tittelen Sastrugi er basert på tanken om langstrakte vidder, evighetsfølelse, ro, balanse. Et hvitt univers, der alt ser likt ut på avstand, men kommer en nærmere innpå ser en de dramatiske formene, snøkornene og snøens samspill med vind og vær, mennesker og dyr, og fjellets lunefullhet.</p>
<p>Med seg på laget har Erlend fått med seg noen av sine favorittmusikere. Ellen Andrea Wang (Gurls, Ellen Andrea Wang Trio, Manu Katché, Sting), Ellen Andrea bidrar også med låten ¨Fjord¨ på plata. Den enestående Maija Kauhanen reiser verden rundt med sitt enmannsorkester. Hun bidrar med låten ¨Is¨ på plata. Marius Graff (Telegram, Marit Larsen, Lillebjørn Nilsen). Erland Dahlen (Madrugada, Odd Nordstoga, Hanne Hukkelberg, Nils Petter Molvær). Produsent på plata er sanger og hardingfelespiller Tuva Syvertsen (Valkyrien Allstars).</p>
<h4>Om Erlend</h4>
<p>Felespilleren Erlend Viken (født 1984 i Oppdal) komponerer musikk for dans og teater og har samarbeidet med bl.a. Frikar Dance Company. Han har spilt på en rekke plateutgivelser og samarbeidet med artister som OnklP &amp; De Fjerne Slektningene, Erlend Ropstad, Mathias Eick Quintet og Ingebjørg Bratland. Han har to nominasjoner til Spellemann med Earlybird Stringband, og med duoen Viken/Brimi vant han Folkelarmprisen i 2009. Sommeren 2012 vant Erlend Intro-Folk i regi av Rikskonsertene. I 2016 vant han Landskappleiken i fele klasse A. Hovedprosjektet hans de siste fem årene har vært Erlend Viken Trio. Erlend var allerede en etablert og prisvinnende musiker da han platedebuterte med det kritikerroste albumet «Frie tøyler» i 2014. Adresseavisen mente albumet var «folkemusikkårets mest spennende album», og at «dette er musikk som treffer deg uansett om du er tilhenger av folkemusikk, rock eller blues». NRK P2 meldte at &quot;Erlend Viken trio har funnet et originalt uttrykk som skiller seg fra alle andre» og Dagbladet skrev at albumet &quot;i likhet med mye god musikk er bortimot umulig å sjangerdefinere».</p>
<h4>Turné i Trøndelag fra 28.01 til 02.02 2020</h4>
<p>Trondheim<br />
Levanger<br />
Stjørdal<br />
Namsos<br />
Oppdal<br />
Oslo</p>
<p></p>

<p>En hyllest til vinterens og snøes mange faser</p>
