{"id":37411,"date":"2018-11-16T00:00:00","date_gmt":"2018-11-15T23:00:00","guid":{"rendered":"https:\/\/grappa.no\/no\/albums\/ukategorisert\/im-treibhaus\/"},"modified":"2020-08-21T08:57:15","modified_gmt":"2020-08-21T07:57:15","slug":"im-treibhaus","status":"publish","type":"product","link":"https:\/\/grappa.no\/no\/albums\/grappa\/im-treibhaus\/","title":{"rendered":"Im Treibhaus"},"content":{"rendered":"<p><\/p>\n<p>I drivhuset  Endelig kommer oppf\u00f8lgeren til H\u00e5kon Kornstads kritikerroste Tenor Battle fra 2015! Albumets tittel Im Treibhaus (I drivhuset) er ogs\u00e5 tittelen p\u00e5 en sang fra den tyske operakomponisten Richard Wagners syklus Wesendonck-Lieder, og speiler trioens originale sammensetning av klassisk musikk og jazz.  Starten p\u00e5 Kornstads eksperimentelle drivhus oppsto da han som 32-\u00e5rig, veletablert jazzsaxofonist oppdaget opera. Dette f\u00f8rte til en plutselig pasjon for klassisk musikk og studier ved Operah\u00f8gskolen, og har n\u00e5 vokst videre til en musikalsk stilart han er helt alene om i verden, og som publikum for alvor er i ferd med \u00e5 f\u00e5 \u00f8rene opp for. Sammen med Frode Haltli p\u00e5 akkordion og Mats Eilertsen p\u00e5 kontrabass, nytolker H\u00e5kon Kornstad sanger og operaarier av blant andre Schubert, Verdi, Grieg, Mascagni og Tosti. \u201dAlt er lov i 2018, s\u00e5 lenge det ber\u00f8rer, og det vi gj\u00f8r i trioen er et slags innspill til hvordan musikkhistorien kan forvaltes videre. Vi kan redigere fritt, og sette sammen fritt, men vi gj\u00f8r det selvsagt med kj\u00e6rlighet og respekt for opprinnelsen\u201d, sier Kornstad.<\/p>\n<p><!--more--><\/p>\n<p>Senh\u00f8stens overraskelse for musikkelskere: Plutselig kommer oppf\u00f8lgeren til H\u00e5kon Kornstads kritikerroste Tenor Battle fra 2015, og saxofonisten og tenorsangeren varsler enda flere overraskelser oppunder jul.<\/p>\n<h4>Operafrelst jazzmusiker<\/h4>\n<p>For ni \u00e5r siden fikk den dengang unge jazzsaxofonisten med en gryende internasjonal karriere bakoversveis da han h\u00f8rte opera for f\u00f8rste gang i New York. Det som f\u00f8rte til en av skandinavisk jazz mest profilerte unge musikeres plutselige pasjon for klassisk musikk og studier ved Operah\u00f8gskolen, har n\u00e5 vokst videre til en musikalsk stilart han er helt alene om i verden, og som publikum for alvor er i ferd med \u00e5 f\u00e5 \u00f8rene opp for. \u2013 Det er denne veien musikken g\u00e5r, sp\u00f8r du meg. Uttrykket \u00abmoderne\u00bb er over hundre \u00e5r gammelt, og det er n\u00e5 like lenge siden Coltrane og Stravinskij herjet, som det er fra deres tid tilbake til romantikken. Alt er lov i 2018, s\u00e5 lenge det ber\u00f8rer, og det vi gj\u00f8r i trioen er et slags innspill til hvordan musikkhistorien kan forvaltes videre. Vi kan redigere fritt, og sette sammen fritt, men vi gj\u00f8r det selvsagt med kj\u00e6rlighet og respekt for opprinnelsen, sier Kornstad.<\/p>\n<h4>Nytolkninger av klassiske verk<\/h4>\n<p>Sammen med Frode Haltli p\u00e5 akkordion og Mats Eilertsen p\u00e5 kontrabass, nytolker H\u00e5kon Kornstad sanger og operaarier av blant andre Schubert, Verdi, Grieg, Mascagni og Tosti. Utvalget skjer i fellesskap, og arrangeringen skjer spontant, forklarer han. \u2013 Noen komposisjoner bare virker, og snakker direkte med musikantene i oss. Andre trenger mer arbeid, redigering og arrangering for \u00e5 funke i v\u00e5rt uttrykk. Og s\u00e5 er det selvsagt noen som ikke kommer til \u00e5 fungere, samme hvordan vi vrir og vrenger p\u00e5 dem. Men jeg er veldig forn\u00f8yd med det utvalget vi fant til denne plata. Den er p\u00e5 mange m\u00e5ter blitt mer opera og mer jazz p\u00e5 samme tid enn noe jeg har laget tidligere.<\/p>\n<h4>Drivhusmodellen<\/h4>\n<p>H\u00e5kon Kornstads drivhusmodell handler ogs\u00e5 om hvordan en klassisk sangstemme m\u00e5 dyrkes fram, og lures dit den vil g\u00e5. Den har vokst betraktelig siden Tenor Battle for tre \u00e5r siden. \u2013 N\u00e5 pr\u00f8vesynger jeg for operaroller i fullt alvor. Jeg gir meg ikke f\u00f8r jeg har en rolle. Det trenger ikke v\u00e6re p\u00e5 La Scala, det kan godt v\u00e6re i Brumunddal, det er musikken som er viktigst, sier Kornstad. Og de andre overraskelsene? \u2013Det har kanskje noe med jul \u00e5 gj\u00f8re. Men det finnes nok julekonserter n\u00e5, s\u00e5 det er nok ikke d\u00e9t. Jeg f\u00e5r si som de i Ex on the beach: F\u00f8lg med i sosiale medier!, avslutter han.<\/p>\n<p><\/p>","protected":false},"excerpt":{"rendered":"<p>&#8211; &quot;Jeg f\u00f8ler meg som en slags musikalsk gartner, som setter sammen stilarter, pleier og steller med dem, og lar dem gro fram som noe nytt.&quot;<\/p>\n","protected":false},"featured_media":36205,"comment_status":"closed","ping_status":"open","template":"","meta":[],"product_brand":[],"product_cat":[6],"product_tag":[],"class_list":{"0":"post-37411","1":"product","2":"type-product","3":"status-publish","4":"has-post-thumbnail","6":"product_cat-grappa","7":"product_shipping_class-cddvd-shipping","8":"uni_artist_tag-edouard-lalo","9":"uni_artist_tag-edvard-grieg","10":"uni_artist_tag-francesco-paolo-tosti","11":"uni_artist_tag-franz-schubert","12":"uni_artist_tag-frode-haltli","13":"uni_artist_tag-giuseppe-verdi","14":"uni_artist_tag-hakon-kornstad","15":"uni_artist_tag-hakon-kornstad-trio","16":"uni_artist_tag-kare-chr-vestrheim","17":"uni_artist_tag-manuel-de-falla","18":"uni_artist_tag-mats-eilertsen","19":"uni_artist_tag-pietro-mascagni","20":"uni_artist_tag-richard-wagner","21":"uni_main_artist_tag-hakon-kornstad-trio","22":"uni_artist_genre-classical","23":"uni_artist_genre-crossover","25":"first","26":"instock","27":"taxable","28":"shipping-taxable","29":"purchasable","30":"product-type-variable","31":"has-default-attributes"},"_links":{"self":[{"href":"https:\/\/grappa.no\/no\/wp-json\/wp\/v2\/product\/37411","targetHints":{"allow":["GET"]}}],"collection":[{"href":"https:\/\/grappa.no\/no\/wp-json\/wp\/v2\/product"}],"about":[{"href":"https:\/\/grappa.no\/no\/wp-json\/wp\/v2\/types\/product"}],"replies":[{"embeddable":true,"href":"https:\/\/grappa.no\/no\/wp-json\/wp\/v2\/comments?post=37411"}],"wp:featuredmedia":[{"embeddable":true,"href":"https:\/\/grappa.no\/no\/wp-json\/wp\/v2\/media\/36205"}],"wp:attachment":[{"href":"https:\/\/grappa.no\/no\/wp-json\/wp\/v2\/media?parent=37411"}],"wp:term":[{"taxonomy":"product_brand","embeddable":true,"href":"https:\/\/grappa.no\/no\/wp-json\/wp\/v2\/product_brand?post=37411"},{"taxonomy":"product_cat","embeddable":true,"href":"https:\/\/grappa.no\/no\/wp-json\/wp\/v2\/product_cat?post=37411"},{"taxonomy":"product_tag","embeddable":true,"href":"https:\/\/grappa.no\/no\/wp-json\/wp\/v2\/product_tag?post=37411"}],"curies":[{"name":"wp","href":"https:\/\/api.w.org\/{rel}","templated":true}]}}

<p></p>
<p>I drivhuset  Endelig kommer oppfølgeren til Håkon Kornstads kritikerroste Tenor Battle fra 2015! Albumets tittel Im Treibhaus (I drivhuset) er også tittelen på en sang fra den tyske operakomponisten Richard Wagners syklus Wesendonck-Lieder, og speiler trioens originale sammensetning av klassisk musikk og jazz.  Starten på Kornstads eksperimentelle drivhus oppsto da han som 32-årig, veletablert jazzsaxofonist oppdaget opera. Dette førte til en plutselig pasjon for klassisk musikk og studier ved Operahøgskolen, og har nå vokst videre til en musikalsk stilart han er helt alene om i verden, og som publikum for alvor er i ferd med å få ørene opp for. Sammen med Frode Haltli på akkordion og Mats Eilertsen på kontrabass, nytolker Håkon Kornstad sanger og operaarier av blant andre Schubert, Verdi, Grieg, Mascagni og Tosti. ”Alt er lov i 2018, så lenge det berører, og det vi gjør i trioen er et slags innspill til hvordan musikkhistorien kan forvaltes videre. Vi kan redigere fritt, og sette sammen fritt, men vi gjør det selvsagt med kjærlighet og respekt for opprinnelsen”, sier Kornstad.</p>
<p><!--more--></p>
<p>Senhøstens overraskelse for musikkelskere: Plutselig kommer oppfølgeren til Håkon Kornstads kritikerroste Tenor Battle fra 2015, og saxofonisten og tenorsangeren varsler enda flere overraskelser oppunder jul.</p>
<h4>Operafrelst jazzmusiker</h4>
<p>For ni år siden fikk den dengang unge jazzsaxofonisten med en gryende internasjonal karriere bakoversveis da han hørte opera for første gang i New York. Det som førte til en av skandinavisk jazz mest profilerte unge musikeres plutselige pasjon for klassisk musikk og studier ved Operahøgskolen, har nå vokst videre til en musikalsk stilart han er helt alene om i verden, og som publikum for alvor er i ferd med å få ørene opp for. – Det er denne veien musikken går, spør du meg. Uttrykket «moderne» er over hundre år gammelt, og det er nå like lenge siden Coltrane og Stravinskij herjet, som det er fra deres tid tilbake til romantikken. Alt er lov i 2018, så lenge det berører, og det vi gjør i trioen er et slags innspill til hvordan musikkhistorien kan forvaltes videre. Vi kan redigere fritt, og sette sammen fritt, men vi gjør det selvsagt med kjærlighet og respekt for opprinnelsen, sier Kornstad.</p>
<h4>Nytolkninger av klassiske verk</h4>
<p>Sammen med Frode Haltli på akkordion og Mats Eilertsen på kontrabass, nytolker Håkon Kornstad sanger og operaarier av blant andre Schubert, Verdi, Grieg, Mascagni og Tosti. Utvalget skjer i fellesskap, og arrangeringen skjer spontant, forklarer han. – Noen komposisjoner bare virker, og snakker direkte med musikantene i oss. Andre trenger mer arbeid, redigering og arrangering for å funke i vårt uttrykk. Og så er det selvsagt noen som ikke kommer til å fungere, samme hvordan vi vrir og vrenger på dem. Men jeg er veldig fornøyd med det utvalget vi fant til denne plata. Den er på mange måter blitt mer opera og mer jazz på samme tid enn noe jeg har laget tidligere.</p>
<h4>Drivhusmodellen</h4>
<p>Håkon Kornstads drivhusmodell handler også om hvordan en klassisk sangstemme må dyrkes fram, og lures dit den vil gå. Den har vokst betraktelig siden Tenor Battle for tre år siden. – Nå prøvesynger jeg for operaroller i fullt alvor. Jeg gir meg ikke før jeg har en rolle. Det trenger ikke være på La Scala, det kan godt være i Brumunddal, det er musikken som er viktigst, sier Kornstad. Og de andre overraskelsene? –Det har kanskje noe med jul å gjøre. Men det finnes nok julekonserter nå, så det er nok ikke dét. Jeg får si som de i Ex on the beach: Følg med i sosiale medier!, avslutter han.</p>
<p></p>

<p>&#8211; &quot;Jeg føler meg som en slags musikalsk gartner, som setter sammen stilarter, pleier og steller med dem, og lar dem gro fram som noe nytt.&quot;</p>
