{"id":37212,"date":"2019-11-08T00:00:00","date_gmt":"2019-11-07T23:00:00","guid":{"rendered":"https:\/\/grappa.no\/no\/albums\/ukategorisert\/osloviser\/"},"modified":"2020-02-13T11:14:08","modified_gmt":"2020-02-13T10:14:08","slug":"osloviser","status":"publish","type":"product","link":"https:\/\/grappa.no\/no\/albums\/grappa\/osloviser\/","title":{"rendered":"Osloviser"},"content":{"rendered":"<p><\/p>\n<p>Boltel\u00f8kka Jentekor &#8211; Osloviser<\/p>\n<p>Fredag 8. november feirer Boltel\u00f8kka Jentekor 15-a\u030ars jubileum, og det gj\u00f8r de<br \/>\nved a\u030a slippe albumet Osloviser pa\u030a Grappa Musikkforlag! I femten a\u030ar har Boltel\u00f8kka Jentekor sunget ukentlig i festsalen pa\u030a skolen. Dette feirer vi med Osloviser. Prosjektet er en hyllest av byen va\u030ar, bydel St. Hanshaugen og nabolaget pa\u030a Bislett. Likevel ha\u030aper vi at oslovisene omfavner og inviterer lyttere og sangfugler over hele landet, for musikken er universell og tekstene er allemannseie.<\/p>\n<p><!--more--><\/p>\n<p>Fredag 8. november feirer Boltel\u00f8kka Jentekor 15 a\u030arsjubileum, og det gj\u00f8r de ved a\u030a slippe albumet Osloviser pa\u030a Grappa Musikkforlag!<\/p>\n<h4>Gamle og nye melodier<\/h4>\n<p>Margrethe Munthe var l\u00e6rer ved Boltel\u00f8kka skole i atten a\u030ar, Jan Erik Vold var elev her og Andre\u0301 Bjerke tilh\u00f8rte Fagerborg skole litt lenger opp i gata. Det var naturlig for oss a\u030a bruke deres dikt. Lillebj\u00f8rn Nilsen gikk pa\u030a naboskolen Ila, og vi er ekstra stolte av at han har skrevet en vise til oss: Boltel\u00f8kka springdans. Med st\u00f8tte fra Kulturra\u030adet kunne vi ogsa\u030a bestille musikk av Trygve Seim og A\u030asmund Reistad. Forfatter og slam-poet Fredrik H\u00f8yer har skrevet to kor-dikt til oss, og vi har selvsagt tatt med noen av hovedstadens slagere. Gamle og nye melodier er samlet for a\u030a male byens mangfoldige lydbilde.<\/p>\n<p>70 flotte jenter fra syv a\u030ar og oppover bidrar pa\u030a denne innspillingen. Etter femten a\u030ar har korklangen gradvis blitt \u2019eldre\u2019, for skolebarna som var med fra begynnelsen og som igjen gjester oss, er blitt over tjue a\u030ar gamle. Koret l\u00f8ftes frem av musikerne Vegar Va\u030ardal, A\u030asmund Reistad, Gjermund Silset, Kenneth Ekornes og Trygve Seim. Tusen takk for glimrende musisering og entusiasme. Stor takk ogsa\u030a til min medprodu- sent A\u030asmund Reistad og til lydteknikerne Fridtjof Lindeman og Tor Magne Hallibakken. Elisabeth Vold Bjone har med sin s\u00e6regne design alltid gitt Boltel\u00f8kka Jentekor et lekent uttrykk. En ekstra takk til henne og til styret i jentekoret som bidrar med iver og gl\u00f8d a\u030aret rundt. Til slutt, en takk til venn og kollega Berit Opheim for ide\u0301en til Osloviser, som kom med sola pa\u030a et fergeleie i Sogn og Fjordane.<\/p>\n<p>Innspillingen er den siste i trilogien Mine Visur (2010), Jolevisur (2014) og Osloviser (2019), alle utgitt pa\u030a Grappa Musikkforlag. Notehefter fra Musikk-Husets Forlag f\u00f8lger alle utgivelsene.<\/p>\n<h4><\/h4>\n<p><h4><\/h4>\n<\/p>\n<p><\/p>","protected":false},"excerpt":{"rendered":"<p>Boltel\u00f8kka jentekor feirer 15-\u00e5rs jubileum med nytt album!<\/p>\n","protected":false},"featured_media":37216,"comment_status":"closed","ping_status":"open","template":"","meta":[],"product_brand":[],"product_cat":[6],"product_tag":[],"class_list":{"0":"post-37212","1":"product","2":"type-product","3":"status-publish","4":"has-post-thumbnail","6":"product_cat-grappa","7":"product_shipping_class-cddvd-shipping","8":"uni_artist_tag-asmund-reistad","9":"uni_artist_tag-boltelokka-jentekor","10":"uni_artist_tag-emilie-christensen","11":"uni_artist_tag-fredrik-hoyer","12":"uni_artist_tag-gjermund-silset","13":"uni_artist_tag-ingeborg-marie-mohn","14":"uni_artist_tag-jan-erik-vold","15":"uni_artist_tag-kenneth-ekornes","16":"uni_artist_tag-lars-lillo-stenberg","17":"uni_artist_tag-lillebjorn-nilsen","18":"uni_artist_tag-linn-andrea-fugleseth","19":"uni_artist_tag-linn-andrea-fuglseth","20":"uni_artist_tag-michael-krohn","21":"uni_artist_tag-trad","22":"uni_artist_tag-trygve-seim","23":"uni_artist_tag-vegar-vardal","24":"uni_artist_tag-willy-kierulf","25":"uni_main_artist_tag-boltelokka-jentekor","26":"uni_artist_genre-children","27":"uni_artist_genre-choir","29":"first","30":"instock","31":"taxable","32":"shipping-taxable","33":"purchasable","34":"product-type-simple"},"_links":{"self":[{"href":"https:\/\/grappa.no\/no\/wp-json\/wp\/v2\/product\/37212","targetHints":{"allow":["GET"]}}],"collection":[{"href":"https:\/\/grappa.no\/no\/wp-json\/wp\/v2\/product"}],"about":[{"href":"https:\/\/grappa.no\/no\/wp-json\/wp\/v2\/types\/product"}],"replies":[{"embeddable":true,"href":"https:\/\/grappa.no\/no\/wp-json\/wp\/v2\/comments?post=37212"}],"wp:featuredmedia":[{"embeddable":true,"href":"https:\/\/grappa.no\/no\/wp-json\/wp\/v2\/media\/37216"}],"wp:attachment":[{"href":"https:\/\/grappa.no\/no\/wp-json\/wp\/v2\/media?parent=37212"}],"wp:term":[{"taxonomy":"product_brand","embeddable":true,"href":"https:\/\/grappa.no\/no\/wp-json\/wp\/v2\/product_brand?post=37212"},{"taxonomy":"product_cat","embeddable":true,"href":"https:\/\/grappa.no\/no\/wp-json\/wp\/v2\/product_cat?post=37212"},{"taxonomy":"product_tag","embeddable":true,"href":"https:\/\/grappa.no\/no\/wp-json\/wp\/v2\/product_tag?post=37212"}],"curies":[{"name":"wp","href":"https:\/\/api.w.org\/{rel}","templated":true}]}}

<p></p>
<p>Bolteløkka Jentekor &#8211; Osloviser</p>
<p>Fredag 8. november feirer Bolteløkka Jentekor 15-års jubileum, og det gjør de<br />
ved å slippe albumet Osloviser på Grappa Musikkforlag! I femten år har Bolteløkka Jentekor sunget ukentlig i festsalen på skolen. Dette feirer vi med Osloviser. Prosjektet er en hyllest av byen vår, bydel St. Hanshaugen og nabolaget på Bislett. Likevel håper vi at oslovisene omfavner og inviterer lyttere og sangfugler over hele landet, for musikken er universell og tekstene er allemannseie.</p>
<p><!--more--></p>
<p>Fredag 8. november feirer Bolteløkka Jentekor 15 årsjubileum, og det gjør de ved å slippe albumet Osloviser på Grappa Musikkforlag!</p>
<h4>Gamle og nye melodier</h4>
<p>Margrethe Munthe var lærer ved Bolteløkka skole i atten år, Jan Erik Vold var elev her og André Bjerke tilhørte Fagerborg skole litt lenger opp i gata. Det var naturlig for oss å bruke deres dikt. Lillebjørn Nilsen gikk på naboskolen Ila, og vi er ekstra stolte av at han har skrevet en vise til oss: Bolteløkka springdans. Med støtte fra Kulturrådet kunne vi også bestille musikk av Trygve Seim og Åsmund Reistad. Forfatter og slam-poet Fredrik Høyer har skrevet to kor-dikt til oss, og vi har selvsagt tatt med noen av hovedstadens slagere. Gamle og nye melodier er samlet for å male byens mangfoldige lydbilde.</p>
<p>70 flotte jenter fra syv år og oppover bidrar på denne innspillingen. Etter femten år har korklangen gradvis blitt ’eldre’, for skolebarna som var med fra begynnelsen og som igjen gjester oss, er blitt over tjue år gamle. Koret løftes frem av musikerne Vegar Vårdal, Åsmund Reistad, Gjermund Silset, Kenneth Ekornes og Trygve Seim. Tusen takk for glimrende musisering og entusiasme. Stor takk også til min medprodu- sent Åsmund Reistad og til lydteknikerne Fridtjof Lindeman og Tor Magne Hallibakken. Elisabeth Vold Bjone har med sin særegne design alltid gitt Bolteløkka Jentekor et lekent uttrykk. En ekstra takk til henne og til styret i jentekoret som bidrar med iver og glød året rundt. Til slutt, en takk til venn og kollega Berit Opheim for idéen til Osloviser, som kom med sola på et fergeleie i Sogn og Fjordane.</p>
<p>Innspillingen er den siste i trilogien Mine Visur (2010), Jolevisur (2014) og Osloviser (2019), alle utgitt på Grappa Musikkforlag. Notehefter fra Musikk-Husets Forlag følger alle utgivelsene.</p>
<h4></h4>
<p><h4></h4>
</p>
<p></p>

<p>Bolteløkka jentekor feirer 15-års jubileum med nytt album!</p>
