{"id":35858,"date":"2018-09-07T00:00:00","date_gmt":"2018-09-06T23:00:00","guid":{"rendered":"https:\/\/www.grappa.no\/no\/albums\/ukategorisert\/tidekverv\/"},"modified":"2019-04-01T05:36:25","modified_gmt":"2019-04-01T04:36:25","slug":"tidekverv","status":"publish","type":"product","link":"https:\/\/grappa.no\/no\/albums\/heilo\/tidekverv\/","title":{"rendered":"Tidekverv"},"content":{"rendered":"<p><\/p>\n<p>Solsnu.<\/p>\n<p>Fire dagar i \u00e5ret finst det s\u00e6rskild viktige merkedagar for sola: v\u00e5rjamd\u00f8gn, sommarsolkverv, haustjamd\u00f8gn og vintersolkverv. Ved sommar- og vintersolkverv \u00absnur sola\u00bb, og ved v\u00e5r- og haustjamd\u00f8gn er dag og natt like lang. Verket \u00abTidekverv\u00bb inneheld ny vokal- og instrumental folkemusikk komponert og tileigna dei fire merkedagane for sola. <\/p>\n<p>To av Noregs fremste folkemusikarar st\u00e5r bak det s\u00e6rmerkte verket. Berit Opheim er ei av v\u00e5re fremste kvedarar, og ho har dei siste \u00e5ra opptr\u00e5dt p\u00e5 scenar i Noreg, Europa og Asia som medlem av Trio Medi\u00e6val og som solist. Ho arbeidar b\u00e5de med samtidsmusikk og tidlegmusikk. Siden 1992 har ho vore tilknytt Ole Bull Akademiet p\u00e5 Voss. Benedicte Maurseth begynte \u00e5 spele hardingfele \u00e5tte \u00e5r gamal hos Knut Hamre, og har tradisjonsmusikk fra Hardanger som sitt spesialfelt. Ho er ogs\u00e5 komponist og skribent, og har samarbeida med poetar og scenekunstnarar og har fleire utgjevingar bak seg p\u00e5 Heilo og ECM.<\/p>\n<p>Verket er inspirert av Draumkvedets diktform, men ogs\u00e5 som eit slags musikalsk ritual d\u00e5 balladen hovudsakeleg vert framf\u00f8rt 13. dag jol kvart<br \/>\n\u00e5r. Ynskje til dei to komponistane var \u00e5 hylla ei eldre diktform, den nordiske balladeforma, med ny folkemusikk, og framf\u00f8ra det hovudsakeleg i periodane for jamd\u00f8gn og solkverv. Det melodiske materialet er laga av dei to, men er blitt forma og arrangert ut med stor hjelp og entusiasme fr\u00e5 med-musikarar Rolf Lislevand og H\u00e5kon M\u00f8rch Stene.<br \/>\nLislevand er for mange ein kjend tidlegmusikkut\u00f8var og luttenist. Han har medverka i fleire av Jordi Saval sine prosjekt og drive sitt eige Ensemble Kapsberger. Han har ogs\u00e5 to egne utgjevingar p\u00e5 platemerket ECM bak seg.<br \/>\nM\u00f8rch Stene er prisbel\u00f8nna perkusjonist og har spesialisert seg p\u00e5 samtidsmusikk og tidegmusikk, men har ogs\u00e5 samarbeidd med mellom anna folkemusiker Nils \u00d8kland og elektronikaartisten Pantha de Prince &amp; the Bell Laboratory. <\/p>\n<p>Verket er komponert ut fr\u00e5 folkemusikkens tradisjonelle stil, tonalitet og form, men ber ogs\u00e5 preg av impulsar fra barokk-, samtids- og improvisasjonsmusikk.<\/p>\n<p><!--more--><\/p>\n<p>Fire dagar i \u00e5ret finst det s\u00e6rskild viktige merkedagar for sola: v\u00e5rjamd\u00f8gn, sommarsolkverv, haustjamd\u00f8gn og vintersolkverv. Ved sommar- og vintersolkverv \u00absnur sola\u00bb, og ved v\u00e5r- og haustjamd\u00f8gn er dag og natt like lang. Verket \u00abTidekverv\u00bb inneheld ny vokal- og instrumental folkemusikk komponert og tileigna dei fire merkedagane for sola.<\/p>\n<h4>Eit musikalsk ritual<\/h4>\n<p>Verket Tidekverv er inspirert av \u00abDraumkvedet\u00bb som diktform, men ogs\u00e5 som eit slags musikalsk ritual d\u00e5 balladen hovudsakeleg vert framf\u00f8rt 13. dag jol kvart \u00e5r. Ynskje til dei to komponistane var \u00e5 hylla ei eldre diktform, den nordiske balladeforma, med ny folkemusikk, og framf\u00f8ra verket hovudsakeleg i periodane for jamd\u00f8gn og solkverv. Det melodiske materialet er laga av Opheim og Maurseth, men er blitt forma og arrangert ut med stor hjelp og entusiasme fr\u00e5 med-musikarar Rolf Lislevand og H\u00e5kon M\u00f8rch Stene. <\/p>\n<p>Lislevand er for mange ein kjend luttenist og ut\u00f8var av tidlegmusikk. Han har medverka i fleire av Jordi Saval sine prosjekt, og drive sitt eige Ensemble Kapsberger. Han har ogs\u00e5 to egne utgjevingar p\u00e5 platemerket ECM bak seg.<\/p>\n<p>M\u00f8rch Stene er som perkusjonist l\u00f8nt med mange prisar og har spesialisert seg p\u00e5 samtidsmusikk og tidegmusikk, men har ogs\u00e5 samarbeidd med mellom andre folkemusikar Nils \u00d8kland og elektronikaartisten Pantha de Prince &amp; the Bell Laboratory.<\/p>\n<h4>Gamal form, nye ord<\/h4>\n<p>Verket er komponert ut fr\u00e5 folkemusikkens tradisjonelle stil, tonalitet og form, men ber ogs\u00e5 preg av impulsar fra barokk-, samtids- og improvisasjonsmusikk.<\/p>\n<p>Tekstane er skrivne i to-linjestrofa og fire-linjestrofa balladeform med omkved. \u00abDet er i dag sjeldan at nokon diktar nye tekstar i denne forma og me er sv\u00e6rt takksame for at forfattarane Bergsveinn Birgisson og Erlend O. N\u00f8dtvedt tok p\u00e5 seg denne oppg\u00e5va,\u00bb skriv Opheim og Maurseth i omslagsteksten. Islendingen Bergsveinn Birgisson er doktor i norr\u00f8nfilologi ved universitet i Bergen, og har for sine diktsamlingar og romanar blitt nominert til ei rekkje prisar: Brageprisen, Nordisk R\u00e5ds Litteraturpris med fleire.  Erlend O. N\u00f8dtvedt vart i 2015 k\u00e5ra til ein av Noregs ti beste forfattarar under 35 \u00e5r av Morgenbladet og har utgjeve tre diktsamlingar og ein roman. Dei to har til felles at dei i deira dikting har fylt gamle versem\u00e5l og arkaisk spr\u00e5k med nytt innhald.<\/p>\n<h4>Tidekverv<\/h4>\n<p>Tidekverv vart urframf\u00f8rt v\u00e5rjamd\u00f8gn 20. mars 2017 i Gamle Aker kirke under Oslo Internasjonale kirkemusikkfestival, og er blitt framf\u00f8rt fleire gonger rundt merkedagane i tida etter. <\/p>\n<p>Albumet er spelt inn i den rike akustikken i Jar Kirke i Oslo, med H\u00e5kon M\u00f8rch Stene som produsent. <\/p>\n<p>Konsertar 2018:<\/p>\n<p>7. september: Aasentunet, \u00d8rsta.<br \/>\n8. september: Ny Musikk Bergen \/ Columbi Egg, som del av konsertserien \u00abVRENG\u00bb<br \/>\n9. september: Ulvik Poesifestival<br \/>\n30. september: Festival Musica Devina, Belgia<\/p>\n<p><\/p>","protected":false},"excerpt":{"rendered":"<p>Berit Opheim og Benedicte Maurseth \u2013 to av Noregs mest framfir\u00e5 folkemusikarar \u2013 st\u00e5r bak det s\u00e6rmerkte verket.<\/p>\n","protected":false},"featured_media":35889,"comment_status":"closed","ping_status":"open","template":"","meta":[],"product_brand":[],"product_cat":[35],"product_tag":[],"class_list":{"0":"post-35858","1":"product","2":"type-product","3":"status-publish","4":"has-post-thumbnail","6":"product_cat-heilo","7":"product_shipping_class-cddvd-shipping","8":"uni_artist_tag-benedicte-maurseth","9":"uni_artist_tag-berit-opheim","10":"uni_artist_tag-hakon-stene","11":"uni_artist_tag-rolf-lislevand","12":"uni_artist_genre-folk-music","14":"first","15":"instock","16":"taxable","17":"shipping-taxable","18":"purchasable","19":"product-type-simple"},"_links":{"self":[{"href":"https:\/\/grappa.no\/no\/wp-json\/wp\/v2\/product\/35858","targetHints":{"allow":["GET"]}}],"collection":[{"href":"https:\/\/grappa.no\/no\/wp-json\/wp\/v2\/product"}],"about":[{"href":"https:\/\/grappa.no\/no\/wp-json\/wp\/v2\/types\/product"}],"replies":[{"embeddable":true,"href":"https:\/\/grappa.no\/no\/wp-json\/wp\/v2\/comments?post=35858"}],"wp:featuredmedia":[{"embeddable":true,"href":"https:\/\/grappa.no\/no\/wp-json\/wp\/v2\/media\/35889"}],"wp:attachment":[{"href":"https:\/\/grappa.no\/no\/wp-json\/wp\/v2\/media?parent=35858"}],"wp:term":[{"taxonomy":"product_brand","embeddable":true,"href":"https:\/\/grappa.no\/no\/wp-json\/wp\/v2\/product_brand?post=35858"},{"taxonomy":"product_cat","embeddable":true,"href":"https:\/\/grappa.no\/no\/wp-json\/wp\/v2\/product_cat?post=35858"},{"taxonomy":"product_tag","embeddable":true,"href":"https:\/\/grappa.no\/no\/wp-json\/wp\/v2\/product_tag?post=35858"}],"curies":[{"name":"wp","href":"https:\/\/api.w.org\/{rel}","templated":true}]}}

<p></p>
<p>Solsnu.</p>
<p>Fire dagar i året finst det særskild viktige merkedagar for sola: vårjamdøgn, sommarsolkverv, haustjamdøgn og vintersolkverv. Ved sommar- og vintersolkverv «snur sola», og ved vår- og haustjamdøgn er dag og natt like lang. Verket «Tidekverv» inneheld ny vokal- og instrumental folkemusikk komponert og tileigna dei fire merkedagane for sola. </p>
<p>To av Noregs fremste folkemusikarar står bak det særmerkte verket. Berit Opheim er ei av våre fremste kvedarar, og ho har dei siste åra opptrådt på scenar i Noreg, Europa og Asia som medlem av Trio Mediæval og som solist. Ho arbeidar både med samtidsmusikk og tidlegmusikk. Siden 1992 har ho vore tilknytt Ole Bull Akademiet på Voss. Benedicte Maurseth begynte å spele hardingfele åtte år gamal hos Knut Hamre, og har tradisjonsmusikk fra Hardanger som sitt spesialfelt. Ho er også komponist og skribent, og har samarbeida med poetar og scenekunstnarar og har fleire utgjevingar bak seg på Heilo og ECM.</p>
<p>Verket er inspirert av Draumkvedets diktform, men også som eit slags musikalsk ritual då balladen hovudsakeleg vert framført 13. dag jol kvart<br />
år. Ynskje til dei to komponistane var å hylla ei eldre diktform, den nordiske balladeforma, med ny folkemusikk, og framføra det hovudsakeleg i periodane for jamdøgn og solkverv. Det melodiske materialet er laga av dei to, men er blitt forma og arrangert ut med stor hjelp og entusiasme frå med-musikarar Rolf Lislevand og Håkon Mørch Stene.<br />
Lislevand er for mange ein kjend tidlegmusikkutøvar og luttenist. Han har medverka i fleire av Jordi Saval sine prosjekt og drive sitt eige Ensemble Kapsberger. Han har også to egne utgjevingar på platemerket ECM bak seg.<br />
Mørch Stene er prisbelønna perkusjonist og har spesialisert seg på samtidsmusikk og tidegmusikk, men har også samarbeidd med mellom anna folkemusiker Nils Økland og elektronikaartisten Pantha de Prince &amp; the Bell Laboratory. </p>
<p>Verket er komponert ut frå folkemusikkens tradisjonelle stil, tonalitet og form, men ber også preg av impulsar fra barokk-, samtids- og improvisasjonsmusikk.</p>
<p><!--more--></p>
<p>Fire dagar i året finst det særskild viktige merkedagar for sola: vårjamdøgn, sommarsolkverv, haustjamdøgn og vintersolkverv. Ved sommar- og vintersolkverv «snur sola», og ved vår- og haustjamdøgn er dag og natt like lang. Verket «Tidekverv» inneheld ny vokal- og instrumental folkemusikk komponert og tileigna dei fire merkedagane for sola.</p>
<h4>Eit musikalsk ritual</h4>
<p>Verket Tidekverv er inspirert av «Draumkvedet» som diktform, men også som eit slags musikalsk ritual då balladen hovudsakeleg vert framført 13. dag jol kvart år. Ynskje til dei to komponistane var å hylla ei eldre diktform, den nordiske balladeforma, med ny folkemusikk, og framføra verket hovudsakeleg i periodane for jamdøgn og solkverv. Det melodiske materialet er laga av Opheim og Maurseth, men er blitt forma og arrangert ut med stor hjelp og entusiasme frå med-musikarar Rolf Lislevand og Håkon Mørch Stene. </p>
<p>Lislevand er for mange ein kjend luttenist og utøvar av tidlegmusikk. Han har medverka i fleire av Jordi Saval sine prosjekt, og drive sitt eige Ensemble Kapsberger. Han har også to egne utgjevingar på platemerket ECM bak seg.</p>
<p>Mørch Stene er som perkusjonist lønt med mange prisar og har spesialisert seg på samtidsmusikk og tidegmusikk, men har også samarbeidd med mellom andre folkemusikar Nils Økland og elektronikaartisten Pantha de Prince &amp; the Bell Laboratory.</p>
<h4>Gamal form, nye ord</h4>
<p>Verket er komponert ut frå folkemusikkens tradisjonelle stil, tonalitet og form, men ber også preg av impulsar fra barokk-, samtids- og improvisasjonsmusikk.</p>
<p>Tekstane er skrivne i to-linjestrofa og fire-linjestrofa balladeform med omkved. «Det er i dag sjeldan at nokon diktar nye tekstar i denne forma og me er svært takksame for at forfattarane Bergsveinn Birgisson og Erlend O. Nødtvedt tok på seg denne oppgåva,» skriv Opheim og Maurseth i omslagsteksten. Islendingen Bergsveinn Birgisson er doktor i norrønfilologi ved universitet i Bergen, og har for sine diktsamlingar og romanar blitt nominert til ei rekkje prisar: Brageprisen, Nordisk Råds Litteraturpris med fleire.  Erlend O. Nødtvedt vart i 2015 kåra til ein av Noregs ti beste forfattarar under 35 år av Morgenbladet og har utgjeve tre diktsamlingar og ein roman. Dei to har til felles at dei i deira dikting har fylt gamle versemål og arkaisk språk med nytt innhald.</p>
<h4>Tidekverv</h4>
<p>Tidekverv vart urframført vårjamdøgn 20. mars 2017 i Gamle Aker kirke under Oslo Internasjonale kirkemusikkfestival, og er blitt framført fleire gonger rundt merkedagane i tida etter. </p>
<p>Albumet er spelt inn i den rike akustikken i Jar Kirke i Oslo, med Håkon Mørch Stene som produsent. </p>
<p>Konsertar 2018:</p>
<p>7. september: Aasentunet, Ørsta.<br />
8. september: Ny Musikk Bergen / Columbi Egg, som del av konsertserien «VRENG»<br />
9. september: Ulvik Poesifestival<br />
30. september: Festival Musica Devina, Belgia</p>
<p></p>

<p>Berit Opheim og Benedicte Maurseth – to av Noregs mest framfirå folkemusikarar – står bak det særmerkte verket.</p>
