{"id":35540,"date":"1997-04-17T00:00:00","date_gmt":"1997-04-16T23:00:00","guid":{"rendered":"https:\/\/www.grappa.no\/no\/albums\/ukategorisert\/north-sea-music\/"},"modified":"2018-07-30T08:33:24","modified_gmt":"2018-07-30T07:33:24","slug":"north-sea-music","status":"publish","type":"product","link":"https:\/\/grappa.no\/no\/albums\/heilo\/north-sea-music\/","title":{"rendered":"North sea music"},"content":{"rendered":"<p><\/p>\n<p>Musikken rundt Nordsj\u00f8balja.<\/p>\n<p>Folkemusikken i landene rundt Nordsj\u00f8en har mange fellestrekk. P\u00e5 Shetland, i Skottland og i Irland finner vi sl\u00e5tter og melodier som har varianter i norsk folkemusikk. Handel, sj\u00f8fart og utreisetrang er nok de viktigste og mest \u00e5penbare \u00e5rsakene, samtidig som historiske fakta ogs\u00e5 forklarer de mange felles kulturelle trekk vi finner p\u00e5 de britiske \u00f8yer og i Skandinavia. Det er nok \u00e5 nevne norsk utvandring til Skottland og at Shetland tilh\u00f8rte Norge frem til 1469. Shetlands befolkning snakket norsk helt til 1700-tallet, og fremdeles brukes det ord og vendinger som er norske.<\/p>\n<p>Jo bedre kjent musikerne p\u00e5 albumet har blitt kjent i hverandres repertoar, jo mer felles musikkstoff finner vi. Det &quot;North Sea Music&quot; presenterer p\u00e5 denne produksjonen er derfor en smakebit av det vi kan kalle musikken rundt Nordsj\u00f8balja.<\/p>\n<p><!--more--><\/p>\n<h4><\/h4>\n<\/p>\n<h4><\/h4>\n<p><h4><\/h4>\n<\/p>\n<p><\/p>","protected":false},"excerpt":{"rendered":"<p>Folkemusikken i landene rundt Nordsj\u00f8en har mange fellestrekk. P\u00e5 Shetland, i Skottland og i Irland finner vi sl\u00e5tter og melodier som har varianter i norsk folkemusikk.<\/p>\n","protected":false},"featured_media":35541,"comment_status":"closed","ping_status":"open","template":"","meta":[],"product_brand":[],"product_cat":[35],"product_tag":[],"class_list":{"0":"post-35540","1":"product","2":"type-product","3":"status-publish","4":"has-post-thumbnail","6":"product_cat-heilo","7":"product_shipping_class-cddvd-shipping","8":"uni_artist_tag-aly-bain","9":"uni_artist_tag-archie-macneal","10":"uni_artist_tag-hanne-kjersti-yndestad","11":"uni_artist_tag-henning-sommerro","12":"uni_artist_tag-leiv-solberg","13":"uni_artist_tag-pat-shuldham-shaw","14":"uni_artist_tag-phil-cunningham","15":"uni_artist_tag-roger-tallroth","16":"uni_artist_tag-sigmund-groven","17":"uni_artist_tag-tellef-kvifte","18":"uni_artist_tag-trad","19":"uni_artist_genre-traditional","21":"first","22":"instock","23":"taxable","24":"shipping-taxable","25":"purchasable","26":"product-type-simple"},"_links":{"self":[{"href":"https:\/\/grappa.no\/no\/wp-json\/wp\/v2\/product\/35540","targetHints":{"allow":["GET"]}}],"collection":[{"href":"https:\/\/grappa.no\/no\/wp-json\/wp\/v2\/product"}],"about":[{"href":"https:\/\/grappa.no\/no\/wp-json\/wp\/v2\/types\/product"}],"replies":[{"embeddable":true,"href":"https:\/\/grappa.no\/no\/wp-json\/wp\/v2\/comments?post=35540"}],"wp:featuredmedia":[{"embeddable":true,"href":"https:\/\/grappa.no\/no\/wp-json\/wp\/v2\/media\/35541"}],"wp:attachment":[{"href":"https:\/\/grappa.no\/no\/wp-json\/wp\/v2\/media?parent=35540"}],"wp:term":[{"taxonomy":"product_brand","embeddable":true,"href":"https:\/\/grappa.no\/no\/wp-json\/wp\/v2\/product_brand?post=35540"},{"taxonomy":"product_cat","embeddable":true,"href":"https:\/\/grappa.no\/no\/wp-json\/wp\/v2\/product_cat?post=35540"},{"taxonomy":"product_tag","embeddable":true,"href":"https:\/\/grappa.no\/no\/wp-json\/wp\/v2\/product_tag?post=35540"}],"curies":[{"name":"wp","href":"https:\/\/api.w.org\/{rel}","templated":true}]}}

<p></p>
<p>Musikken rundt Nordsjøbalja.</p>
<p>Folkemusikken i landene rundt Nordsjøen har mange fellestrekk. På Shetland, i Skottland og i Irland finner vi slåtter og melodier som har varianter i norsk folkemusikk. Handel, sjøfart og utreisetrang er nok de viktigste og mest åpenbare årsakene, samtidig som historiske fakta også forklarer de mange felles kulturelle trekk vi finner på de britiske øyer og i Skandinavia. Det er nok å nevne norsk utvandring til Skottland og at Shetland tilhørte Norge frem til 1469. Shetlands befolkning snakket norsk helt til 1700-tallet, og fremdeles brukes det ord og vendinger som er norske.</p>
<p>Jo bedre kjent musikerne på albumet har blitt kjent i hverandres repertoar, jo mer felles musikkstoff finner vi. Det &quot;North Sea Music&quot; presenterer på denne produksjonen er derfor en smakebit av det vi kan kalle musikken rundt Nordsjøbalja.</p>
<p><!--more--></p>
<h4></h4>
</p>
<h4></h4>
<p><h4></h4>
</p>
<p></p>

<p>Folkemusikken i landene rundt Nordsjøen har mange fellestrekk. På Shetland, i Skottland og i Irland finner vi slåtter og melodier som har varianter i norsk folkemusikk.</p>
