{"id":35159,"date":"2013-10-18T00:00:00","date_gmt":"2013-10-17T23:00:00","guid":{"rendered":"http:\/\/www.grappa.no\/albums\/uncategorized\/cakewalk-transfixed\/"},"modified":"2020-08-21T08:57:53","modified_gmt":"2020-08-21T07:57:53","slug":"transfixed","status":"publish","type":"product","link":"https:\/\/grappa.no\/no\/albums\/hubro\/transfixed\/","title":{"rendered":"Transfixed"},"content":{"rendered":"<p><\/p>\n<p>M\u00f8rk og monumental oppf\u00f8lger  Trioen Cakewalk best\u00e5r av Stephan Meidell (The Sweetest Thrill), \u00d8ystein Skar (Highasakite, Sacred Harp) og Ivar Loe Bj\u00f8rnstad (Hedvig Mollestad Trio). De fikk str\u00e5lende anmeldelser av den internasjonale musikkpressen for debutalbum &quot;Wired&quot; P\u00e5 sitt andre album \u00abTransfixed\u00bb tar de et steg i en ny retning. Det korte, konsise og noen ganger punkaktige er denne gangen byttet ut med lengre og m\u00f8rkere strekk p\u00e5 det som er et mer massivt album. I anmeldelser av debutalbumet ble det dratt linjer til kraut rock, Bowie\/Eno\u00b4s Berlin triologi, tidlig Sonic Youth og band som Explosions in the Sky. . Under innspillingen av \u00abTransfixed\u00bb inviterte trioen denne gangen med seg Espen Sommer Eide aka Phonophani (ogs\u00e5 kjent som medlem av duoen Alog) som gjest. Han tok med seg sin Buchla synthesizer og spiller en viktig rolle p\u00e5 det zen-aktige sporet \u00abDive\u00bb.<\/p>\n<p><!--more--><\/p>\n<p>Trioen Cakewalk best\u00e5r av Stephan Meidell (The Sweetest Thrill), \u00d8ystein Skar (Highasakite, Sacred Harp) og Ivar Loe Bj\u00f8rnstad (Hedvig Mollestad Trio). Musikken p\u00e5 deres kritikerroste debutalbum \u00abWired\u00bb fra 2012 ble beskrevet av Mojo Magazine som \u00abhypnotisk kantete improv grooves som maner frem strobende bilder av Konono No 1 i storslag sammen med en gjeng Benzedrine b\u00f8ller p\u00e5 et No Wave New York loft.\u00bb.<\/p>\n<h4>Transfixed<\/h4>\n<p>\u00abDet meste av musikken skapt og innspilt i v\u00e5rt studio i Bergen. Vi har eksperimentert og \u00f8nsket \u00e5 gj\u00f8re noe nytt. \u00c5 jamme i timesvis for \u00e5 komme opp med riff, strukturer og melodier er ingen ny m\u00e5te \u00e5 lage musikk p\u00e5, men vi pr\u00f8ver \u00e5 fortsette og improvisere ogs\u00e5 etter at en l\u00e5ter har materialisert seg\u00bb skriver Stephan Meidell i omslagsteksten. \u00abKjernen i bandet er at vi har veldig forskjellige preferanser, men at vi pr\u00f8ver \u00e5 finne et felles musikalsk st\u00e5sted gjennom improvisasjon. Vi leter ikke et lydbilde fra en spesiell periode, stil eller et band, men beveger oss fritt ut av skyggene til rock, st\u00f8y, jazz og samtidsmusikk.\u00bb I anmeldelser av debutalbumet ble det dratt linjer til kraut rock, Bowie\/Eno\u00b4s Berlin triologi, tidlig Sonic Youth og band som Explosions in the Sky. \u00abLytter vil definitivt pr\u00f8ve \u00e5 sammenligne oss med noe de har h\u00f8rt f\u00f8r, men det er stor sjanse for at vi aldri har h\u00f8rt musikken til de vi blir sammenlignet med. Generelt sett blir musikere ofte konfrontert med sammenligninger som er flatterende, men samtidig helt feil eller irrelevante.<\/p>\n<h4>Gjest<\/h4>\n<p>Under innspillingen av \u00abTransfixed\u00bb inviterte trioen denne gangen med seg Espen Sommer Eide aka Phonophani (ogs\u00e5 kjent som medlem av duoen Alog) som gjest. Han tok med seg sin Buchla synthesizer og spiller en viktig rolle p\u00e5 det zen-aktige sporet \u00abDive\u00bb.<\/p>\n<h4><\/h4>\n<\/p>\n<p><\/p>","protected":false},"excerpt":{"rendered":"<p>Det korte, konsise og noen ganger punkaktige er denne gangen byttet ut med lengre og m\u00f8rkere strekk p\u00e5 det som er et mer massivt album.<\/p>\n","protected":false},"featured_media":27387,"comment_status":"closed","ping_status":"open","template":"","meta":[],"product_brand":[],"product_cat":[36],"product_tag":[],"class_list":{"0":"post-35159","1":"product","2":"type-product","3":"status-publish","4":"has-post-thumbnail","6":"product_cat-hubro","7":"product_shipping_class-cddvd-shipping","8":"uni_artist_tag-cakewalk","9":"uni_artist_tag-espen-sommer-eide","10":"uni_artist_tag-ivar-loe-bjornstad","11":"uni_artist_tag-oystein-skar","12":"uni_artist_tag-stephan-meidell","13":"uni_main_artist_tag-cakewalk","14":"uni_artist_genre-avantgarde","15":"uni_artist_genre-instrumental","16":"uni_artist_genre-rock","18":"first","19":"instock","20":"taxable","21":"shipping-taxable","22":"purchasable","23":"product-type-variable","24":"has-default-attributes"},"_links":{"self":[{"href":"https:\/\/grappa.no\/no\/wp-json\/wp\/v2\/product\/35159","targetHints":{"allow":["GET"]}}],"collection":[{"href":"https:\/\/grappa.no\/no\/wp-json\/wp\/v2\/product"}],"about":[{"href":"https:\/\/grappa.no\/no\/wp-json\/wp\/v2\/types\/product"}],"replies":[{"embeddable":true,"href":"https:\/\/grappa.no\/no\/wp-json\/wp\/v2\/comments?post=35159"}],"wp:featuredmedia":[{"embeddable":true,"href":"https:\/\/grappa.no\/no\/wp-json\/wp\/v2\/media\/27387"}],"wp:attachment":[{"href":"https:\/\/grappa.no\/no\/wp-json\/wp\/v2\/media?parent=35159"}],"wp:term":[{"taxonomy":"product_brand","embeddable":true,"href":"https:\/\/grappa.no\/no\/wp-json\/wp\/v2\/product_brand?post=35159"},{"taxonomy":"product_cat","embeddable":true,"href":"https:\/\/grappa.no\/no\/wp-json\/wp\/v2\/product_cat?post=35159"},{"taxonomy":"product_tag","embeddable":true,"href":"https:\/\/grappa.no\/no\/wp-json\/wp\/v2\/product_tag?post=35159"}],"curies":[{"name":"wp","href":"https:\/\/api.w.org\/{rel}","templated":true}]}}

<p></p>
<p>Mørk og monumental oppfølger  Trioen Cakewalk består av Stephan Meidell (The Sweetest Thrill), Øystein Skar (Highasakite, Sacred Harp) og Ivar Loe Bjørnstad (Hedvig Mollestad Trio). De fikk strålende anmeldelser av den internasjonale musikkpressen for debutalbum &quot;Wired&quot; På sitt andre album «Transfixed» tar de et steg i en ny retning. Det korte, konsise og noen ganger punkaktige er denne gangen byttet ut med lengre og mørkere strekk på det som er et mer massivt album. I anmeldelser av debutalbumet ble det dratt linjer til kraut rock, Bowie/Eno´s Berlin triologi, tidlig Sonic Youth og band som Explosions in the Sky. . Under innspillingen av «Transfixed» inviterte trioen denne gangen med seg Espen Sommer Eide aka Phonophani (også kjent som medlem av duoen Alog) som gjest. Han tok med seg sin Buchla synthesizer og spiller en viktig rolle på det zen-aktige sporet «Dive».</p>
<p><!--more--></p>
<p>Trioen Cakewalk består av Stephan Meidell (The Sweetest Thrill), Øystein Skar (Highasakite, Sacred Harp) og Ivar Loe Bjørnstad (Hedvig Mollestad Trio). Musikken på deres kritikerroste debutalbum «Wired» fra 2012 ble beskrevet av Mojo Magazine som «hypnotisk kantete improv grooves som maner frem strobende bilder av Konono No 1 i storslag sammen med en gjeng Benzedrine bøller på et No Wave New York loft.».</p>
<h4>Transfixed</h4>
<p>«Det meste av musikken skapt og innspilt i vårt studio i Bergen. Vi har eksperimentert og ønsket å gjøre noe nytt. Å jamme i timesvis for å komme opp med riff, strukturer og melodier er ingen ny måte å lage musikk på, men vi prøver å fortsette og improvisere også etter at en låter har materialisert seg» skriver Stephan Meidell i omslagsteksten. «Kjernen i bandet er at vi har veldig forskjellige preferanser, men at vi prøver å finne et felles musikalsk ståsted gjennom improvisasjon. Vi leter ikke et lydbilde fra en spesiell periode, stil eller et band, men beveger oss fritt ut av skyggene til rock, støy, jazz og samtidsmusikk.» I anmeldelser av debutalbumet ble det dratt linjer til kraut rock, Bowie/Eno´s Berlin triologi, tidlig Sonic Youth og band som Explosions in the Sky. «Lytter vil definitivt prøve å sammenligne oss med noe de har hørt før, men det er stor sjanse for at vi aldri har hørt musikken til de vi blir sammenlignet med. Generelt sett blir musikere ofte konfrontert med sammenligninger som er flatterende, men samtidig helt feil eller irrelevante.</p>
<h4>Gjest</h4>
<p>Under innspillingen av «Transfixed» inviterte trioen denne gangen med seg Espen Sommer Eide aka Phonophani (også kjent som medlem av duoen Alog) som gjest. Han tok med seg sin Buchla synthesizer og spiller en viktig rolle på det zen-aktige sporet «Dive».</p>
<h4></h4>
</p>
<p></p>

<p>Det korte, konsise og noen ganger punkaktige er denne gangen byttet ut med lengre og mørkere strekk på det som er et mer massivt album.</p>
