{"id":34567,"date":"2017-10-27T00:00:00","date_gmt":"2017-10-26T23:00:00","guid":{"rendered":"http:\/\/www.grappa.no\/no\/albums\/ukategorisert\/karsten-og-petra-lager-teater-sangene-fra-filmen\/"},"modified":"2017-12-20T17:52:56","modified_gmt":"2017-12-20T16:52:56","slug":"karsten-og-petra-lager-teater-sangene-fra-filmen","status":"publish","type":"product","link":"https:\/\/grappa.no\/no\/albums\/barne\/karsten-og-petra-lager-teater-sangene-fra-filmen\/","title":{"rendered":"Karsten og Petra Lager Teater &#8211; Sangene fra filmen"},"content":{"rendered":"<p><\/p>\n<p>Diverse artister : Karsten og Petra lager teater \u2013 sangene fra filmen.<\/p>\n<p>Karsten og Petra drar p\u00e5 teater med barnehagen. Etter \u00e5 ha sett Tornerose vil Petra l\u00e6re mer om teater og Karsten fatter interesse for lyssettingen. Etter et spennende m\u00f8te med teaterdukkene har L\u00f8veungen og Fr\u00f8ken Kanin lyst til \u00e5 bli skuespillere. I barnehagen h\u00f8rer Karsten og Petra om et barnehjem i India som ikke har elektrisitet. Barna f\u00e5r en lys id\u00e9: De vil samle inn penger til barnehjemmet ved \u00e5 lage en teaterforestilling om lysnisser som bringer lys i m\u00f8rket. N\u00e5 starter prosessen med \u00e5 skape manus, sang, dans, kostymer og scenografi. Og best av alt &#8211; alle kosedyrene f\u00e5r lov til \u00e5 v\u00e6re med i teaterforestillingen!<br \/>\nDet nye albumet inneholder ogs\u00e5 sanger fra filmen \u201cKarsten og Petra ut p\u00e5 tur\u201d (mars 2017) og \u00a0\u201cKarsten og Petra p\u00e5 Skattejakt\u201d (2018)<\/p>\n<p><!--more--><\/p>\n<p>Diverse artister : Karsten og Petra lager teater \u2013 sangene fra filmen<\/p>\n<h4><\/h4>\n<p>I barnehagen h\u00f8rer Karsten og Petra om et barnehjem i India som ikke har elektrisitet. Barna f\u00e5r en lys id\u00e9: De vil samle inn penger til barnehjemmet ved \u00e5 lage en teaterforestilling om lysnisser som bringer lys i m\u00f8rket. N\u00e5 starter prosessen med \u00e5 skape manus, sang, dans, kostymer og scenografi. Og best av alt &#8211; alle kosedyrene f\u00e5r lov til \u00e5 v\u00e6re med i teaterforestillingen!<br \/>\nBarn og foreldre jobber iherdig med \u00e5 f\u00e5 forestillingen klar i tide. Men problemene baller p\u00e5 seg. De beh\u00f8ver et st\u00f8rre lokale, og ikke minst, et publikum! Og hva skal de gj\u00f8re n\u00e5r f\u00f8lgespotten som Karsten skaffet kortslutter alle lys? Den st\u00f8rste utfordringen oppst\u00e5r n\u00e5r Petra vrikker ankelen sin og ikke kan spille hovedrollen som lysnissemor. T\u00f8r Karsten \u00e5 ta oppgaven p\u00e5 sparket, uten \u00e5 ha \u00f8vd? Heldigvis kommer hjelpen fra uventet hold &#8230;<\/p>\n<p>Det nye albumet inneholder ogs\u00e5 sanger fra filmen \u201cKarsten og Petra ut p\u00e5 tur\u201d (mars 2017) og \u00a0\u201cKarsten og Petra p\u00e5 Skattejakt\u201d (2018).<\/p>\n<h4><\/h4>\n<p><h4><\/h4>\n<\/p>\n<p><\/p>","protected":false},"excerpt":{"rendered":"<p>Inneholder sanger fra den nye kinofilmen Karsten og Petra lager teater, samt fra filmene &#8216;Karsten og Petra ut p\u00e5 tur&#8217; (2017) og &#8216;Karsten og Petra p\u00e5 skattejakt&#8217; (2018)<\/p>\n","protected":false},"featured_media":34568,"comment_status":"closed","ping_status":"open","template":"","meta":[],"product_brand":[],"product_cat":[15],"product_tag":[],"class_list":{"0":"post-34567","1":"product","2":"type-product","3":"status-publish","4":"has-post-thumbnail","6":"product_cat-barne","7":"product_shipping_class-cddvd-shipping","8":"uni_artist_tag-agnes-holtestaul","9":"uni_artist_tag-alba-orbeck-nilssen","10":"uni_artist_tag-alma-nilsen-kapich","11":"uni_artist_tag-andre-marton-pedersen","12":"uni_artist_tag-anna-celine-bredal","13":"uni_artist_tag-arne-lindtner-naess","14":"uni_artist_tag-augusta-sand-hegnes","15":"uni_artist_tag-aurora-langaas-gosse","16":"uni_artist_tag-ayla-perly-nosha","17":"uni_artist_tag-borge-petersen-overleir","18":"uni_artist_tag-budapest-art-orchestra","19":"uni_artist_tag-cecilie-skog","20":"uni_artist_tag-clara-dahl-lein","21":"uni_artist_tag-cornelia-sand-hegnes","22":"uni_artist_tag-elias-holmen","23":"uni_artist_tag-elise-marie-lorentzen","24":"uni_artist_tag-emma-zielinski-jensen","25":"uni_artist_tag-fernanda-sand-hegnes","26":"uni_artist_tag-filippa-smith-fuglseth","27":"uni_artist_tag-hallgrim-bratberg","28":"uni_artist_tag-havar-bendiksen","29":"uni_artist_tag-hilde-louise-asbjornsen","30":"uni_artist_tag-hilde-lyran","31":"uni_artist_tag-ina-bye-hansen","32":"uni_artist_tag-ingunn-thon","33":"uni_artist_tag-ivar-norve","34":"uni_artist_tag-janne-formoe","35":"uni_artist_tag-jon-brungot","36":"uni_artist_tag-karla-beitohaugen","37":"uni_artist_tag-kristin-langsrud","38":"uni_artist_tag-lars-kilevold","39":"uni_artist_tag-linn-andrea-fugleseth","40":"uni_artist_tag-markus-tonseth","41":"uni_artist_tag-maximillian-pougoue","42":"uni_artist_tag-mia-ostli-modalsli","43":"uni_artist_tag-oliver-dahl","44":"uni_artist_tag-oslo-soul-children","45":"uni_artist_tag-oystein-knaus-fosshagen","46":"uni_artist_tag-pernille-nygaard","47":"uni_artist_tag-peter-pejtsik","48":"uni_artist_tag-ragnhild-hiis-anestad","49":"uni_artist_tag-sigrun-enge","50":"uni_artist_tag-sindre-hotvedt","51":"uni_artist_tag-tiril-seim-gronn","52":"uni_artist_tag-tone-johnsen","53":"uni_artist_tag-torbjorn-harr","54":"uni_artist_tag-trad","55":"uni_artist_tag-vendela-g-johansen","56":"uni_artist_tag-virva-danbolt-veslegard","57":"uni_artist_genre-children","58":"uni_artist_genre-norwegian-lyrics","59":"uni_artist_genre-pop","61":"first","62":"instock","63":"taxable","64":"shipping-taxable","65":"purchasable","66":"product-type-simple"},"_links":{"self":[{"href":"https:\/\/grappa.no\/no\/wp-json\/wp\/v2\/product\/34567","targetHints":{"allow":["GET"]}}],"collection":[{"href":"https:\/\/grappa.no\/no\/wp-json\/wp\/v2\/product"}],"about":[{"href":"https:\/\/grappa.no\/no\/wp-json\/wp\/v2\/types\/product"}],"replies":[{"embeddable":true,"href":"https:\/\/grappa.no\/no\/wp-json\/wp\/v2\/comments?post=34567"}],"wp:featuredmedia":[{"embeddable":true,"href":"https:\/\/grappa.no\/no\/wp-json\/wp\/v2\/media\/34568"}],"wp:attachment":[{"href":"https:\/\/grappa.no\/no\/wp-json\/wp\/v2\/media?parent=34567"}],"wp:term":[{"taxonomy":"product_brand","embeddable":true,"href":"https:\/\/grappa.no\/no\/wp-json\/wp\/v2\/product_brand?post=34567"},{"taxonomy":"product_cat","embeddable":true,"href":"https:\/\/grappa.no\/no\/wp-json\/wp\/v2\/product_cat?post=34567"},{"taxonomy":"product_tag","embeddable":true,"href":"https:\/\/grappa.no\/no\/wp-json\/wp\/v2\/product_tag?post=34567"}],"curies":[{"name":"wp","href":"https:\/\/api.w.org\/{rel}","templated":true}]}}

<p></p>
<p>Diverse artister : Karsten og Petra lager teater – sangene fra filmen.</p>
<p>Karsten og Petra drar på teater med barnehagen. Etter å ha sett Tornerose vil Petra lære mer om teater og Karsten fatter interesse for lyssettingen. Etter et spennende møte med teaterdukkene har Løveungen og Frøken Kanin lyst til å bli skuespillere. I barnehagen hører Karsten og Petra om et barnehjem i India som ikke har elektrisitet. Barna får en lys idé: De vil samle inn penger til barnehjemmet ved å lage en teaterforestilling om lysnisser som bringer lys i mørket. Nå starter prosessen med å skape manus, sang, dans, kostymer og scenografi. Og best av alt &#8211; alle kosedyrene får lov til å være med i teaterforestillingen!<br />
Det nye albumet inneholder også sanger fra filmen “Karsten og Petra ut på tur” (mars 2017) og  “Karsten og Petra på Skattejakt” (2018)</p>
<p><!--more--></p>
<p>Diverse artister : Karsten og Petra lager teater – sangene fra filmen</p>
<h4></h4>
<p>I barnehagen hører Karsten og Petra om et barnehjem i India som ikke har elektrisitet. Barna får en lys idé: De vil samle inn penger til barnehjemmet ved å lage en teaterforestilling om lysnisser som bringer lys i mørket. Nå starter prosessen med å skape manus, sang, dans, kostymer og scenografi. Og best av alt &#8211; alle kosedyrene får lov til å være med i teaterforestillingen!<br />
Barn og foreldre jobber iherdig med å få forestillingen klar i tide. Men problemene baller på seg. De behøver et større lokale, og ikke minst, et publikum! Og hva skal de gjøre når følgespotten som Karsten skaffet kortslutter alle lys? Den største utfordringen oppstår når Petra vrikker ankelen sin og ikke kan spille hovedrollen som lysnissemor. Tør Karsten å ta oppgaven på sparket, uten å ha øvd? Heldigvis kommer hjelpen fra uventet hold &#8230;</p>
<p>Det nye albumet inneholder også sanger fra filmen “Karsten og Petra ut på tur” (mars 2017) og  “Karsten og Petra på Skattejakt” (2018).</p>
<h4></h4>
<p><h4></h4>
</p>
<p></p>

<p>Inneholder sanger fra den nye kinofilmen Karsten og Petra lager teater, samt fra filmene &#8216;Karsten og Petra ut på tur&#8217; (2017) og &#8216;Karsten og Petra på skattejakt&#8217; (2018)</p>
