{"id":32208,"date":"2016-11-25T00:00:00","date_gmt":"2016-11-21T23:00:00","guid":{"rendered":"http:\/\/www.grappa.no\/no\/albums\/ukategorisert\/half-a-happy-holiday\/"},"modified":"2017-10-27T12:18:24","modified_gmt":"2017-10-27T11:18:24","slug":"half-a-happy-holiday","status":"publish","type":"product","link":"https:\/\/grappa.no\/no\/albums\/grappa\/half-a-happy-holiday\/","title":{"rendered":"Half a Happy Holiday"},"content":{"rendered":"<p><\/p>\n<p>Adam Douglas &#8211; Half a Happy Holiday<\/p>\n<p>Et unikt og uventet glimt inn i de kalde m\u00e5nedene av \u00e5ret. S\u00e5 intimt og f\u00f8lelsesfylt som sesongen selv er, fanger denne eksklusive samlingen av l\u00e5ter essensen av h\u00f8ytiden vi g\u00e5r inn i \u2013 i sin \u00e6rlige form. Gleden, smerten, varmen, kulden \u2013 Adam Douglas \u00f8nsker deg og dine; Half A Happy Holiday.<\/p>\n<p><!--more--><\/p>\n<p>25.november slipper Adam Douglas EP-en \u201dHalf A Happy Holiday\u201d<\/p>\n<h4>Half a Happy Holiday<\/h4>\n<p>S\u00e5 intimt og f\u00f8lelsesfylt som sesongen selv er, fanger denne eksklusive samlingen av l\u00e5ter essensen av h\u00f8ytiden vi g\u00e5r inn i \u2013 i sin \u00e6rlige form.<br \/>\nGleden, smerten, varmen, kulden \u2013 Adam Douglas \u00f8nsker deg og dine ; Half A Happy Holiday.<\/p>\n<h4><\/h4>\n<p><h4><\/h4>\n<\/p>\n<p><\/p>","protected":false},"excerpt":{"rendered":"<p>Gleden, smerten, varmen, kulden \u2013 Adam Douglas \u00f8nsker deg og dine; Half A Happy Holiday.<\/p>\n","protected":false},"featured_media":32211,"comment_status":"closed","ping_status":"open","template":"","meta":[],"product_brand":[],"product_cat":[6],"product_tag":[],"class_list":{"0":"post-32208","1":"product","2":"type-product","3":"status-publish","4":"has-post-thumbnail","6":"product_cat-grappa","7":"product_shipping_class-none","8":"uni_artist_tag-adam-douglas","9":"uni_artist_tag-borge-are-halvorsen","10":"uni_artist_tag-edward-cole","11":"uni_artist_tag-frank-loesser","12":"uni_artist_tag-ingrid-michaelson","13":"uni_artist_tag-jack-elliot","14":"uni_artist_tag-james-harwood","15":"uni_artist_tag-lars-andreas-aspesaeter","16":"uni_artist_tag-lise-sorensen-voldsdal","17":"uni_artist_tag-ruben-dalen","18":"uni_artist_tag-sara-bareilles","19":"uni_artist_tag-sonny-burke","20":"uni_main_artist_tag-adam-douglas","21":"uni_artist_genre-christmas-music","23":"first","24":"outofstock","25":"taxable","26":"shipping-taxable","27":"product-type-simple"},"_links":{"self":[{"href":"https:\/\/grappa.no\/no\/wp-json\/wp\/v2\/product\/32208","targetHints":{"allow":["GET"]}}],"collection":[{"href":"https:\/\/grappa.no\/no\/wp-json\/wp\/v2\/product"}],"about":[{"href":"https:\/\/grappa.no\/no\/wp-json\/wp\/v2\/types\/product"}],"replies":[{"embeddable":true,"href":"https:\/\/grappa.no\/no\/wp-json\/wp\/v2\/comments?post=32208"}],"wp:featuredmedia":[{"embeddable":true,"href":"https:\/\/grappa.no\/no\/wp-json\/wp\/v2\/media\/32211"}],"wp:attachment":[{"href":"https:\/\/grappa.no\/no\/wp-json\/wp\/v2\/media?parent=32208"}],"wp:term":[{"taxonomy":"product_brand","embeddable":true,"href":"https:\/\/grappa.no\/no\/wp-json\/wp\/v2\/product_brand?post=32208"},{"taxonomy":"product_cat","embeddable":true,"href":"https:\/\/grappa.no\/no\/wp-json\/wp\/v2\/product_cat?post=32208"},{"taxonomy":"product_tag","embeddable":true,"href":"https:\/\/grappa.no\/no\/wp-json\/wp\/v2\/product_tag?post=32208"}],"curies":[{"name":"wp","href":"https:\/\/api.w.org\/{rel}","templated":true}]}}

<p></p>
<p>Adam Douglas &#8211; Half a Happy Holiday</p>
<p>Et unikt og uventet glimt inn i de kalde månedene av året. Så intimt og følelsesfylt som sesongen selv er, fanger denne eksklusive samlingen av låter essensen av høytiden vi går inn i – i sin ærlige form. Gleden, smerten, varmen, kulden – Adam Douglas ønsker deg og dine; Half A Happy Holiday.</p>
<p><!--more--></p>
<p>25.november slipper Adam Douglas EP-en ”Half A Happy Holiday”</p>
<h4>Half a Happy Holiday</h4>
<p>Så intimt og følelsesfylt som sesongen selv er, fanger denne eksklusive samlingen av låter essensen av høytiden vi går inn i – i sin ærlige form.<br />
Gleden, smerten, varmen, kulden – Adam Douglas ønsker deg og dine ; Half A Happy Holiday.</p>
<h4></h4>
<p><h4></h4>
</p>
<p></p>

<p>Gleden, smerten, varmen, kulden – Adam Douglas ønsker deg og dine; Half A Happy Holiday.</p>
