{"id":32145,"date":"2016-11-25T00:00:00","date_gmt":"2016-11-24T23:00:00","guid":{"rendered":"http:\/\/www.grappa.no\/no\/albums\/ukategorisert\/deilig-er-jorden-det-beste-av-nidarosdomens-guttekor\/"},"modified":"2017-01-07T20:02:34","modified_gmt":"2017-01-07T19:02:34","slug":"deilig-er-jorden-det-beste-av-nidarosdomens-guttekor","status":"publish","type":"product","link":"https:\/\/grappa.no\/no\/albums\/grappa\/deilig-er-jorden-det-beste-av-nidarosdomens-guttekor\/","title":{"rendered":"Deilig er jorden \u2013 Det beste av Nidarosdomens Guttekor"},"content":{"rendered":"<p><\/p>\n<p>Det beste av Nidarosdomens guttekor<\/p>\n<p>Julens sanger fremf\u00f8rt av Nidarosdomens Guttekor er en lang og kj\u00e6r tradisjon i advents- og juletiden. \u201dDeilig er jorden\u201d gir deg et gjenh\u00f8r med de beste julesangene koret har gjort gjennom sin lange karriere, med sanger som \u201dJeg er s\u00e5 glad hver julekveld\u201d, \u201dN\u00e5 tennes tusen julelys\u201d, \u201dSonjas sang til julestjernen\u201d, \u201dChild in a manger\u201d og \u201dDeilig er jorden\u201d. Med gjester som Arve Tellefsen og Ole Edvard Antonsen, er dette en juleplate med et frodig og variert repertoar som vekker den riktige julestemningen. <\/p>\n<p>Nidarosdomens Guttekor ivaretar en 900 \u00e5r gammel tradisjon med guttekorsang i Nidarosdomen i Trondheim, og koret har opparbeidet seg en posisjon som et av Europas ledende guttekor gjennom konsertturneer, opptredener i radio og TV, samt en rekke CD-innspillinger. Koret synger alt fra gregoriansk sang til nykomponert musikk og fremf\u00f8rer minst en gang i \u00e5ret store korverk med orkester og solister. Likevel er deres julesanger deres st\u00f8rste gave til oss som lyttere.<\/p>\n<p><!--more--><\/p>\n<p>Julens sanger fremf\u00f8rt av Nidarosdomens Guttekor er en lang og kj\u00e6r tradisjon i advents- og juletiden. Her f\u00e5r vi h\u00f8re de beste julesangene koret har gjort gjennom sin lange karriere.<\/p>\n<h4>Det beste fra Nidarosdomens Guttekor \u2013 med gjester<\/h4>\n<p>\u201dDeilig er jorden \u2013 Det beste fra Nidarosdomens Guttekor\u201d gir deg et gjenh\u00f8r med sanger som \u201dJeg er s\u00e5 glad hver julekveld\u201d, \u201dN\u00e5 tennes tusen julelys\u201d, \u201dSonjas sang til julestjernen\u201d, \u201dChild in a manger\u201d og \u201dDeilig er jorden\u201d. Med musikere fra Trondheim Symfoniorkester og gjester som Arve Tellefsen og Ole Edvard Antonsen, er dette en juleplate med et frodig og variert repertoar som vekker den riktige julestemningen.<\/p>\n<h4>En 900 \u00e5r gammel tradisjon<\/h4>\n<p>Nidarosdomens Guttekor ivaretar en 900 \u00e5r gammel tradisjon med guttekorsang i Nidarosdomen i Trondheim. Etter noen f\u00e5 \u00e5rs opphold p\u00e5 begynnelsen av 1900-tallet, ble koret gjenstiftet i 1927, og koret har gjennom \u00e5rene, under ledelse av dirigent Bj\u00f8rn Moe, opparbeidet seg en posisjon som et av Europas ledende guttekor, gjennom konsertturneer, opptredener i radio og TV, samt en rekke CD-innspillinger. Koret har deltatt ved en rekke internasjonale korfestivaler, opptr\u00e5dt i flere europeiske hovedsteder, sunget for pave Johannes Paul II ved to anledninger og medvirket ved store nasjonale begivenheter, som signingen av Kong Harald og Dronning Sonja i 1991, og 25-\u00e5rsjubilet for signingen i juni 2016. Koret synger alt fra gregoriansk sang til nykomponert musikk og fremf\u00f8rer minst en gang i \u00e5ret store korverk med orkester og solister. Likevel er deres julesanger deres st\u00f8rste gave til oss som lyttere.<\/p>\n<h4><\/h4>\n<\/p>\n<p><\/p>","protected":false},"excerpt":{"rendered":"<p>Julefeiring med Nidarosdomens Guttekor er en musikalsk opplevelse.<\/p>\n","protected":false},"featured_media":32146,"comment_status":"closed","ping_status":"open","template":"","meta":[],"product_brand":[],"product_cat":[6],"product_tag":[],"class_list":{"0":"post-32145","1":"product","2":"type-product","3":"status-publish","4":"has-post-thumbnail","6":"product_cat-grappa","7":"product_shipping_class-cddvd-shipping","8":"uni_artist_tag-arnljot-hoyland","9":"uni_artist_tag-arve-tellefsen","10":"uni_artist_tag-bjorn-moe","11":"uni_artist_tag-carl-andreas-naess","12":"uni_artist_tag-dag-rune-lovberg","13":"uni_artist_tag-egil-hovland","14":"uni_artist_tag-egil-monn-iversen","15":"uni_artist_tag-emmy-kohler","16":"uni_artist_tag-erling-with-aasgard","17":"uni_artist_tag-frode-hoff","18":"uni_artist_tag-gard-wedo","19":"uni_artist_tag-gustav-holst","20":"uni_artist_tag-isak-demelash-brenne","21":"uni_artist_tag-j-a-p-schultz","22":"uni_artist_tag-jacob-g-meidell","23":"uni_artist_tag-james-lord-pierpont","24":"uni_artist_tag-kare-aambo","25":"uni_artist_tag-lars-havag","26":"uni_artist_tag-mads-frigstad","27":"uni_artist_tag-marc-antoine-charpentier","28":"uni_artist_tag-nidarosdomens-guttekor","29":"uni_artist_tag-ole-edvard-antonsen","30":"uni_artist_tag-oyvind-kare-pettersen","31":"uni_artist_tag-peder-knudsen","32":"uni_artist_tag-svein-gundersen","33":"uni_artist_tag-tore-vidar-odnes","34":"uni_artist_tag-trad","35":"uni_artist_tag-trondheim-symphony-orchestra","36":"uni_main_artist_tag-nidarosdomens-guttekor","37":"uni_artist_genre-choir","38":"uni_artist_genre-christmas-music","40":"first","41":"instock","42":"taxable","43":"shipping-taxable","44":"purchasable","45":"product-type-simple"},"_links":{"self":[{"href":"https:\/\/grappa.no\/no\/wp-json\/wp\/v2\/product\/32145","targetHints":{"allow":["GET"]}}],"collection":[{"href":"https:\/\/grappa.no\/no\/wp-json\/wp\/v2\/product"}],"about":[{"href":"https:\/\/grappa.no\/no\/wp-json\/wp\/v2\/types\/product"}],"replies":[{"embeddable":true,"href":"https:\/\/grappa.no\/no\/wp-json\/wp\/v2\/comments?post=32145"}],"wp:featuredmedia":[{"embeddable":true,"href":"https:\/\/grappa.no\/no\/wp-json\/wp\/v2\/media\/32146"}],"wp:attachment":[{"href":"https:\/\/grappa.no\/no\/wp-json\/wp\/v2\/media?parent=32145"}],"wp:term":[{"taxonomy":"product_brand","embeddable":true,"href":"https:\/\/grappa.no\/no\/wp-json\/wp\/v2\/product_brand?post=32145"},{"taxonomy":"product_cat","embeddable":true,"href":"https:\/\/grappa.no\/no\/wp-json\/wp\/v2\/product_cat?post=32145"},{"taxonomy":"product_tag","embeddable":true,"href":"https:\/\/grappa.no\/no\/wp-json\/wp\/v2\/product_tag?post=32145"}],"curies":[{"name":"wp","href":"https:\/\/api.w.org\/{rel}","templated":true}]}}

<p></p>
<p>Det beste av Nidarosdomens guttekor</p>
<p>Julens sanger fremført av Nidarosdomens Guttekor er en lang og kjær tradisjon i advents- og juletiden. ”Deilig er jorden” gir deg et gjenhør med de beste julesangene koret har gjort gjennom sin lange karriere, med sanger som ”Jeg er så glad hver julekveld”, ”Nå tennes tusen julelys”, ”Sonjas sang til julestjernen”, ”Child in a manger” og ”Deilig er jorden”. Med gjester som Arve Tellefsen og Ole Edvard Antonsen, er dette en juleplate med et frodig og variert repertoar som vekker den riktige julestemningen. </p>
<p>Nidarosdomens Guttekor ivaretar en 900 år gammel tradisjon med guttekorsang i Nidarosdomen i Trondheim, og koret har opparbeidet seg en posisjon som et av Europas ledende guttekor gjennom konsertturneer, opptredener i radio og TV, samt en rekke CD-innspillinger. Koret synger alt fra gregoriansk sang til nykomponert musikk og fremfører minst en gang i året store korverk med orkester og solister. Likevel er deres julesanger deres største gave til oss som lyttere.</p>
<p><!--more--></p>
<p>Julens sanger fremført av Nidarosdomens Guttekor er en lang og kjær tradisjon i advents- og juletiden. Her får vi høre de beste julesangene koret har gjort gjennom sin lange karriere.</p>
<h4>Det beste fra Nidarosdomens Guttekor – med gjester</h4>
<p>”Deilig er jorden – Det beste fra Nidarosdomens Guttekor” gir deg et gjenhør med sanger som ”Jeg er så glad hver julekveld”, ”Nå tennes tusen julelys”, ”Sonjas sang til julestjernen”, ”Child in a manger” og ”Deilig er jorden”. Med musikere fra Trondheim Symfoniorkester og gjester som Arve Tellefsen og Ole Edvard Antonsen, er dette en juleplate med et frodig og variert repertoar som vekker den riktige julestemningen.</p>
<h4>En 900 år gammel tradisjon</h4>
<p>Nidarosdomens Guttekor ivaretar en 900 år gammel tradisjon med guttekorsang i Nidarosdomen i Trondheim. Etter noen få års opphold på begynnelsen av 1900-tallet, ble koret gjenstiftet i 1927, og koret har gjennom årene, under ledelse av dirigent Bjørn Moe, opparbeidet seg en posisjon som et av Europas ledende guttekor, gjennom konsertturneer, opptredener i radio og TV, samt en rekke CD-innspillinger. Koret har deltatt ved en rekke internasjonale korfestivaler, opptrådt i flere europeiske hovedsteder, sunget for pave Johannes Paul II ved to anledninger og medvirket ved store nasjonale begivenheter, som signingen av Kong Harald og Dronning Sonja i 1991, og 25-årsjubilet for signingen i juni 2016. Koret synger alt fra gregoriansk sang til nykomponert musikk og fremfører minst en gang i året store korverk med orkester og solister. Likevel er deres julesanger deres største gave til oss som lyttere.</p>
<h4></h4>
</p>
<p></p>
