{"id":31968,"date":"2005-11-14T00:00:00","date_gmt":"2005-11-13T23:00:00","guid":{"rendered":"http:\/\/www.grappa.no\/no\/albums\/ukategorisert\/flat-pedal-til-flaklypa-2cd\/"},"modified":"2016-11-01T13:46:07","modified_gmt":"2016-11-01T12:46:07","slug":"flat-pedal-til-flaklypa-2cd","status":"publish","type":"product","link":"https:\/\/grappa.no\/no\/albums\/barne\/flat-pedal-til-flaklypa-2cd\/","title":{"rendered":"FLAT PEDAL TIL FL\u00c5KLYPA [2CD]"},"content":{"rendered":"<p><\/p>\n<p>Flat pedal til Fl\u00e5klypa<\/p>\n<p>Under en markise p\u00e5 Gr\u00fcnerl\u00f8kka &#8211; og n\u00e5 i stor gjeld til Theatercaf\u00e9en &#8211; sitter Solan Gundersen og skryter av sine bilrace-meritter da selveste Petter Solberg kommer bort og ber ham om en tjeneste. Kan Solan kj\u00f8re Subaruen hans opp til Fl\u00e5klypa for at Reodor Felgen kan gj\u00f8re bilen klar til rallyet p\u00e5 nytt\u00e5rsaften? Den elleville bilturen som f\u00f8lger inkluderer Solan og Ludvig i kjent stil, i tillegg til den hjeml\u00f8se fj\u00f8snissen Nystumoen, meieriassistent Emanuel Desperados, Rudolf Blodstrupmoen &#8211; hissig utsendt fra Christiania Sopp- og Skadedyrkontroll &#8211; og en veltalende kelner fra overnevnte restaurant. Og i h\u00e6lene har de to hevngjerrige svensker som selv skal delta i rallyet og helst ser at sine vinnersjanser \u00f8ker betraktelig. <\/p>\n<p>Lydboken er basert p\u00e5 figurer og hendelser i Kjell Aukrusts forfatterskap.<\/p>\n<p><!--more--><\/p>\n<h4><\/h4>\n<\/p>\n<h4><\/h4>\n<p><h4><\/h4>\n<\/p>\n<p><\/p>","protected":false},"excerpt":{"rendered":"<p>Bli med inn i Kjell Aukrusts fantasifulle og hum\u00f8rfylte verden og m\u00f8t blant annet hans kjente og kj\u00e6re figurer Solan og Ludvig!<\/p>\n","protected":false},"featured_media":31977,"comment_status":"closed","ping_status":"open","template":"","meta":[],"product_brand":[],"product_cat":[15],"product_tag":[],"class_list":{"0":"post-31968","1":"product","2":"type-product","3":"status-publish","4":"has-post-thumbnail","6":"product_cat-barne","7":"product_shipping_class-cddvd-shipping","8":"uni_artist_tag-arve-furseth","9":"uni_artist_tag-oystein-vesaas","10":"uni_artist_genre-audio-book","11":"uni_artist_genre-children","13":"first","14":"outofstock","15":"taxable","16":"shipping-taxable","17":"product-type-simple"},"_links":{"self":[{"href":"https:\/\/grappa.no\/no\/wp-json\/wp\/v2\/product\/31968","targetHints":{"allow":["GET"]}}],"collection":[{"href":"https:\/\/grappa.no\/no\/wp-json\/wp\/v2\/product"}],"about":[{"href":"https:\/\/grappa.no\/no\/wp-json\/wp\/v2\/types\/product"}],"replies":[{"embeddable":true,"href":"https:\/\/grappa.no\/no\/wp-json\/wp\/v2\/comments?post=31968"}],"wp:featuredmedia":[{"embeddable":true,"href":"https:\/\/grappa.no\/no\/wp-json\/wp\/v2\/media\/31977"}],"wp:attachment":[{"href":"https:\/\/grappa.no\/no\/wp-json\/wp\/v2\/media?parent=31968"}],"wp:term":[{"taxonomy":"product_brand","embeddable":true,"href":"https:\/\/grappa.no\/no\/wp-json\/wp\/v2\/product_brand?post=31968"},{"taxonomy":"product_cat","embeddable":true,"href":"https:\/\/grappa.no\/no\/wp-json\/wp\/v2\/product_cat?post=31968"},{"taxonomy":"product_tag","embeddable":true,"href":"https:\/\/grappa.no\/no\/wp-json\/wp\/v2\/product_tag?post=31968"}],"curies":[{"name":"wp","href":"https:\/\/api.w.org\/{rel}","templated":true}]}}

FLAT PEDAL TIL FLÅKLYPA [2CD]

<p></p>
<p>Flat pedal til Flåklypa</p>
<p>Under en markise på Grünerløkka &#8211; og nå i stor gjeld til Theatercaféen &#8211; sitter Solan Gundersen og skryter av sine bilrace-meritter da selveste Petter Solberg kommer bort og ber ham om en tjeneste. Kan Solan kjøre Subaruen hans opp til Flåklypa for at Reodor Felgen kan gjøre bilen klar til rallyet på nyttårsaften? Den elleville bilturen som følger inkluderer Solan og Ludvig i kjent stil, i tillegg til den hjemløse fjøsnissen Nystumoen, meieriassistent Emanuel Desperados, Rudolf Blodstrupmoen &#8211; hissig utsendt fra Christiania Sopp- og Skadedyrkontroll &#8211; og en veltalende kelner fra overnevnte restaurant. Og i hælene har de to hevngjerrige svensker som selv skal delta i rallyet og helst ser at sine vinnersjanser øker betraktelig. </p>
<p>Lydboken er basert på figurer og hendelser i Kjell Aukrusts forfatterskap.</p>
<p><!--more--></p>
<h4></h4>
</p>
<h4></h4>
<p><h4></h4>
</p>
<p></p>

<p>Bli med inn i Kjell Aukrusts fantasifulle og humørfylte verden og møt blant annet hans kjente og kjære figurer Solan og Ludvig!</p>
