{"id":31718,"date":"2007-06-18T00:00:00","date_gmt":"2007-06-17T23:00:00","guid":{"rendered":"http:\/\/www.grappa.no\/no\/albums\/ukategorisert\/kakling-rauting-og-noff\/"},"modified":"2016-11-01T10:02:21","modified_gmt":"2016-11-01T09:02:21","slug":"kakling-rauting-og-noff","status":"publish","type":"product","link":"https:\/\/grappa.no\/no\/albums\/barne\/kakling-rauting-og-noff\/","title":{"rendered":"KAKLING, RAUTING OG N\u00d8FF"},"content":{"rendered":"<p><\/p>\n<p>Musikk fra TV2s KuToppen<\/p>\n<p>KuToppen heter det nye norsk-produserte konseptet som tar opp kampen med Elias. Den animerte tv-serien har blitt vist p\u00e5 TV2 Junior, og handler om dyr p\u00e5 en bondeg\u00e5rd. Kjenningsmelodien finnes allerede p\u00e5 TV2 Junior CDen. <\/p>\n<p>Historien p\u00e5 denne CDen omhandler selve innflyttingen p\u00e5 g\u00e5rden KuToppen. H\u00f8nemor Chickolina arver g\u00e5rden etter sin onkel, og tar med seg barna Gaute og Tineline, oppfinner-grisen Albert og stor-oksen Mosk. Men innflyttingen g\u00e5r ikke helt som planlagt. Det er mye som m\u00e5 fikses p\u00e5, og det gretne fugleskremselet Fobetron \u00f8nsker dem slett ikke velkommen.<\/p>\n<p>Qvisten Animation samarbeider med Dyreparken i Kristiansand om \u00e5 bygge et stort omr\u00e5de der Barnas S\u00e6ter tidligere l\u00e5, med bondeg\u00e5rd og dyr i alle varianter. I mellomtiden skal det v\u00e6re et dukketeater der, og de starter opp n\u00e5 til sommeren. En kinofilm er planlagt h\u00f8sten 2008.<\/p>\n<p><!--more--><\/p>\n<h4><\/h4>\n<\/p>\n<h4><\/h4>\n<p><h4><\/h4>\n<\/p>\n<p><\/p>","protected":false},"excerpt":{"rendered":"<p>Historien om innflyttingen p\u00e5 g\u00e5rden KuToppen fra TV2s serie med samme navn.<\/p>\n","protected":false},"featured_media":31726,"comment_status":"closed","ping_status":"open","template":"","meta":[],"product_brand":[],"product_cat":[15],"product_tag":[],"class_list":{"0":"post-31718","1":"product","2":"type-product","3":"status-publish","4":"has-post-thumbnail","6":"product_cat-barne","7":"product_shipping_class-cddvd-shipping","8":"uni_artist_tag-anne-marit-jacobsen","9":"uni_artist_tag-borge-petersen-overleir","10":"uni_main_artist_tag-anne-marit-jacobsen","11":"uni_artist_genre-children","12":"uni_artist_genre-norwegian-lyrics","14":"first","15":"outofstock","16":"taxable","17":"shipping-taxable","18":"product-type-simple"},"_links":{"self":[{"href":"https:\/\/grappa.no\/no\/wp-json\/wp\/v2\/product\/31718","targetHints":{"allow":["GET"]}}],"collection":[{"href":"https:\/\/grappa.no\/no\/wp-json\/wp\/v2\/product"}],"about":[{"href":"https:\/\/grappa.no\/no\/wp-json\/wp\/v2\/types\/product"}],"replies":[{"embeddable":true,"href":"https:\/\/grappa.no\/no\/wp-json\/wp\/v2\/comments?post=31718"}],"wp:featuredmedia":[{"embeddable":true,"href":"https:\/\/grappa.no\/no\/wp-json\/wp\/v2\/media\/31726"}],"wp:attachment":[{"href":"https:\/\/grappa.no\/no\/wp-json\/wp\/v2\/media?parent=31718"}],"wp:term":[{"taxonomy":"product_brand","embeddable":true,"href":"https:\/\/grappa.no\/no\/wp-json\/wp\/v2\/product_brand?post=31718"},{"taxonomy":"product_cat","embeddable":true,"href":"https:\/\/grappa.no\/no\/wp-json\/wp\/v2\/product_cat?post=31718"},{"taxonomy":"product_tag","embeddable":true,"href":"https:\/\/grappa.no\/no\/wp-json\/wp\/v2\/product_tag?post=31718"}],"curies":[{"name":"wp","href":"https:\/\/api.w.org\/{rel}","templated":true}]}}

KAKLING, RAUTING OG NØFF

<p></p>
<p>Musikk fra TV2s KuToppen</p>
<p>KuToppen heter det nye norsk-produserte konseptet som tar opp kampen med Elias. Den animerte tv-serien har blitt vist på TV2 Junior, og handler om dyr på en bondegård. Kjenningsmelodien finnes allerede på TV2 Junior CDen. </p>
<p>Historien på denne CDen omhandler selve innflyttingen på gården KuToppen. Hønemor Chickolina arver gården etter sin onkel, og tar med seg barna Gaute og Tineline, oppfinner-grisen Albert og stor-oksen Mosk. Men innflyttingen går ikke helt som planlagt. Det er mye som må fikses på, og det gretne fugleskremselet Fobetron ønsker dem slett ikke velkommen.</p>
<p>Qvisten Animation samarbeider med Dyreparken i Kristiansand om å bygge et stort område der Barnas Sæter tidligere lå, med bondegård og dyr i alle varianter. I mellomtiden skal det være et dukketeater der, og de starter opp nå til sommeren. En kinofilm er planlagt høsten 2008.</p>
<p><!--more--></p>
<h4></h4>
</p>
<h4></h4>
<p><h4></h4>
</p>
<p></p>

<p>Historien om innflyttingen på gården KuToppen fra TV2s serie med samme navn.</p>
