{"id":30923,"date":"1992-04-07T00:00:00","date_gmt":"1992-04-06T23:00:00","guid":{"rendered":"http:\/\/www.grappa.no\/no\/albums\/ukategorisert\/fartein-valen-symphonies\/"},"modified":"2019-02-22T15:49:46","modified_gmt":"2019-02-22T14:49:46","slug":"fartein-valen-symphonies","status":"publish","type":"product","link":"https:\/\/grappa.no\/no\/albums\/simax-classics\/fartein-valen-symphonies\/","title":{"rendered":"Fartein Valen Symphonies"},"content":{"rendered":"<p><\/p>\n<p>Fartein Valens symfonier<\/p>\n<p>Fartein Valens musikk formidler inntrykket av en personlighet som rommer b\u00e5de visdom og naivitet; begge deler preget av en inderlighet i tanke s\u00e5 vel som uttrykk, og parret med en forfinet skyhet overfor all bombasme. De fire symfonier som Valen n\u00e5dde \u00e5 fullf\u00f8re, rommer ikke de store kontraster og i det hele tatt bare lite av det som man i alminnelighet forst\u00e5r ved symfonisk utvikling. Med en sparsom bruk av orkesteret, henter musikken sin styrke i den melodiske dynamikk som er ledlagt i det kontrapunktiske linjespill. Men dimensjonene er blitt st\u00f8rre. Den ene tanke avf\u00f8der den neste med en ny frodighet som n\u00e6res ved at det lange \u00e5ndedrag har holdt sitt inntog i Valens musikk. P\u00e5 denne utgivelsen er alle fire symfoniene til Valen innspilt, fordelt p\u00e5 2 CDer, av Bergen Filharmoniske Orkester og dirigent Aldo Ceccato \u2013 en fantastisk samling symfonier som mangler sidestykke!<\/p>\n<p><!--more--><\/p>\n<h4><\/h4>\n<\/p>\n<h4><\/h4>\n<p><h4><\/h4>\n<\/p>\n<p><\/p>","protected":false},"excerpt":{"rendered":"<p>Fartein Valens fire symfonier samlet p\u00e5 en utgivelse &#8211; symfonier som mangler sidestykke!<\/p>\n","protected":false},"featured_media":30929,"comment_status":"closed","ping_status":"open","template":"","meta":[],"product_brand":[],"product_cat":[180],"product_tag":[],"class_list":{"0":"post-30923","1":"product","2":"type-product","3":"status-publish","4":"has-post-thumbnail","6":"product_cat-simax-classics","7":"product_shipping_class-cddvd-shipping","8":"uni_artist_tag-aldo-ceccato","9":"uni_artist_tag-arne-peter-rognan","10":"uni_artist_tag-bergen-philharmonic-orchestra","11":"uni_artist_tag-fartein-valen","12":"uni_artist_genre-complete","13":"uni_artist_genre-orchestral","15":"first","16":"instock","17":"taxable","18":"shipping-taxable","19":"purchasable","20":"product-type-simple"},"_links":{"self":[{"href":"https:\/\/grappa.no\/no\/wp-json\/wp\/v2\/product\/30923","targetHints":{"allow":["GET"]}}],"collection":[{"href":"https:\/\/grappa.no\/no\/wp-json\/wp\/v2\/product"}],"about":[{"href":"https:\/\/grappa.no\/no\/wp-json\/wp\/v2\/types\/product"}],"replies":[{"embeddable":true,"href":"https:\/\/grappa.no\/no\/wp-json\/wp\/v2\/comments?post=30923"}],"wp:featuredmedia":[{"embeddable":true,"href":"https:\/\/grappa.no\/no\/wp-json\/wp\/v2\/media\/30929"}],"wp:attachment":[{"href":"https:\/\/grappa.no\/no\/wp-json\/wp\/v2\/media?parent=30923"}],"wp:term":[{"taxonomy":"product_brand","embeddable":true,"href":"https:\/\/grappa.no\/no\/wp-json\/wp\/v2\/product_brand?post=30923"},{"taxonomy":"product_cat","embeddable":true,"href":"https:\/\/grappa.no\/no\/wp-json\/wp\/v2\/product_cat?post=30923"},{"taxonomy":"product_tag","embeddable":true,"href":"https:\/\/grappa.no\/no\/wp-json\/wp\/v2\/product_tag?post=30923"}],"curies":[{"name":"wp","href":"https:\/\/api.w.org\/{rel}","templated":true}]}}

<p></p>
<p>Fartein Valens symfonier</p>
<p>Fartein Valens musikk formidler inntrykket av en personlighet som rommer både visdom og naivitet; begge deler preget av en inderlighet i tanke så vel som uttrykk, og parret med en forfinet skyhet overfor all bombasme. De fire symfonier som Valen nådde å fullføre, rommer ikke de store kontraster og i det hele tatt bare lite av det som man i alminnelighet forstår ved symfonisk utvikling. Med en sparsom bruk av orkesteret, henter musikken sin styrke i den melodiske dynamikk som er ledlagt i det kontrapunktiske linjespill. Men dimensjonene er blitt større. Den ene tanke avføder den neste med en ny frodighet som næres ved at det lange åndedrag har holdt sitt inntog i Valens musikk. På denne utgivelsen er alle fire symfoniene til Valen innspilt, fordelt på 2 CDer, av Bergen Filharmoniske Orkester og dirigent Aldo Ceccato – en fantastisk samling symfonier som mangler sidestykke!</p>
<p><!--more--></p>
<h4></h4>
</p>
<h4></h4>
<p><h4></h4>
</p>
<p></p>

<p>Fartein Valens fire symfonier samlet på en utgivelse &#8211; symfonier som mangler sidestykke!</p>
