{"id":30921,"date":"1998-05-07T00:00:00","date_gmt":"1998-05-06T23:00:00","guid":{"rendered":"http:\/\/www.grappa.no\/no\/albums\/ukategorisert\/female-fates-and-fortunes\/"},"modified":"2019-02-22T15:43:17","modified_gmt":"2019-02-22T14:43:17","slug":"female-fates-and-fortunes","status":"publish","type":"product","link":"https:\/\/grappa.no\/no\/albums\/simax-classics\/female-fates-and-fortunes\/","title":{"rendered":"Female Fates and Fortunes"},"content":{"rendered":"<p><\/p>\n<p>Randi Stene tolker nordiske kvinneskjebner<\/p>\n<p>De nordiske kvinneskikkelse slik vi m\u00f8ter dem i litteraturen kan ofte tolkes symbolsk. I Solveig m\u00f8ter vi den grensesprengende kj\u00e6rlighet og t\u00e5lmodighet. I norr\u00f8n sagalitteratur er den idealiserte kvinnen sterk og selvstendig. Om Gudrun st\u00e5r det i den eldre Edda: \u201dEj sad hun og gr\u00e6d og med h\u00e6nder slog \/ ej klynked hun som andre kvinder.\u201d P\u00e5 \u201dFemale Fates and Fortunes\u201d fremf\u00f8rer mezzosopran Randi Stene og pianist Burkhard Kehring en rekke sanger disse kvinnenes skjebner og historier tolkes musikalsk: fra Edvard Griegs tonesetting av Arne Garborgs \u201dHaugtussa\u201d, om Veslem\u00f8ys enkle liv p\u00e5 J\u00e6ren, hennes gryende forelskelse og hennes sorg n\u00e5r hun vrakes, til Wilhelm Peterson-Bergers \u201dMarits visor\u201d, Hugo Alfv\u00e9ns \u201dMarias s\u00e5nger\u201d og Peter Heises \u201dGudruns sorg\u201d og \u201dSolveigs sange af Peer Gynt\u201d.<\/p>\n<p><!--more--><\/p>\n<h4><\/h4>\n<\/p>\n<h4><\/h4>\n<p><h4><\/h4>\n<\/p>\n<p><\/p>","protected":false},"excerpt":{"rendered":"<p>\u2013 Randi Stene\u2019s engaging recital serves as a showcase for Nordic song as much as for her own attractive and flexible mezzo voice. [Gramophone]<\/p>\n","protected":false},"featured_media":30927,"comment_status":"closed","ping_status":"open","template":"","meta":[],"product_brand":[],"product_cat":[180],"product_tag":[],"class_list":{"0":"post-30921","1":"product","2":"type-product","3":"status-publish","4":"has-post-thumbnail","6":"product_cat-simax-classics","7":"product_shipping_class-cddvd-shipping","8":"uni_artist_tag-burkhard-kehring","9":"uni_artist_tag-edvard-grieg","10":"uni_artist_tag-hugo-alfven","11":"uni_artist_tag-peter-heise","12":"uni_artist_tag-randi-stene","13":"uni_artist_tag-robert-suff","14":"uni_artist_tag-wilhelm-peterson-berger","15":"uni_main_artist_tag-randi-stene","16":"uni_artist_genre-lieder","17":"uni_artist_genre-scandinavian","19":"first","20":"instock","21":"taxable","22":"shipping-taxable","23":"purchasable","24":"product-type-simple"},"_links":{"self":[{"href":"https:\/\/grappa.no\/no\/wp-json\/wp\/v2\/product\/30921","targetHints":{"allow":["GET"]}}],"collection":[{"href":"https:\/\/grappa.no\/no\/wp-json\/wp\/v2\/product"}],"about":[{"href":"https:\/\/grappa.no\/no\/wp-json\/wp\/v2\/types\/product"}],"replies":[{"embeddable":true,"href":"https:\/\/grappa.no\/no\/wp-json\/wp\/v2\/comments?post=30921"}],"wp:featuredmedia":[{"embeddable":true,"href":"https:\/\/grappa.no\/no\/wp-json\/wp\/v2\/media\/30927"}],"wp:attachment":[{"href":"https:\/\/grappa.no\/no\/wp-json\/wp\/v2\/media?parent=30921"}],"wp:term":[{"taxonomy":"product_brand","embeddable":true,"href":"https:\/\/grappa.no\/no\/wp-json\/wp\/v2\/product_brand?post=30921"},{"taxonomy":"product_cat","embeddable":true,"href":"https:\/\/grappa.no\/no\/wp-json\/wp\/v2\/product_cat?post=30921"},{"taxonomy":"product_tag","embeddable":true,"href":"https:\/\/grappa.no\/no\/wp-json\/wp\/v2\/product_tag?post=30921"}],"curies":[{"name":"wp","href":"https:\/\/api.w.org\/{rel}","templated":true}]}}

<p></p>
<p>Randi Stene tolker nordiske kvinneskjebner</p>
<p>De nordiske kvinneskikkelse slik vi møter dem i litteraturen kan ofte tolkes symbolsk. I Solveig møter vi den grensesprengende kjærlighet og tålmodighet. I norrøn sagalitteratur er den idealiserte kvinnen sterk og selvstendig. Om Gudrun står det i den eldre Edda: ”Ej sad hun og græd og med hænder slog / ej klynked hun som andre kvinder.” På ”Female Fates and Fortunes” fremfører mezzosopran Randi Stene og pianist Burkhard Kehring en rekke sanger disse kvinnenes skjebner og historier tolkes musikalsk: fra Edvard Griegs tonesetting av Arne Garborgs ”Haugtussa”, om Veslemøys enkle liv på Jæren, hennes gryende forelskelse og hennes sorg når hun vrakes, til Wilhelm Peterson-Bergers ”Marits visor”, Hugo Alfvéns ”Marias sånger” og Peter Heises ”Gudruns sorg” og ”Solveigs sange af Peer Gynt”.</p>
<p><!--more--></p>
<h4></h4>
</p>
<h4></h4>
<p><h4></h4>
</p>
<p></p>
