{"id":30885,"date":"1993-03-15T00:00:00","date_gmt":"1993-03-14T23:00:00","guid":{"rendered":"http:\/\/www.grappa.no\/no\/albums\/ukategorisert\/arve-tellefsen-shostakovich-and-bach-concertos\/"},"modified":"2019-02-22T15:44:03","modified_gmt":"2019-02-22T14:44:03","slug":"arve-tellefsen-shostakovich-and-bach-concertos","status":"publish","type":"product","link":"https:\/\/grappa.no\/no\/albums\/simax-classics\/arve-tellefsen-shostakovich-and-bach-concertos\/","title":{"rendered":"Arve Tellefsen: Shostakovich and Bach concertos"},"content":{"rendered":"<p><\/p>\n<p>Bach og Shostakovich fiolinkonserter med Arve Tellefsen<\/p>\n<p>Mer enn to \u00e5rhundrer skiller de to konsertene Arve Tellefsen fremf\u00f8rer p\u00e5 denne utgivelsen. Bachs livsbejaende konsert i E-dur gjenspeiler hans beundring for Vivaldi, direkte og tilgjengelig i sin form. Shostakovich p\u00e5 sin side var en stor beundrer av Bach. Fiolinkonserten hans ble p\u00e5begynt i 1947, men i Stalins Sovjet ble verket ikke funnet \u00e5 ha de \u00f8nskede kvaliteter. F\u00f8rst etter Stalins d\u00f8d i -53 kunne komponisten finne frem partituret igjen, godt hjulpet av suksessen med 10. symfoni.<\/p>\n<p><!--more--><\/p>\n<h4><\/h4>\n<\/p>\n<h4><\/h4>\n<p><h4><\/h4>\n<\/p>\n<p><\/p>","protected":false},"excerpt":{"rendered":"<p>Arve Tellefsens fremf\u00f8ringer av Bach og Shostakovich!<\/p>\n","protected":false},"featured_media":30888,"comment_status":"closed","ping_status":"open","template":"","meta":[],"product_brand":[],"product_cat":[180],"product_tag":[],"class_list":{"0":"post-30885","1":"product","2":"type-product","3":"status-publish","4":"has-post-thumbnail","6":"product_cat-simax-classics","7":"product_shipping_class-cddvd-shipping","8":"uni_artist_tag-andrew-keener","9":"uni_artist_tag-arve-tellefsen","10":"uni_artist_tag-dimitri-shostakovich","11":"uni_artist_tag-johann-sebastian-bach","12":"uni_artist_tag-oslo-chamber-music-festival-orchestra","13":"uni_artist_tag-paavo-berglund","14":"uni_artist_tag-royal-philharmonic-orchestra","15":"uni_main_artist_tag-arve-tellefsen","16":"uni_artist_genre-concerto","17":"uni_artist_genre-strings","19":"first","20":"instock","21":"taxable","22":"shipping-taxable","23":"purchasable","24":"product-type-simple"},"_links":{"self":[{"href":"https:\/\/grappa.no\/no\/wp-json\/wp\/v2\/product\/30885","targetHints":{"allow":["GET"]}}],"collection":[{"href":"https:\/\/grappa.no\/no\/wp-json\/wp\/v2\/product"}],"about":[{"href":"https:\/\/grappa.no\/no\/wp-json\/wp\/v2\/types\/product"}],"replies":[{"embeddable":true,"href":"https:\/\/grappa.no\/no\/wp-json\/wp\/v2\/comments?post=30885"}],"wp:featuredmedia":[{"embeddable":true,"href":"https:\/\/grappa.no\/no\/wp-json\/wp\/v2\/media\/30888"}],"wp:attachment":[{"href":"https:\/\/grappa.no\/no\/wp-json\/wp\/v2\/media?parent=30885"}],"wp:term":[{"taxonomy":"product_brand","embeddable":true,"href":"https:\/\/grappa.no\/no\/wp-json\/wp\/v2\/product_brand?post=30885"},{"taxonomy":"product_cat","embeddable":true,"href":"https:\/\/grappa.no\/no\/wp-json\/wp\/v2\/product_cat?post=30885"},{"taxonomy":"product_tag","embeddable":true,"href":"https:\/\/grappa.no\/no\/wp-json\/wp\/v2\/product_tag?post=30885"}],"curies":[{"name":"wp","href":"https:\/\/api.w.org\/{rel}","templated":true}]}}

<p></p>
<p>Bach og Shostakovich fiolinkonserter med Arve Tellefsen</p>
<p>Mer enn to århundrer skiller de to konsertene Arve Tellefsen fremfører på denne utgivelsen. Bachs livsbejaende konsert i E-dur gjenspeiler hans beundring for Vivaldi, direkte og tilgjengelig i sin form. Shostakovich på sin side var en stor beundrer av Bach. Fiolinkonserten hans ble påbegynt i 1947, men i Stalins Sovjet ble verket ikke funnet å ha de ønskede kvaliteter. Først etter Stalins død i -53 kunne komponisten finne frem partituret igjen, godt hjulpet av suksessen med 10. symfoni.</p>
<p><!--more--></p>
<h4></h4>
</p>
<h4></h4>
<p><h4></h4>
</p>
<p></p>

<p>Arve Tellefsens fremføringer av Bach og Shostakovich!</p>
