{"id":30883,"date":"1998-03-05T00:00:00","date_gmt":"1998-03-04T23:00:00","guid":{"rendered":"http:\/\/www.grappa.no\/no\/albums\/ukategorisert\/contemporary-double-bass-vol-2\/"},"modified":"2019-02-22T15:42:48","modified_gmt":"2019-02-22T14:42:48","slug":"contemporary-double-bass-vol-2","status":"publish","type":"product","link":"https:\/\/grappa.no\/no\/albums\/simax-classics\/contemporary-double-bass-vol-2\/","title":{"rendered":"Contemporary Double Bass vol 2"},"content":{"rendered":"<p><\/p>\n<p>Bass og sopran<\/p>\n<p>Kontrabassens st\u00f8rrelse og lengden p\u00e5 strengene gj\u00f8r den velegnet til \u00e5 utpr\u00f8ve overtoner og klangval\u00f8rer, og er i s\u00e5 m\u00e5te et perfekt instrument for komponistens s\u00f8ken etter stadig nye klang- og uttrykksmuligheter. Med nennsom h\u00e5nd gir de klanglige mulighetene en musikk av poetisk karakter \u2013 p\u00e5 denne innspillingen h\u00f8rbart i musikk av Giacinto Scelsi, Klaus Huber, Antonio Bibalo og \u00c5smund Feidje. Den eminente bassisten Bj\u00f8rn Ianke g\u00e5r ogs\u00e5 sammen med Siri Torjesen p\u00e5 ett av verkene; den dramatiske \u201dReise med b\u00e5t uten b\u00e5t\u201d.<\/p>\n<p><!--more--><\/p>\n<h4><\/h4>\n<\/p>\n<h4><\/h4>\n<p><h4><\/h4>\n<\/p>\n<p><\/p>","protected":false},"excerpt":{"rendered":"<p>&#8211; compelling and evocative performances that never fail to communicate or intrigue. [David Heyes \/ The Strad]<\/p>\n","protected":false},"featured_media":30886,"comment_status":"closed","ping_status":"open","template":"","meta":[],"product_brand":[],"product_cat":[180],"product_tag":[],"class_list":{"0":"post-30883","1":"product","2":"type-product","3":"status-publish","4":"has-post-thumbnail","6":"product_cat-simax-classics","7":"product_shipping_class-cddvd-shipping","8":"uni_artist_tag-antonio-bibalo","9":"uni_artist_tag-bjorn-ianke","10":"uni_artist_tag-erik-gard-amundsen","11":"uni_artist_tag-giacinto-scelsi","12":"uni_artist_tag-luiciano-berio","13":"uni_artist_tag-siri-torjesen","14":"uni_main_artist_tag-bjorn-ianke","15":"uni_artist_genre-avantgarde","16":"uni_artist_genre-contemporary-music","17":"uni_artist_genre-solo","18":"uni_artist_genre-strings","20":"first","21":"instock","22":"taxable","23":"shipping-taxable","24":"purchasable","25":"product-type-simple"},"_links":{"self":[{"href":"https:\/\/grappa.no\/no\/wp-json\/wp\/v2\/product\/30883","targetHints":{"allow":["GET"]}}],"collection":[{"href":"https:\/\/grappa.no\/no\/wp-json\/wp\/v2\/product"}],"about":[{"href":"https:\/\/grappa.no\/no\/wp-json\/wp\/v2\/types\/product"}],"replies":[{"embeddable":true,"href":"https:\/\/grappa.no\/no\/wp-json\/wp\/v2\/comments?post=30883"}],"wp:featuredmedia":[{"embeddable":true,"href":"https:\/\/grappa.no\/no\/wp-json\/wp\/v2\/media\/30886"}],"wp:attachment":[{"href":"https:\/\/grappa.no\/no\/wp-json\/wp\/v2\/media?parent=30883"}],"wp:term":[{"taxonomy":"product_brand","embeddable":true,"href":"https:\/\/grappa.no\/no\/wp-json\/wp\/v2\/product_brand?post=30883"},{"taxonomy":"product_cat","embeddable":true,"href":"https:\/\/grappa.no\/no\/wp-json\/wp\/v2\/product_cat?post=30883"},{"taxonomy":"product_tag","embeddable":true,"href":"https:\/\/grappa.no\/no\/wp-json\/wp\/v2\/product_tag?post=30883"}],"curies":[{"name":"wp","href":"https:\/\/api.w.org\/{rel}","templated":true}]}}

<p></p>
<p>Bass og sopran</p>
<p>Kontrabassens størrelse og lengden på strengene gjør den velegnet til å utprøve overtoner og klangvalører, og er i så måte et perfekt instrument for komponistens søken etter stadig nye klang- og uttrykksmuligheter. Med nennsom hånd gir de klanglige mulighetene en musikk av poetisk karakter – på denne innspillingen hørbart i musikk av Giacinto Scelsi, Klaus Huber, Antonio Bibalo og Åsmund Feidje. Den eminente bassisten Bjørn Ianke går også sammen med Siri Torjesen på ett av verkene; den dramatiske ”Reise med båt uten båt”.</p>
<p><!--more--></p>
<h4></h4>
</p>
<h4></h4>
<p><h4></h4>
</p>
<p></p>
