{"id":30784,"date":"2016-09-02T00:00:00","date_gmt":"2016-09-01T23:00:00","guid":{"rendered":"http:\/\/www.grappa.no\/no\/albums\/ukategorisert\/fabel\/"},"modified":"2016-11-21T11:32:38","modified_gmt":"2016-11-21T10:32:38","slug":"fabel","status":"publish","type":"product","link":"https:\/\/grappa.no\/no\/albums\/heilo\/fabel\/","title":{"rendered":"Fabel"},"content":{"rendered":"<p><\/p>\n<p>Nytt album fra Eli Storbekken<\/p>\n<p>Eli Storbekken drar oss tilbake i tid med en eventyrlig blanding av folkemusikk og jazz. Hun har gravd langt ned i Nordens repertoar av eldre viser og funnet frem de l\u00e5tene som st\u00e5r hennes hjerte n\u00e6r. Med fire album bak seg og ingen planer om \u00e5 sette p\u00e5 bremsene har Storbekken n\u00e5 gitt gamle og kj\u00e6re folkeviser en ny og spennende drakt. P\u00e5 plata finner vi alt fra middelalderballader, skillingsviser, skjemteviser, ridderviser, ballader om kj\u00e6rlighet og mellom-menneskelige forhold. Sigurd Hole har arrangert musikken med utgangspunkt i sitt jazzlandskap. Albumet har p\u00e5 denne m\u00e5ten f\u00e5tt sitt eget musikalske uttrykk i m\u00f8te mellom n\u00e5tid og fortid.<\/p>\n<p><!--more--><\/p>\n<p>Fabelaktige fabler fra Eli Storbekken<\/p>\n<h4>Med fire album bak seg og ingen planer om \u00e5 sette p\u00e5 bremsene har Storbekken n\u00e5 gitt gamle og kj\u00e6re folkeviser en ny og spennende drakt.<\/h4>\n<p>&#8211; Dette er musikk som st\u00e5r meg veldig n\u00e6r, og det f\u00f8les godt \u00e5 f\u00e5 delt det med lytterne. Albumet inneholder ballader og viser fra mitt distrikt, Hedmark, og et omr\u00e5det som ikke er s\u00e5 kjent for folkemusikken; \u00d8stfold, forklarer Eli. Det er ogs\u00e5 med to svenske melodivarianter og melodivarianter fra andre distrikt.<\/p>\n<h4>P\u00e5 plata finner vi alt fra middelalderballader, skillingsviser, skjemteviser, ridderviser, ballader om kj\u00e6rlighet og mellom-menneskelige forhold.<\/h4>\n<p>Det er universell tematikk som styrke, svakhet, kj\u00e6rlighet og sjalusi som preger albumet. <\/p>\n<p>&#8211; Derfor er visene like aktuelle den dag i dag som de var for flere hundre \u00e5r siden. Noen ting endrer seg ikke og vil alltid v\u00e6re relevant. Spesielt n\u00e5r visene har det beste fra begge verdener kan musikken \u00e5pne horisonten for flere, og det gamle blir p\u00e5 nytt popul\u00e6rt, forteller sangeren. <\/p>\n<p>&#8211; Med meg i studio har jeg hatt Olav Torget p\u00e5 gitar, dobro og konting, Jarle Vespestad p\u00e5 trommer og dhol, Karl Seglem p\u00e5 bukkehorn og saksofon og Nils \u00d8kland p\u00e5 fele og hardingfele. Ikke minst har Sigurd Hole, i tillegg til \u00e5 spille kontrabass og arrangert musikken, v\u00e6rt en stor drivkraft for dette prosjektet. Jeg f\u00f8ler meg privilegert som f\u00e5r jobbe med s\u00e5 mange dyktige musikere, og jeg tror dette er noe alle som h\u00f8rer plata vil sette pris p\u00e5, sier Storbekken.<\/p>\n<h4>Sigurd Hole har arrangert musikken med utgangspunkt i sitt jazzlandskap. Albumet har p\u00e5 denne m\u00e5ten f\u00e5tt sitt eget musikalske uttrykk i m\u00f8te mellom n\u00e5tid og fortid.<\/h4>\n<p>&#8211; Det var et fint og givende samarbeid som jeg vil se tilbake p\u00e5 med glede. Eli har stolt p\u00e5 meg gjennom hele prosessen og gitt meg helt frie t\u00f8yler. Dette er en spennende m\u00e5te \u00e5 jobbe p\u00e5, og jeg er godt forn\u00f8yd med resultatet, forteller Hole.<\/p>\n<p>Eli forklarer at visene brukes like mye til glede som til ettertanke og tr\u00f8st. Flere av visene finnes i ulike former, og i flere av de nordiske landene.<br \/>\n&#8211; Melodiene og tekstene har vandret med menneskene fra land til land gjennom \u00e5rhundrer. P\u00e5 ulike steder slo visene rot og kvederne satte sitt eget preg p\u00e5 materialet og endringer har skjedd gjennom bruk og formidling over generasjoner.<\/p>\n<p>Med en lang og solid musikkarriere bak seg har Eli Storbekken vunnet en rekke priser og blitt en av de mest kjente folkemusikerne i v\u00e5rt langstrakte land. Hun har gitt ut flere kritikerroste plater som bl.a \u201dMaros\u201d i 2009 og \u201dSongen til fl\u00f8yta\u201d i 2012, og i 2014 fikk hun bl.a. en Folkelarmpris for dokumentasjonsalbumet \u201dRosekolla\u201d. Storbekken underviser i folkesang ved Ole Bull Akademiet p\u00e5 Voss og p\u00e5 Musikkvitenskap ved UiO i Oslo.<\/p>\n<p>Albumet Fabel gis ut p\u00e5 Grappa Musikkforlag fredag 2. september og feires med en Norgesturn\u00e9.<br \/>\n\u2026\u2026\u2026\u2026\u2026\u2026\u2026\u2026\u2026\u2026\u2026\u2026\u2026\u2026\u2026\u2026\u2026\u2026\u2026\u2026\u2026\u2026\u2026\u2026\u2026\u2026\u2026\u2026\u2026\u2026\u2026\u2026\u2026\u2026\u2026\u2026\u2026\u2026\u2026\u2026\u2026<br \/>\nTurnedatoer:<\/p>\n<p>Fredag 2. september (kl. 21.00), Riksscenen, Oslo<br \/>\nL\u00f8rdag 3. september (kl. 15.00) R\u00f8ed G\u00e5rd, Moss<br \/>\nS\u00f8ndag 4. September (kl.14.00) Asker Museum<br \/>\nL\u00f8rdag 10. september (kl. 19.30) Vidarheim, Tolga<br \/>\nFredag 30. september (kl. 19.30) N\u00e6rstasjonen, L\u00f8ten<br \/>\nS\u00f8ndag 9. oktober (kl. 20.00) Kampenjazz, Oslo<\/p>\n<p><\/p>","protected":false},"excerpt":{"rendered":"<p>(&#8230;) en framifr\u00e5 utgivelse, til \u00e5 nytes uhemmet fra f\u00f8rst til sist [5,Geir Vestad &#8211; Hamar Arbeiderblad]<\/p>\n","protected":false},"featured_media":30785,"comment_status":"closed","ping_status":"open","template":"","meta":[],"product_brand":[],"product_cat":[35],"product_tag":[],"class_list":{"0":"post-30784","1":"product","2":"type-product","3":"status-publish","4":"has-post-thumbnail","6":"product_cat-heilo","7":"product_shipping_class-cddvd-shipping","8":"uni_artist_tag-eli-storbekken","9":"uni_artist_tag-jarle-vespestad","10":"uni_artist_tag-karl-seglem","11":"uni_artist_tag-nils-okland","12":"uni_artist_tag-olav-torget","13":"uni_artist_tag-sigurd-hole","14":"uni_artist_tag-trad","15":"uni_main_artist_tag-eli-storbekken","16":"uni_artist_genre-folk-music","17":"uni_artist_genre-norwegian-lyrics","18":"uni_artist_genre-traditional","20":"first","21":"instock","22":"taxable","23":"shipping-taxable","24":"purchasable","25":"product-type-simple"},"_links":{"self":[{"href":"https:\/\/grappa.no\/no\/wp-json\/wp\/v2\/product\/30784","targetHints":{"allow":["GET"]}}],"collection":[{"href":"https:\/\/grappa.no\/no\/wp-json\/wp\/v2\/product"}],"about":[{"href":"https:\/\/grappa.no\/no\/wp-json\/wp\/v2\/types\/product"}],"replies":[{"embeddable":true,"href":"https:\/\/grappa.no\/no\/wp-json\/wp\/v2\/comments?post=30784"}],"wp:featuredmedia":[{"embeddable":true,"href":"https:\/\/grappa.no\/no\/wp-json\/wp\/v2\/media\/30785"}],"wp:attachment":[{"href":"https:\/\/grappa.no\/no\/wp-json\/wp\/v2\/media?parent=30784"}],"wp:term":[{"taxonomy":"product_brand","embeddable":true,"href":"https:\/\/grappa.no\/no\/wp-json\/wp\/v2\/product_brand?post=30784"},{"taxonomy":"product_cat","embeddable":true,"href":"https:\/\/grappa.no\/no\/wp-json\/wp\/v2\/product_cat?post=30784"},{"taxonomy":"product_tag","embeddable":true,"href":"https:\/\/grappa.no\/no\/wp-json\/wp\/v2\/product_tag?post=30784"}],"curies":[{"name":"wp","href":"https:\/\/api.w.org\/{rel}","templated":true}]}}

<p></p>
<p>Nytt album fra Eli Storbekken</p>
<p>Eli Storbekken drar oss tilbake i tid med en eventyrlig blanding av folkemusikk og jazz. Hun har gravd langt ned i Nordens repertoar av eldre viser og funnet frem de låtene som står hennes hjerte nær. Med fire album bak seg og ingen planer om å sette på bremsene har Storbekken nå gitt gamle og kjære folkeviser en ny og spennende drakt. På plata finner vi alt fra middelalderballader, skillingsviser, skjemteviser, ridderviser, ballader om kjærlighet og mellom-menneskelige forhold. Sigurd Hole har arrangert musikken med utgangspunkt i sitt jazzlandskap. Albumet har på denne måten fått sitt eget musikalske uttrykk i møte mellom nåtid og fortid.</p>
<p><!--more--></p>
<p>Fabelaktige fabler fra Eli Storbekken</p>
<h4>Med fire album bak seg og ingen planer om å sette på bremsene har Storbekken nå gitt gamle og kjære folkeviser en ny og spennende drakt.</h4>
<p>&#8211; Dette er musikk som står meg veldig nær, og det føles godt å få delt det med lytterne. Albumet inneholder ballader og viser fra mitt distrikt, Hedmark, og et området som ikke er så kjent for folkemusikken; Østfold, forklarer Eli. Det er også med to svenske melodivarianter og melodivarianter fra andre distrikt.</p>
<h4>På plata finner vi alt fra middelalderballader, skillingsviser, skjemteviser, ridderviser, ballader om kjærlighet og mellom-menneskelige forhold.</h4>
<p>Det er universell tematikk som styrke, svakhet, kjærlighet og sjalusi som preger albumet. </p>
<p>&#8211; Derfor er visene like aktuelle den dag i dag som de var for flere hundre år siden. Noen ting endrer seg ikke og vil alltid være relevant. Spesielt når visene har det beste fra begge verdener kan musikken åpne horisonten for flere, og det gamle blir på nytt populært, forteller sangeren. </p>
<p>&#8211; Med meg i studio har jeg hatt Olav Torget på gitar, dobro og konting, Jarle Vespestad på trommer og dhol, Karl Seglem på bukkehorn og saksofon og Nils Økland på fele og hardingfele. Ikke minst har Sigurd Hole, i tillegg til å spille kontrabass og arrangert musikken, vært en stor drivkraft for dette prosjektet. Jeg føler meg privilegert som får jobbe med så mange dyktige musikere, og jeg tror dette er noe alle som hører plata vil sette pris på, sier Storbekken.</p>
<h4>Sigurd Hole har arrangert musikken med utgangspunkt i sitt jazzlandskap. Albumet har på denne måten fått sitt eget musikalske uttrykk i møte mellom nåtid og fortid.</h4>
<p>&#8211; Det var et fint og givende samarbeid som jeg vil se tilbake på med glede. Eli har stolt på meg gjennom hele prosessen og gitt meg helt frie tøyler. Dette er en spennende måte å jobbe på, og jeg er godt fornøyd med resultatet, forteller Hole.</p>
<p>Eli forklarer at visene brukes like mye til glede som til ettertanke og trøst. Flere av visene finnes i ulike former, og i flere av de nordiske landene.<br />
&#8211; Melodiene og tekstene har vandret med menneskene fra land til land gjennom århundrer. På ulike steder slo visene rot og kvederne satte sitt eget preg på materialet og endringer har skjedd gjennom bruk og formidling over generasjoner.</p>
<p>Med en lang og solid musikkarriere bak seg har Eli Storbekken vunnet en rekke priser og blitt en av de mest kjente folkemusikerne i vårt langstrakte land. Hun har gitt ut flere kritikerroste plater som bl.a ”Maros” i 2009 og ”Songen til fløyta” i 2012, og i 2014 fikk hun bl.a. en Folkelarmpris for dokumentasjonsalbumet ”Rosekolla”. Storbekken underviser i folkesang ved Ole Bull Akademiet på Voss og på Musikkvitenskap ved UiO i Oslo.</p>
<p>Albumet Fabel gis ut på Grappa Musikkforlag fredag 2. september og feires med en Norgesturné.<br />
……………………………………………………………………………………………………………<br />
Turnedatoer:</p>
<p>Fredag 2. september (kl. 21.00), Riksscenen, Oslo<br />
Lørdag 3. september (kl. 15.00) Røed Gård, Moss<br />
Søndag 4. September (kl.14.00) Asker Museum<br />
Lørdag 10. september (kl. 19.30) Vidarheim, Tolga<br />
Fredag 30. september (kl. 19.30) Nærstasjonen, Løten<br />
Søndag 9. oktober (kl. 20.00) Kampenjazz, Oslo</p>
<p></p>

<p>(&#8230;) en framifrå utgivelse, til å nytes uhemmet fra først til sist [5,Geir Vestad &#8211; Hamar Arbeiderblad]</p>
