{"id":30769,"date":"1996-09-23T00:00:00","date_gmt":"1996-09-22T23:00:00","guid":{"rendered":"http:\/\/www.grappa.no\/no\/albums\/ukategorisert\/visor-og-kvaede-fra-blaberglandet\/"},"modified":"2016-11-18T16:21:34","modified_gmt":"2016-11-18T15:21:34","slug":"visor-og-kvaede-fra-blaberglandet","status":"publish","type":"product","link":"https:\/\/grappa.no\/no\/albums\/grappa\/visor-og-kvaede-fra-blaberglandet\/","title":{"rendered":"VISOR OG KV\u00c6DE FR\u00c5 BL\u00c5BERGLANDET"},"content":{"rendered":"<p><\/p>\n<p>Spellemannsnominert debutpate fra Dvergm\u00e5l<\/p>\n<p>Visor og kv\u00e6de fr\u00e5 Bl\u00e5berglandet presenterer tonesatte tekster av Ivar A. Aasen (1813\u20131896). Dvergm\u00e5l fikk mye ros for sitt friske og nytenkende uttrykk og ble av flere kritikere presentert som et av de mest spennende folkemusikkprosjektene p\u00e5 lenge. Platen ble ogs\u00e5 nominert til en Spellemannpris i klassen Folkemusikk\/Gammaldans. Folkesang og folkemusikk var et viktig utgangspunkt for Aasens arbeid og ofte brukte han tradisjonelle verseformer i diktningen. Utgivelsen blander sammen og leker med lokale, folkemusikalske tradisjoner og formidler Aasens tekster ut ifra nye og s\u00e6regne perspektiver. Albumet veksler mellom enstemt og flerstemt kvedesang og viser spennende og s\u00e6regne vokalprestasjoner. Medlemmene i Dvergm\u00e5l har bakgrunn i ulike, regionale folkemusikktradisjoner som alle har spilt en viktig rolle i arbeidet med arrangementene.<\/p>\n<p><!--more--><\/p>\n<p>Tonesatte tekstar av Ivar Aasen<\/p>\n<h4>Arven etter Ivar Aasen<\/h4>\n<p>Ivar Aasen var n\u00e6r knytt til det folkelege i tekst og tone, ei side Dvergm\u00e5l ha dyrka. Dei fem unge talentfulle ut\u00f8varane i Dvergm\u00e5l kved \u201cvisor\u201d, \u201crim\u201d,\u00a0\u201cstev\u201d og \u201ckv\u00e6de\u201d av Ivar Aasen til nedervde melodiar. Aasen-tekstene h\u00f8ver folketonedrakta \u2013 samstundes dreg dei gamle tonane n\u00e6ring fr\u00e5 Aasens kl\u00e5re sanningsmetta dikting.\u00a0Dvergm\u00e5l og Ivar Aasen utgjer ei pakt der felles bakgrunn gir gjensidig forst\u00e5ing og gode vekstvilk\u00e5r. At aldersspriket er stort \u2013 Ivar Aasen d\u00f8ydde som kjend den 23. september for 100 \u00e5r sidan, \u2013 har lite \u00e5 seie i samanhengen. Ivar Aasen er v\u00e8l kjend som skapar av det nynorske skriftm\u00e5let og grunnleggjar av den nynorske bokheimen.<\/p>\n<h4>Dvergm\u00e5l \u2013 tradisjon og nyskaping<\/h4>\n<p>Vokalgruppa Dvergm\u00e5l er ei nyhending i norsk musikkliv. Ut\u00f8varane i gruppa \u2013 Jon Anders Halvorsen, Marit Karlberg, \u00d8yonn Groven Myhren, Turid Spildo Nerdrum og \u00c5sne Sunniva S\u00f8reide \u2013 st\u00e5r for det beste i eit livssterkt folkemusikkmilj\u00f8. Dei har bakgrunn i 5 tradisjonar med utspring i Midt- Telemark (Jon Anders), Valdres (Marit) Vest-Telemark (\u00d8yonn), Hardanger (Turid) og Sunnhordland (\u00c5sne). V\u00e5ren 1995 kom dei fem kvedarane fr\u00e5 aust og vest for \u00e5 vere i lag og kvede for og til kvarandre. Dette utvikla seg etterkvart til kvedargruppa Dvergm\u00e5l. Dei kved \u00e5leine men helst saman, einstemt &#8211; men oftare fleirstemt. I tillegg spelar dei hardingfele, langeleik, munnharpe og seljefl\u00f8yte. Dei har folkemusikken heimanfr\u00e5, og har gjennom eit og eit halvt \u00e5rs samarbeid utvikla tradisjonen p\u00e5 ein eigen m\u00e5te.<\/p>\n<p>I Aust-Europa har folkesongarar lenge drive med fleirstemt kveding, Dvergm\u00e5l representerer byrjinga p\u00e5 noko liknande i Noreg. Gruppa byggjer ut visene sine med utgangspunkt i samklangsprinsipp om melodif\u00f8ring i hardingingfelespel, langeleik- og seljefl\u00f8ytespel, &#8211; og dei held fast ved eigne s\u00e6rdrag, bl\u00e5 tonar og utrosingar. I \u201crootsb\u00f8lgja\u201d som spreier seg over verda, er det ofte musikarar fr\u00e5 andre genrar som tek tak i folkemusikken og utnyttar han p\u00e5 ulike vis. <\/p>\n<p>P\u00e5 Visor og kv\u00e6de fr\u00e5 Bl\u00e5berglandet har folkemusikarar teke hand om dei nedervde tonane og bygd dei ut med grunnlag i eigen tradisjon. Dvergm\u00e5l tykkjer det h\u00f8ver bra \u00e5 debutere med \u00e5 kvede tekster av Ivar Aasen. Han utvikla den kunstneriske uttrykksforma med rot i folketradisjonen, slik Dvergm\u00e5l gjer det.<\/p>\n<h4><\/h4>\n<\/p>\n<p><\/p>","protected":false},"excerpt":{"rendered":"<p>Spellemannsnominert debutpate fra Dvergm\u00e5l<\/p>\n","protected":false},"featured_media":30774,"comment_status":"closed","ping_status":"open","template":"","meta":[],"product_brand":[],"product_cat":[6],"product_tag":[],"class_list":{"0":"post-30769","1":"product","2":"type-product","3":"status-publish","4":"has-post-thumbnail","6":"product_cat-grappa","7":"product_shipping_class-cddvd-shipping","8":"uni_artist_tag-asne-sunniva-soreide","9":"uni_artist_tag-dvergmal","10":"uni_artist_tag-jon-anders-halvorsen","11":"uni_artist_tag-leiv-solberg","12":"uni_artist_tag-marit-karlberg","13":"uni_artist_tag-oyonn-groven-myhren","14":"uni_artist_tag-trad","15":"uni_artist_tag-turid-spildo-nerdrum","16":"uni_main_artist_tag-dvergmal","17":"uni_artist_genre-folk-music","18":"uni_artist_genre-traditional","20":"first","21":"instock","22":"taxable","23":"shipping-taxable","24":"purchasable","25":"product-type-simple"},"_links":{"self":[{"href":"https:\/\/grappa.no\/no\/wp-json\/wp\/v2\/product\/30769","targetHints":{"allow":["GET"]}}],"collection":[{"href":"https:\/\/grappa.no\/no\/wp-json\/wp\/v2\/product"}],"about":[{"href":"https:\/\/grappa.no\/no\/wp-json\/wp\/v2\/types\/product"}],"replies":[{"embeddable":true,"href":"https:\/\/grappa.no\/no\/wp-json\/wp\/v2\/comments?post=30769"}],"wp:featuredmedia":[{"embeddable":true,"href":"https:\/\/grappa.no\/no\/wp-json\/wp\/v2\/media\/30774"}],"wp:attachment":[{"href":"https:\/\/grappa.no\/no\/wp-json\/wp\/v2\/media?parent=30769"}],"wp:term":[{"taxonomy":"product_brand","embeddable":true,"href":"https:\/\/grappa.no\/no\/wp-json\/wp\/v2\/product_brand?post=30769"},{"taxonomy":"product_cat","embeddable":true,"href":"https:\/\/grappa.no\/no\/wp-json\/wp\/v2\/product_cat?post=30769"},{"taxonomy":"product_tag","embeddable":true,"href":"https:\/\/grappa.no\/no\/wp-json\/wp\/v2\/product_tag?post=30769"}],"curies":[{"name":"wp","href":"https:\/\/api.w.org\/{rel}","templated":true}]}}

VISOR OG KVÆDE FRÅ BLÅBERGLANDET

<p></p>
<p>Spellemannsnominert debutpate fra Dvergmål</p>
<p>Visor og kvæde frå Blåberglandet presenterer tonesatte tekster av Ivar A. Aasen (1813–1896). Dvergmål fikk mye ros for sitt friske og nytenkende uttrykk og ble av flere kritikere presentert som et av de mest spennende folkemusikkprosjektene på lenge. Platen ble også nominert til en Spellemannpris i klassen Folkemusikk/Gammaldans. Folkesang og folkemusikk var et viktig utgangspunkt for Aasens arbeid og ofte brukte han tradisjonelle verseformer i diktningen. Utgivelsen blander sammen og leker med lokale, folkemusikalske tradisjoner og formidler Aasens tekster ut ifra nye og særegne perspektiver. Albumet veksler mellom enstemt og flerstemt kvedesang og viser spennende og særegne vokalprestasjoner. Medlemmene i Dvergmål har bakgrunn i ulike, regionale folkemusikktradisjoner som alle har spilt en viktig rolle i arbeidet med arrangementene.</p>
<p><!--more--></p>
<p>Tonesatte tekstar av Ivar Aasen</p>
<h4>Arven etter Ivar Aasen</h4>
<p>Ivar Aasen var nær knytt til det folkelege i tekst og tone, ei side Dvergmål ha dyrka. Dei fem unge talentfulle utøvarane i Dvergmål kved “visor”, “rim”, “stev” og “kvæde” av Ivar Aasen til nedervde melodiar. Aasen-tekstene høver folketonedrakta – samstundes dreg dei gamle tonane næring frå Aasens klåre sanningsmetta dikting. Dvergmål og Ivar Aasen utgjer ei pakt der felles bakgrunn gir gjensidig forståing og gode vekstvilkår. At aldersspriket er stort – Ivar Aasen døydde som kjend den 23. september for 100 år sidan, – har lite å seie i samanhengen. Ivar Aasen er vèl kjend som skapar av det nynorske skriftmålet og grunnleggjar av den nynorske bokheimen.</p>
<h4>Dvergmål – tradisjon og nyskaping</h4>
<p>Vokalgruppa Dvergmål er ei nyhending i norsk musikkliv. Utøvarane i gruppa – Jon Anders Halvorsen, Marit Karlberg, Øyonn Groven Myhren, Turid Spildo Nerdrum og Åsne Sunniva Søreide – står for det beste i eit livssterkt folkemusikkmiljø. Dei har bakgrunn i 5 tradisjonar med utspring i Midt- Telemark (Jon Anders), Valdres (Marit) Vest-Telemark (Øyonn), Hardanger (Turid) og Sunnhordland (Åsne). Våren 1995 kom dei fem kvedarane frå aust og vest for å vere i lag og kvede for og til kvarandre. Dette utvikla seg etterkvart til kvedargruppa Dvergmål. Dei kved åleine men helst saman, einstemt &#8211; men oftare fleirstemt. I tillegg spelar dei hardingfele, langeleik, munnharpe og seljefløyte. Dei har folkemusikken heimanfrå, og har gjennom eit og eit halvt års samarbeid utvikla tradisjonen på ein eigen måte.</p>
<p>I Aust-Europa har folkesongarar lenge drive med fleirstemt kveding, Dvergmål representerer byrjinga på noko liknande i Noreg. Gruppa byggjer ut visene sine med utgangspunkt i samklangsprinsipp om melodiføring i hardingingfelespel, langeleik- og seljefløytespel, &#8211; og dei held fast ved eigne særdrag, blå tonar og utrosingar. I “rootsbølgja” som spreier seg over verda, er det ofte musikarar frå andre genrar som tek tak i folkemusikken og utnyttar han på ulike vis. </p>
<p>På Visor og kvæde frå Blåberglandet har folkemusikarar teke hand om dei nedervde tonane og bygd dei ut med grunnlag i eigen tradisjon. Dvergmål tykkjer det høver bra å debutere med å kvede tekster av Ivar Aasen. Han utvikla den kunstneriske uttrykksforma med rot i folketradisjonen, slik Dvergmål gjer det.</p>
<h4></h4>
</p>
<p></p>

<p>Spellemannsnominert debutpate fra Dvergmål</p>
