{"id":306,"date":"2015-01-30T00:00:00","date_gmt":"2015-01-29T23:00:00","guid":{"rendered":"http:\/\/www.grappa.no\/albums\/uncategorized\/friland\/"},"modified":"2016-04-19T19:22:32","modified_gmt":"2016-04-19T18:22:32","slug":"friland","status":"publish","type":"product","link":"https:\/\/grappa.no\/no\/albums\/heilo\/friland\/","title":{"rendered":"Friland"},"content":{"rendered":"<p><\/p>\n<p>Friland<\/p>\n<p>Med utgangspunkt i folkemusikken fra Trysil og grensetraktene deromkring begynte Anne Grete Lunner i 2011 \u00e5 lage musikk inspirert av gamle arkivopptak. Denne musikken er sterkt beslektet med den svenske musikktradisjonen og hun \u00f8nsket derfor \u00e5 bruke fragmenter fra grensemusikken kombinert med nyskrevne svenske tekster. Sammen med Harald Skullerud og Tov Ramstad begynte hun \u00e5 forme l\u00e5tene. Noe gammelt, noe nytt, noe l\u00e5nt og noe bl\u00e5tt. Den svenske sangeren og l\u00e5tskriveren Karin Renberg ble med p\u00e5 prosjektet og det samme ble Stefan Sundstr\u00f8m \u2013 og sakte men sikkert ble Friland til.<\/p>\n<p><!--more--><\/p>\n<p>Med utgangspunkt i folkemusikken fra Trysil og grensetraktene deromkring begynte Anne Grete Lunner i 2011 \u00e5 lage musikk inspirert av gamle arkivopptak som er samlet i cd&#8217;en \u00abMine Strenger\u00bb (Trysil-Knut Dans-og Spelmannslag,1999).<\/p>\n<h4>Svensk samarbeid<\/h4>\n<p>Mia Buflod Rydje, tekstforfatter og poet fra Trysil, bidro med nye tekster. Sommeren 2012 inviterte<br \/>\ngruppen ogs\u00e5 med den svenske sangeren og l\u00e5tskriverern Karin Renberg med p\u00e5 prosjektet \u2013 b\u00e5de som sanger og tekstforfatter. Stefan Sundstr\u00f8m bidro ogs\u00e5 med vokal og tekst.<br \/>\nOg sakte men sikkert ble Friland til&#8230;<\/p>\n<h4>Konserter<\/h4>\n<p>Tirsdag 3.februar kl.20.00, Cafeteatret, Oslo ,releasekonsert\u00a0<br \/>\nOnsdag 4.februar kl.19.00, Skoklefall kirke, Nesodden<br \/>\nTorsdag 5.februar kl. 19.00, Hov kirke,S\u00f8ndre Land<br \/>\nFredag 6.februar kl. 20.00, Det Gamle Bageriet, Dr\u00f8bak\u00a0<br \/>\n(Dr\u00f8bak Musikkforum)<br \/>\nL\u00f8rdag 7.februar kl.19.00, Vidsyn, Flendalen i Trysil<\/p>\n<h4><\/h4>\n<\/p>\n<p><\/p>","protected":false},"excerpt":{"rendered":"<p>Noe gammelt, noe nytt, noe l\u00e5nt og noe bl\u00e5tt.<\/p>\n","protected":false},"featured_media":27331,"comment_status":"closed","ping_status":"open","template":"","meta":[],"product_brand":[],"product_cat":[35],"product_tag":[],"class_list":{"0":"post-306","1":"product","2":"type-product","3":"status-publish","4":"has-post-thumbnail","6":"product_cat-heilo","7":"product_shipping_class-cddvd-shipping","8":"uni_artist_tag-anne-grete-lunner","9":"uni_artist_tag-bard-bjorke","10":"uni_artist_tag-c-m-bellman","11":"uni_artist_tag-friland","12":"uni_artist_tag-harald-skullerud","13":"uni_artist_tag-johan-hollseter","14":"uni_artist_tag-mina-saetre","15":"uni_artist_tag-per-willy-aaserud","16":"uni_artist_tag-simon-munch","17":"uni_artist_tag-stefan-sundstrom","18":"uni_artist_tag-trad","19":"uni_artist_tag-wassim-quassis","20":"uni_main_artist_tag-friland","21":"uni_artist_genre-folk-music","22":"uni_artist_genre-scandinavian","23":"uni_artist_genre-traditional","25":"first","26":"instock","27":"taxable","28":"shipping-taxable","29":"purchasable","30":"product-type-simple"},"_links":{"self":[{"href":"https:\/\/grappa.no\/no\/wp-json\/wp\/v2\/product\/306","targetHints":{"allow":["GET"]}}],"collection":[{"href":"https:\/\/grappa.no\/no\/wp-json\/wp\/v2\/product"}],"about":[{"href":"https:\/\/grappa.no\/no\/wp-json\/wp\/v2\/types\/product"}],"replies":[{"embeddable":true,"href":"https:\/\/grappa.no\/no\/wp-json\/wp\/v2\/comments?post=306"}],"wp:featuredmedia":[{"embeddable":true,"href":"https:\/\/grappa.no\/no\/wp-json\/wp\/v2\/media\/27331"}],"wp:attachment":[{"href":"https:\/\/grappa.no\/no\/wp-json\/wp\/v2\/media?parent=306"}],"wp:term":[{"taxonomy":"product_brand","embeddable":true,"href":"https:\/\/grappa.no\/no\/wp-json\/wp\/v2\/product_brand?post=306"},{"taxonomy":"product_cat","embeddable":true,"href":"https:\/\/grappa.no\/no\/wp-json\/wp\/v2\/product_cat?post=306"},{"taxonomy":"product_tag","embeddable":true,"href":"https:\/\/grappa.no\/no\/wp-json\/wp\/v2\/product_tag?post=306"}],"curies":[{"name":"wp","href":"https:\/\/api.w.org\/{rel}","templated":true}]}}

<p></p>
<p>Friland</p>
<p>Med utgangspunkt i folkemusikken fra Trysil og grensetraktene deromkring begynte Anne Grete Lunner i 2011 å lage musikk inspirert av gamle arkivopptak. Denne musikken er sterkt beslektet med den svenske musikktradisjonen og hun ønsket derfor å bruke fragmenter fra grensemusikken kombinert med nyskrevne svenske tekster. Sammen med Harald Skullerud og Tov Ramstad begynte hun å forme låtene. Noe gammelt, noe nytt, noe lånt og noe blått. Den svenske sangeren og låtskriveren Karin Renberg ble med på prosjektet og det samme ble Stefan Sundstrøm – og sakte men sikkert ble Friland til.</p>
<p><!--more--></p>
<p>Med utgangspunkt i folkemusikken fra Trysil og grensetraktene deromkring begynte Anne Grete Lunner i 2011 å lage musikk inspirert av gamle arkivopptak som er samlet i cd&#8217;en «Mine Strenger» (Trysil-Knut Dans-og Spelmannslag,1999).</p>
<h4>Svensk samarbeid</h4>
<p>Mia Buflod Rydje, tekstforfatter og poet fra Trysil, bidro med nye tekster. Sommeren 2012 inviterte<br />
gruppen også med den svenske sangeren og låtskriverern Karin Renberg med på prosjektet – både som sanger og tekstforfatter. Stefan Sundstrøm bidro også med vokal og tekst.<br />
Og sakte men sikkert ble Friland til&#8230;</p>
<h4>Konserter</h4>
<p>Tirsdag 3.februar kl.20.00, Cafeteatret, Oslo ,releasekonsert <br />
Onsdag 4.februar kl.19.00, Skoklefall kirke, Nesodden<br />
Torsdag 5.februar kl. 19.00, Hov kirke,Søndre Land<br />
Fredag 6.februar kl. 20.00, Det Gamle Bageriet, Drøbak <br />
(Drøbak Musikkforum)<br />
Lørdag 7.februar kl.19.00, Vidsyn, Flendalen i Trysil</p>
<h4></h4>
</p>
<p></p>

<p>Noe gammelt, noe nytt, noe lånt og noe blått.</p>
