{"id":278,"date":"2015-02-27T00:00:00","date_gmt":"2015-02-26T23:00:00","guid":{"rendered":"http:\/\/www.grappa.no\/albums\/uncategorized\/three-decades-of-vocal-music\/"},"modified":"2023-11-10T08:53:51","modified_gmt":"2023-11-10T07:53:51","slug":"three-decades-of-vocal-music","status":"publish","type":"product","link":"https:\/\/grappa.no\/no\/albums\/grappa\/three-decades-of-vocal-music\/","title":{"rendered":"Three Decades of Vocal Music"},"content":{"rendered":"<p><\/p>\n<p>Skandinavias mest kjente a cappella gruppe feirer 30!<\/p>\n<p>The Real Group har uten tvil blitt en av Skandinavias mest kjente acapella grupper. I 2015 feirer de 30 \u00e5r som en gruppe, og samtidig slipper de sin nye samling \u00abThree Decades of Vocal Music\u00bb. Dette albumet inneholder musikk fra alle deres tidligere utgivelser.<\/p>\n<p>\u00c5 velge fra en s\u00e5 stor katalog er ikke lett, men p\u00e5 dette albumet f\u00e5r du b\u00e5de hits og live-favoritter som Chili Con Carne, Mister Father, Sommarpsalm, Commonly Unique og Bumble Bee \u2013 i tillegg til bandets egne favoritter. Albumet best\u00e5r ogs\u00e5 av et flott 20-siders booklet, med mye tekst og bilder fra The Real Groups fantastiske karriere.<\/p>\n<p><!--more--><\/p>\n<p>The Real Group har uten tvil blitt en av Skandinavias mest kjente a cappella grupper. I 2015 feirer de 30 \u00e5r, og i den anledning slipper de sin nye samleplate \u00abThree Decades of Vocal Music\u00bb. Dette albumet inneholder musikk fra alle deres tidligere utgivelser.<\/p>\n<h4>Utviklet sin egen stil<\/h4>\n<p>The Real Group er en svensk a cappella gruppe \u2013 banebrytende innenfor vokalgruppe-sjangeren. Tidlig i gruppens n\u00e5 30\u00e5rige historie, utviklet de sin egen stil med komposisjoner og arrangementer av medlemmene selv. Gruppen har produsert et stort antall album, dvd&#8217;er, konsertturn\u00e9er, egne TV-program og har ogs\u00e5 v\u00e6rt kunstnerisk ledere for den internasjonale vokalgruppefestivalen i Seoul.Repertoaret til The Real Group best\u00e5r av en blanding av jazzorientert vokalmusikk, som iblant g\u00e5r over i vise\/folk og ogs\u00e5 iblant mer til pop. The Real Group har et bredt program med symfoniorkester, der noen av Sveriges og Norges st\u00f8rste arrang\u00f8rer har bidratt med spesialskrevet arrangementer.<\/p>\n<h4>Samarbeidspartnere<\/h4>\n<p>Gjennom \u00e5rene og ikke minst gjennom Gotland Chamber Music Festival, har listen over samarbeidspartnere og artister blitt lang. For \u00e5 nevne noen navn: Roland P\u00f6ntinen, Barbara Hendricks, Povel Ramel, Eric Ericson, Toots Thielemans, Esbj\u00f6rn Svensson, Lisa Nilsson, Lill Lindfors, Titiyo og mange flere. Medlemmene i The Real Group er: Emma Nilsdotter, Katarina Henryson, Anders Edenroth, Peder Karlsson og Anders Jalk\u00e9us.<\/p>\n<h4>Konserter i Norge v\u00e5ren 2015:<\/h4>\n<p>18. mars \u2013 Fredrikstad<br \/>\n19. mars \u2013 Askim<br \/>\n20. mars \u2013 Bergen<br \/>\n21. mars &#8211; Haugesund<\/p>\n<p><\/p>","protected":false},"excerpt":{"rendered":"<p>Skandinavias mest kjente a cappella gruppe feirer 30!<\/p>\n","protected":false},"featured_media":27169,"comment_status":"closed","ping_status":"closed","template":"","meta":[],"product_brand":[],"product_cat":[6],"product_tag":[],"class_list":{"0":"post-278","1":"product","2":"type-product","3":"status-publish","4":"has-post-thumbnail","6":"product_cat-grappa","7":"product_shipping_class-cddvd-shipping","8":"uni_artist_tag-anders-edenroth","9":"uni_artist_tag-anders-jalkeus","10":"uni_artist_tag-birger-sjoberg","11":"uni_artist_tag-emma-nilsdotter","12":"uni_artist_tag-johann-sebastian-bach","13":"uni_artist_tag-katarina-henryson","14":"uni_artist_tag-margareta-bengtson","15":"uni_artist_tag-michael-jackson","16":"uni_artist_tag-morten-vinther","17":"uni_artist_tag-neil-hefti","18":"uni_artist_tag-peder-karlsson","19":"uni_artist_tag-svante-henryson","20":"uni_artist_tag-svend-asmussen","21":"uni_artist_tag-thad-jones","22":"uni_artist_tag-the-real-group","23":"uni_artist_tag-waldemar-ahlen","24":"uni_main_artist_tag-the-real-group","25":"uni_artist_genre-a-cappella","26":"uni_artist_genre-jazz","27":"uni_artist_genre-pop","29":"first","30":"outofstock","31":"taxable","32":"shipping-taxable","33":"purchasable","34":"product-type-simple"},"_links":{"self":[{"href":"https:\/\/grappa.no\/no\/wp-json\/wp\/v2\/product\/278","targetHints":{"allow":["GET"]}}],"collection":[{"href":"https:\/\/grappa.no\/no\/wp-json\/wp\/v2\/product"}],"about":[{"href":"https:\/\/grappa.no\/no\/wp-json\/wp\/v2\/types\/product"}],"replies":[{"embeddable":true,"href":"https:\/\/grappa.no\/no\/wp-json\/wp\/v2\/comments?post=278"}],"wp:featuredmedia":[{"embeddable":true,"href":"https:\/\/grappa.no\/no\/wp-json\/wp\/v2\/media\/27169"}],"wp:attachment":[{"href":"https:\/\/grappa.no\/no\/wp-json\/wp\/v2\/media?parent=278"}],"wp:term":[{"taxonomy":"product_brand","embeddable":true,"href":"https:\/\/grappa.no\/no\/wp-json\/wp\/v2\/product_brand?post=278"},{"taxonomy":"product_cat","embeddable":true,"href":"https:\/\/grappa.no\/no\/wp-json\/wp\/v2\/product_cat?post=278"},{"taxonomy":"product_tag","embeddable":true,"href":"https:\/\/grappa.no\/no\/wp-json\/wp\/v2\/product_tag?post=278"}],"curies":[{"name":"wp","href":"https:\/\/api.w.org\/{rel}","templated":true}]}}

<p></p>
<p>Skandinavias mest kjente a cappella gruppe feirer 30!</p>
<p>The Real Group har uten tvil blitt en av Skandinavias mest kjente acapella grupper. I 2015 feirer de 30 år som en gruppe, og samtidig slipper de sin nye samling «Three Decades of Vocal Music». Dette albumet inneholder musikk fra alle deres tidligere utgivelser.</p>
<p>Å velge fra en så stor katalog er ikke lett, men på dette albumet får du både hits og live-favoritter som Chili Con Carne, Mister Father, Sommarpsalm, Commonly Unique og Bumble Bee – i tillegg til bandets egne favoritter. Albumet består også av et flott 20-siders booklet, med mye tekst og bilder fra The Real Groups fantastiske karriere.</p>
<p><!--more--></p>
<p>The Real Group har uten tvil blitt en av Skandinavias mest kjente a cappella grupper. I 2015 feirer de 30 år, og i den anledning slipper de sin nye samleplate «Three Decades of Vocal Music». Dette albumet inneholder musikk fra alle deres tidligere utgivelser.</p>
<h4>Utviklet sin egen stil</h4>
<p>The Real Group er en svensk a cappella gruppe – banebrytende innenfor vokalgruppe-sjangeren. Tidlig i gruppens nå 30årige historie, utviklet de sin egen stil med komposisjoner og arrangementer av medlemmene selv. Gruppen har produsert et stort antall album, dvd&#8217;er, konsertturnéer, egne TV-program og har også vært kunstnerisk ledere for den internasjonale vokalgruppefestivalen i Seoul.Repertoaret til The Real Group består av en blanding av jazzorientert vokalmusikk, som iblant går over i vise/folk og også iblant mer til pop. The Real Group har et bredt program med symfoniorkester, der noen av Sveriges og Norges største arrangører har bidratt med spesialskrevet arrangementer.</p>
<h4>Samarbeidspartnere</h4>
<p>Gjennom årene og ikke minst gjennom Gotland Chamber Music Festival, har listen over samarbeidspartnere og artister blitt lang. For å nevne noen navn: Roland Pöntinen, Barbara Hendricks, Povel Ramel, Eric Ericson, Toots Thielemans, Esbjörn Svensson, Lisa Nilsson, Lill Lindfors, Titiyo og mange flere. Medlemmene i The Real Group er: Emma Nilsdotter, Katarina Henryson, Anders Edenroth, Peder Karlsson og Anders Jalkéus.</p>
<h4>Konserter i Norge våren 2015:</h4>
<p>18. mars – Fredrikstad<br />
19. mars – Askim<br />
20. mars – Bergen<br />
21. mars &#8211; Haugesund</p>
<p></p>
