{"id":13813,"date":"1995-12-19T00:00:00","date_gmt":"1995-12-18T23:00:00","guid":{"rendered":"http:\/\/www.grappa.no\/no\/albums\/uncategorized\/kalenda-maya-2\/"},"modified":"2019-02-22T15:32:36","modified_gmt":"2019-02-22T14:32:36","slug":"kalenda-maya","status":"publish","type":"product","link":"https:\/\/grappa.no\/no\/albums\/simax-classics\/kalenda-maya\/","title":{"rendered":"Kalenda Maya"},"content":{"rendered":"<p><\/p>\n<p>Kalenda Maya tolker og fremf\u00f8rer sanger og danser fra middelalder og renessanse<\/p>\n<p>Kalenda Maya ble dannet i 1973 av ensembleleder og instrumentbygger Sverre Jensen, og best\u00e5r av seks musikere som har spesialisert seg p\u00e5 middelalder- og renessansemusikk. Sammen vekker de liv i en musikkform mange anser som museal, alvorlig og knuskt\u00f8rr, og resultatet levner liten tvil om at musikkformen fortsatt lever i beste velg\u00e5ende. Best\u00e5ende av flere medlemmer med folkemusikalsk bakgrunn gir de repertoaret en frisk uh\u00f8ytidelighet som kler musikken godt. <\/p>\n<p>F\u00e5 av instrumentene fra denne tiden har overlevd frem til i dag, s\u00e5 frontmann Sverre Jensen har tatt p\u00e5 seg arbeidet med \u00e5 rekonstruere flere av de som brukes p\u00e5 platen. En slik rekonstruksjon preger ogs\u00e5 det musikalske. Man vet lite om fremf\u00f8ringspraksisen av disse melodiene, og Kalenda Maya tar utgangspunkt i de gamle manuskriptene og gir de nytt liv ved \u00e5 trekke ut elementer fra tradisjonelle musikkformer, som Balkanmusikk, norsk og spansk folkemusikk, og arabisk musikk. Resultatet er sl\u00e5ende vakkert, og Kalenda Maya viser p\u00e5 mesterlig vis hvordan gulnede pergamenter kan forvandles til dagsaktuell og levende musikk.<\/p>\n<p><!--more--><\/p>\n<h4><\/h4>\n<\/p>\n<h4><\/h4>\n<p><h4><\/h4>\n<\/p>\n<p><\/p>","protected":false},"excerpt":{"rendered":"<p>Kalenda Maya viser p\u00e5 mesterlig vis hvordan gulnede pergamenter kan forvandles til dagsaktuell og levende musikk.<\/p>\n","protected":false},"featured_media":27545,"comment_status":"closed","ping_status":"open","template":"","meta":[],"product_brand":[],"product_cat":[180],"product_tag":[],"class_list":{"0":"post-13813","1":"product","2":"type-product","3":"status-publish","4":"has-post-thumbnail","6":"product_cat-simax-classics","7":"product_shipping_class-cddvd-shipping","8":"uni_artist_tag-kalenda-maya","9":"uni_artist_tag-tellef-kvifte","10":"uni_artist_tag-tone-hulbaekmo","11":"uni_artist_tag-trad","12":"uni_main_artist_tag-kalenda-maya","13":"uni_artist_genre-early-music","15":"first","16":"instock","17":"taxable","18":"shipping-taxable","19":"purchasable","20":"product-type-simple"},"_links":{"self":[{"href":"https:\/\/grappa.no\/no\/wp-json\/wp\/v2\/product\/13813","targetHints":{"allow":["GET"]}}],"collection":[{"href":"https:\/\/grappa.no\/no\/wp-json\/wp\/v2\/product"}],"about":[{"href":"https:\/\/grappa.no\/no\/wp-json\/wp\/v2\/types\/product"}],"replies":[{"embeddable":true,"href":"https:\/\/grappa.no\/no\/wp-json\/wp\/v2\/comments?post=13813"}],"wp:featuredmedia":[{"embeddable":true,"href":"https:\/\/grappa.no\/no\/wp-json\/wp\/v2\/media\/27545"}],"wp:attachment":[{"href":"https:\/\/grappa.no\/no\/wp-json\/wp\/v2\/media?parent=13813"}],"wp:term":[{"taxonomy":"product_brand","embeddable":true,"href":"https:\/\/grappa.no\/no\/wp-json\/wp\/v2\/product_brand?post=13813"},{"taxonomy":"product_cat","embeddable":true,"href":"https:\/\/grappa.no\/no\/wp-json\/wp\/v2\/product_cat?post=13813"},{"taxonomy":"product_tag","embeddable":true,"href":"https:\/\/grappa.no\/no\/wp-json\/wp\/v2\/product_tag?post=13813"}],"curies":[{"name":"wp","href":"https:\/\/api.w.org\/{rel}","templated":true}]}}

<p></p>
<p>Kalenda Maya tolker og fremfører sanger og danser fra middelalder og renessanse</p>
<p>Kalenda Maya ble dannet i 1973 av ensembleleder og instrumentbygger Sverre Jensen, og består av seks musikere som har spesialisert seg på middelalder- og renessansemusikk. Sammen vekker de liv i en musikkform mange anser som museal, alvorlig og knusktørr, og resultatet levner liten tvil om at musikkformen fortsatt lever i beste velgående. Bestående av flere medlemmer med folkemusikalsk bakgrunn gir de repertoaret en frisk uhøytidelighet som kler musikken godt. </p>
<p>Få av instrumentene fra denne tiden har overlevd frem til i dag, så frontmann Sverre Jensen har tatt på seg arbeidet med å rekonstruere flere av de som brukes på platen. En slik rekonstruksjon preger også det musikalske. Man vet lite om fremføringspraksisen av disse melodiene, og Kalenda Maya tar utgangspunkt i de gamle manuskriptene og gir de nytt liv ved å trekke ut elementer fra tradisjonelle musikkformer, som Balkanmusikk, norsk og spansk folkemusikk, og arabisk musikk. Resultatet er slående vakkert, og Kalenda Maya viser på mesterlig vis hvordan gulnede pergamenter kan forvandles til dagsaktuell og levende musikk.</p>
<p><!--more--></p>
<h4></h4>
</p>
<h4></h4>
<p><h4></h4>
</p>
<p></p>

<p>Kalenda Maya viser på mesterlig vis hvordan gulnede pergamenter kan forvandles til dagsaktuell og levende musikk.</p>
