{"id":1216,"date":"2015-10-09T00:00:00","date_gmt":"2015-10-08T23:00:00","guid":{"rendered":"http:\/\/www.grappa.no\/albums\/uncategorized\/my-dearest-kathleen\/"},"modified":"2016-09-08T08:32:39","modified_gmt":"2016-09-08T07:32:39","slug":"my-dearest-kathleen","status":"publish","type":"product","link":"https:\/\/grappa.no\/no\/albums\/grappa\/my-dearest-kathleen\/","title":{"rendered":"My Dearest Kathleen"},"content":{"rendered":"<p><\/p>\n<p>Rudi Myntevik &#8211; My Dearest Kathleen<\/p>\n<p>Hele livet gjennom har Rudi Myntevik v\u00e6rt opptatt av musikk &#8211; de f\u00f8rste 25 \u00e5rene handlet det om lovsang. Det handlet s\u00e5pass mye om lovsang at han ble en av f\u00e5 norske \u201dsuperstjerner\u201d innen sjangeren. Men den tiden er over. P\u00e5 \u201dMy Dearest Kathleen\u201d er et knippe dypt personlige historier med utgangspunkt i Mynteviks eget liv og bakgrunn. Det er en langt mer moden Myntevik som reflekterer over livet p\u00e5 utgivelsen \u201dMy dearest Kathleen\u201d. Det er st\u00f8rre rom for undring og refleksjon. Myntevik formidler nyansene mellom fargene, sp\u00f8rsm\u00e5l som dukket opp hos musikeren og som ikke like lett lot seg besvare med lovsangens enklere budskap. P\u00e5 \u201dMy dearest Kathleen\u201d formidler Myntevik et mer nyansert bilde, h\u00e5pet er like fullt tilstede, men har st\u00f8rre dybde. Historiene han forteller er like fantastiske, men mer i kraft av \u00e5 v\u00e6re gjennomlevd i stedet for \u00f8nskedr\u00f8m. Kort sagt, s\u00e5 har Rudi Myntevik blitt voksen.<\/p>\n<p><!--more--><\/p>\n<p>Rudi Myntevik ble kristenpopstjerne &#8211; og s\u00e5 orket han ikke mer&#8230;<\/p>\n<h4>Tragedier<\/h4>\n<p>Etter et tilfeldig, men vellykket samarbeid med Rune Berg i MGP 2012 ble h\u00e5pet vekket og Rudi begynte \u00e5 skrive igjen. Rune Berg, kjent fra kultbandet The Margarets, tok Rudi under sine vinger, og sammen lagde de \u00abMy Dearest Kathleen\u00bb<\/p>\n<p>\u201dMy Dearest Kathleen\u201d er et knippe dypt personlige historier med utgangspunkt i Mynteviks eget liv og bakgrunn. For eksempel forteller tittelsporet om hans skotske bestemor som kjempet seg gjennom personlige tragedier &#8211; hun mistet ektemann og 7 barn av kreft &#8211; og allikevel formidlet h\u00e5pet videre til sitt barnebarn. Nettopp denne urokkelige staheten og troen p\u00e5 det gode danner klangbunn for mange av sporene p\u00e5 utgivelsen.<\/p>\n<h4>En slags debut<\/h4>\n<p>Rudi sier: \u00abDette f\u00f8les som en slags debut. Endelig har jeg funnet formen og fargen sangene mine skal presenteres med.  Alt har ledet frem til dette, og jeg er s\u00e5 uendelig stolt av den vakre popplaten\u00bb<\/p>\n<p>&quot;My Dearest Kathleen&quot; er produsert av Rune Berg (The Margarets) i Lydbroderiet 2014\/2015 og gis ut p\u00e5 vinyl og digitalt. <\/p>\n<p>Turn\u00e8liste Rudi Myntevik  H\u00f8sten 2015<br \/>\n14. oktober \/ Stavanger \/ B\u00f8ker og B\u00f8rst<br \/>\n15. oktober \/ Bergen \/ Logen Bar<br \/>\n16. oktober \/Austevoll \/  Bekkjarvik Gjestgiveri<br \/>\n17. oktober \/Fosnav\u00e5g \/ Madelynn Coffee<br \/>\n18. oktober \/ \u00c5lesund \/ Teaterfabrikken<br \/>\n1. november \/ Oslo \/ Uh\u00f8rt<br \/>\n5. november \/ G\u00f8terborg \/Holy Moly<\/p>\n<h4><\/h4>\n<\/p>\n<p><\/p>","protected":false},"excerpt":{"rendered":"<p>Rudi Myntevik ble kristenpopstjerne &#8211; og s\u00e5 orket han ikke mer&#8230; N\u00e5 har han funnet formen og fargen sangene hans skal presenteres med, og slipper endelig popplaten &quot;My Dearest Kathleen&quot;<\/p>\n","protected":false},"featured_media":27218,"comment_status":"closed","ping_status":"open","template":"","meta":[],"product_brand":[],"product_cat":[6],"product_tag":[],"class_list":{"0":"post-1216","1":"product","2":"type-product","3":"status-publish","4":"has-post-thumbnail","6":"product_cat-grappa","7":"product_shipping_class-vinyl-shipping","8":"uni_artist_tag-age-reite","9":"uni_artist_tag-aleksander-bosrup-karlsen","10":"uni_artist_tag-asbjorn-ribe","11":"uni_artist_tag-dag-magnus-samuelsen","12":"uni_artist_tag-johnny-palmar-hide","13":"uni_artist_tag-jorund-fluge-samuelsen","14":"uni_artist_tag-leif-ivar-haland","15":"uni_artist_tag-lise-sorensen-voldsdal","16":"uni_artist_tag-marie-tveiten","17":"uni_artist_tag-per-amund-solberg","18":"uni_artist_tag-robert-oien-fylling","19":"uni_artist_tag-rudi-myntevik","20":"uni_artist_tag-rune-berg","21":"uni_artist_tag-simen-maehlum","22":"uni_artist_tag-turid-alida-solberg","23":"uni_artist_tag-vegard-schow","24":"uni_main_artist_tag-rudi-myntevik","25":"uni_artist_genre-pop","26":"uni_artist_genre-singersongwriter","28":"first","29":"instock","30":"taxable","31":"shipping-taxable","32":"purchasable","33":"product-type-simple"},"_links":{"self":[{"href":"https:\/\/grappa.no\/no\/wp-json\/wp\/v2\/product\/1216","targetHints":{"allow":["GET"]}}],"collection":[{"href":"https:\/\/grappa.no\/no\/wp-json\/wp\/v2\/product"}],"about":[{"href":"https:\/\/grappa.no\/no\/wp-json\/wp\/v2\/types\/product"}],"replies":[{"embeddable":true,"href":"https:\/\/grappa.no\/no\/wp-json\/wp\/v2\/comments?post=1216"}],"wp:featuredmedia":[{"embeddable":true,"href":"https:\/\/grappa.no\/no\/wp-json\/wp\/v2\/media\/27218"}],"wp:attachment":[{"href":"https:\/\/grappa.no\/no\/wp-json\/wp\/v2\/media?parent=1216"}],"wp:term":[{"taxonomy":"product_brand","embeddable":true,"href":"https:\/\/grappa.no\/no\/wp-json\/wp\/v2\/product_brand?post=1216"},{"taxonomy":"product_cat","embeddable":true,"href":"https:\/\/grappa.no\/no\/wp-json\/wp\/v2\/product_cat?post=1216"},{"taxonomy":"product_tag","embeddable":true,"href":"https:\/\/grappa.no\/no\/wp-json\/wp\/v2\/product_tag?post=1216"}],"curies":[{"name":"wp","href":"https:\/\/api.w.org\/{rel}","templated":true}]}}

<p></p>
<p>Rudi Myntevik &#8211; My Dearest Kathleen</p>
<p>Hele livet gjennom har Rudi Myntevik vært opptatt av musikk &#8211; de første 25 årene handlet det om lovsang. Det handlet såpass mye om lovsang at han ble en av få norske ”superstjerner” innen sjangeren. Men den tiden er over. På ”My Dearest Kathleen” er et knippe dypt personlige historier med utgangspunkt i Mynteviks eget liv og bakgrunn. Det er en langt mer moden Myntevik som reflekterer over livet på utgivelsen ”My dearest Kathleen”. Det er større rom for undring og refleksjon. Myntevik formidler nyansene mellom fargene, spørsmål som dukket opp hos musikeren og som ikke like lett lot seg besvare med lovsangens enklere budskap. På ”My dearest Kathleen” formidler Myntevik et mer nyansert bilde, håpet er like fullt tilstede, men har større dybde. Historiene han forteller er like fantastiske, men mer i kraft av å være gjennomlevd i stedet for ønskedrøm. Kort sagt, så har Rudi Myntevik blitt voksen.</p>
<p><!--more--></p>
<p>Rudi Myntevik ble kristenpopstjerne &#8211; og så orket han ikke mer&#8230;</p>
<h4>Tragedier</h4>
<p>Etter et tilfeldig, men vellykket samarbeid med Rune Berg i MGP 2012 ble håpet vekket og Rudi begynte å skrive igjen. Rune Berg, kjent fra kultbandet The Margarets, tok Rudi under sine vinger, og sammen lagde de «My Dearest Kathleen»</p>
<p>”My Dearest Kathleen” er et knippe dypt personlige historier med utgangspunkt i Mynteviks eget liv og bakgrunn. For eksempel forteller tittelsporet om hans skotske bestemor som kjempet seg gjennom personlige tragedier &#8211; hun mistet ektemann og 7 barn av kreft &#8211; og allikevel formidlet håpet videre til sitt barnebarn. Nettopp denne urokkelige staheten og troen på det gode danner klangbunn for mange av sporene på utgivelsen.</p>
<h4>En slags debut</h4>
<p>Rudi sier: «Dette føles som en slags debut. Endelig har jeg funnet formen og fargen sangene mine skal presenteres med.  Alt har ledet frem til dette, og jeg er så uendelig stolt av den vakre popplaten»</p>
<p>&quot;My Dearest Kathleen&quot; er produsert av Rune Berg (The Margarets) i Lydbroderiet 2014/2015 og gis ut på vinyl og digitalt. </p>
<p>Turnèliste Rudi Myntevik  Høsten 2015<br />
14. oktober / Stavanger / Bøker og Børst<br />
15. oktober / Bergen / Logen Bar<br />
16. oktober /Austevoll /  Bekkjarvik Gjestgiveri<br />
17. oktober /Fosnavåg / Madelynn Coffee<br />
18. oktober / Ålesund / Teaterfabrikken<br />
1. november / Oslo / Uhørt<br />
5. november / Gøterborg /Holy Moly</p>
<h4></h4>
</p>
<p></p>

<p>Rudi Myntevik ble kristenpopstjerne &#8211; og så orket han ikke mer&#8230; Nå har han funnet formen og fargen sangene hans skal presenteres med, og slipper endelig popplaten &quot;My Dearest Kathleen&quot;</p>
