{"id":1051,"date":"2008-11-10T00:00:00","date_gmt":"2008-11-09T23:00:00","guid":{"rendered":"http:\/\/www.grappa.no\/albums\/uncategorized\/bergroser-og-frosominner\/"},"modified":"2016-08-16T09:38:15","modified_gmt":"2016-08-16T08:38:15","slug":"bergroser-og-frosominner","status":"publish","type":"product","link":"https:\/\/grappa.no\/no\/albums\/heilo\/bergroser-og-frosominner\/","title":{"rendered":"Bergroser og Fr\u00f8s\u00f8minner"},"content":{"rendered":"<p><\/p>\n<p>Gammeldans<\/p>\n<p>I 1945, under krigens siste dager, startet Asmund Bj\u00f8rken og hans far et prosjekt som p\u00e5 den tid var \u00e5 betegne som dristig. Deres \u00f8nske var \u00e5 samle folk til dans, og deler av naboens snekkerverksted sto til disposisjon. Blendingsgardinene ble trukket for, og vaktposter satt ut for \u00e5 overv\u00e5ke den illegale handlingen. Ved krigens opph\u00f8r kunne Bj\u00f8rkenkarenes lystige toner igjen klinge ut i friheten, og det var egentlig der og da at kimen til den store gammeldansb\u00f8lgen ble lagt. <\/p>\n<p>Denne CD-utgivelsen er blitt til som resultat av lydmesteren og gitaristen Jan Erik Kongshaugs id\u00e9, nemlig \u00e5 samle noen samspillvenner til et par dagers treff i han RainbowStudio. Ved denne anledning har sekstetten trukket frem gammeldagsdansmelodier som har oppn\u00e5dd stor popularitet, deriblant de to svenske \u00abFiolen Min\u00bb og \u00abHammarforsens brus\u00bb.<\/p>\n<p><!--more--><\/p>\n<h4><\/h4>\n<\/p>\n<h4><\/h4>\n<p><h4><\/h4>\n<\/p>\n<p><\/p>","protected":false},"excerpt":{"rendered":"","protected":false},"featured_media":27274,"comment_status":"closed","ping_status":"open","template":"","meta":[],"product_brand":[],"product_cat":[35],"product_tag":[],"class_list":{"0":"post-1051","1":"product","2":"type-product","3":"status-publish","4":"has-post-thumbnail","6":"product_cat-heilo","7":"product_shipping_class-cddvd-shipping","8":"uni_artist_tag-albert-brannlund","9":"uni_artist_tag-asmund-bjorken","10":"uni_artist_tag-einar-valoen","11":"uni_artist_tag-hans-gjeitvik","12":"uni_artist_tag-jan-erik-kongshaug","13":"uni_artist_tag-jon-erik-ost","14":"uni_artist_tag-oddmund-j-finnseth","15":"uni_artist_tag-olav-indal","16":"uni_artist_tag-olle-johnny","17":"uni_artist_tag-sven-nyhus","18":"uni_artist_tag-sven-nyhus-og-asmund-bjorkens-sekstett","19":"uni_artist_tag-trad","20":"uni_main_artist_tag-sven-nyhus-og-asmund-bjorkens-sekstett","21":"uni_artist_genre-folk-music","22":"uni_artist_genre-traditional","24":"first","25":"instock","26":"taxable","27":"shipping-taxable","28":"purchasable","29":"product-type-simple"},"_links":{"self":[{"href":"https:\/\/grappa.no\/no\/wp-json\/wp\/v2\/product\/1051","targetHints":{"allow":["GET"]}}],"collection":[{"href":"https:\/\/grappa.no\/no\/wp-json\/wp\/v2\/product"}],"about":[{"href":"https:\/\/grappa.no\/no\/wp-json\/wp\/v2\/types\/product"}],"replies":[{"embeddable":true,"href":"https:\/\/grappa.no\/no\/wp-json\/wp\/v2\/comments?post=1051"}],"wp:featuredmedia":[{"embeddable":true,"href":"https:\/\/grappa.no\/no\/wp-json\/wp\/v2\/media\/27274"}],"wp:attachment":[{"href":"https:\/\/grappa.no\/no\/wp-json\/wp\/v2\/media?parent=1051"}],"wp:term":[{"taxonomy":"product_brand","embeddable":true,"href":"https:\/\/grappa.no\/no\/wp-json\/wp\/v2\/product_brand?post=1051"},{"taxonomy":"product_cat","embeddable":true,"href":"https:\/\/grappa.no\/no\/wp-json\/wp\/v2\/product_cat?post=1051"},{"taxonomy":"product_tag","embeddable":true,"href":"https:\/\/grappa.no\/no\/wp-json\/wp\/v2\/product_tag?post=1051"}],"curies":[{"name":"wp","href":"https:\/\/api.w.org\/{rel}","templated":true}]}}

Bergroser og Frøsøminner

<p></p>
<p>Gammeldans</p>
<p>I 1945, under krigens siste dager, startet Asmund Bjørken og hans far et prosjekt som på den tid var å betegne som dristig. Deres ønske var å samle folk til dans, og deler av naboens snekkerverksted sto til disposisjon. Blendingsgardinene ble trukket for, og vaktposter satt ut for å overvåke den illegale handlingen. Ved krigens opphør kunne Bjørkenkarenes lystige toner igjen klinge ut i friheten, og det var egentlig der og da at kimen til den store gammeldansbølgen ble lagt. </p>
<p>Denne CD-utgivelsen er blitt til som resultat av lydmesteren og gitaristen Jan Erik Kongshaugs idé, nemlig å samle noen samspillvenner til et par dagers treff i han RainbowStudio. Ved denne anledning har sekstetten trukket frem gammeldagsdansmelodier som har oppnådd stor popularitet, deriblant de to svenske «Fiolen Min» og «Hammarforsens brus».</p>
<p><!--more--></p>
<h4></h4>
</p>
<h4></h4>
<p><h4></h4>
</p>
<p></p>
