{"id":1031,"date":"2014-02-14T00:00:00","date_gmt":"2014-02-13T23:00:00","guid":{"rendered":"http:\/\/www.grappa.no\/albums\/uncategorized\/brevet-til-kjaerleiken\/"},"modified":"2016-08-16T09:37:53","modified_gmt":"2016-08-16T08:37:53","slug":"brevet-til-kjaerleiken","status":"publish","type":"product","link":"https:\/\/grappa.no\/no\/albums\/heilo\/brevet-til-kjaerleiken\/","title":{"rendered":"Brevet til kj\u00e6rleiken"},"content":{"rendered":"<p><\/p>\n<p>Gir ut plate i kj\u00e6rlighetens navn<\/p>\n<p>Folkartisten Sigrid Moldestad slipper sitt fjerde soloalbum fredag 14 februar. Tekster av dikteren Jan-Magnus Bruheim st\u00e5r i fokus og plata kommer samtidig med 100-\u00e5rsjubileet hans. Med produsent Kato \u00c5dland p\u00e5 laget har Sigrid Moldestad laget et utfordrende vakkert album, rensk\u00e5ret og r\u00f8ft, rytmisk drivende og melankolsk lengtende. Musikere som trakterer langeleik, munnharper, pedalsteel og el-gitarer om hverandre, det er hardingfeler, trommer og tr\u00f8orgel fra et sterkt lag av musikere.<\/p>\n<p>I sentrum st\u00e5r Sigrid Moldestad sin formidling av sterke tekster som har g\u00e5tt fra \u00e5 vere dikt til \u00e5 bli sanger. Alle komponert av Moldestad selv.<\/p>\n<p>Forfatter Ove Eide har redigert Bruheims \u201dDikt i utvalg\u201d som kommer i \u00e5r, samt skrevet forord i platecoveret til Moldestad. Han beskriver albumet slik:<\/p>\n<p>\u201d Sigrid Moldestad har laga eit heilst\u00f8ypt kunstverk, og f\u00e5tt fram Bruheim p\u00e5 einest\u00e5ande vis. Det g\u00e5r ei line gjennom utvalet som b\u00e5de er Bruheimsk og allment, og gjennom redigeringa av tekstane har ho laga ei allmenn skildring og formidling av noko sant menneskeleg. Tekstutvalet er utruleg sterkt -og formidlinga gjer dette til ei stor oppleving. \u201d<\/p>\n<p><!--more--><\/p>\n<p>Gir ut plate i kj\u00e6rlighetens navn<\/p>\n<h4>Stjernelag av musikere og sterke tekster<\/h4>\n<p>Med seg p\u00e5 albumet har hun et stjernelag av musikere som trakterer langeleik, munnharper, el-gitarer, hardingfeler, trommer og tr\u00f8orgel om hverandre. I sentrum st\u00e5r Sigrid Moldestad sin formidling av sterke tekster som har g\u00e5tt fra \u00e5 v\u00e6re Bruheims dikt til \u00e5 bli sanger. Hele 11 dikt har Moldestad gjort nykomponerte sanger av.<\/p>\n<p>\u201dDa jeg ble spurt om \u00e5 gj\u00f8re en plate av diktene hans til 100-\u00e5rsjubileet gikk jeg systematisk til verks og begynte \u00e5 lese alt han hadde gjort. Jeg ble fort grepet av det dype alvoret i mange av tekstene til Jan-Magnus Bruheim &#8211; De store ordene. Jeg synes han var en s\u00e6rdeles modig mann. Selv om en ikke skal se p\u00e5 all diktning som selvbiografisk, s\u00e5 kan man f\u00f8le at det er mye av han i alle diktene. S\u00e5nn sett skrev han utrolig utleverende, \u00e6rlig og modig\u201d, forklarer Sigrid Moldestad.<\/p>\n<h4>Sangeren, felespilleren, l\u00e5tskriveren og historiefortelleren<\/h4>\n<p>Sigrid Moldestad har sterk identitet i folkemusikken, fela og de nynorske tekstene. Med masse energi, humor og musikalsk intellekt, forlater hun alltid lytterne sultne etter mer. Musikken hennes kan v\u00e6re full av liv i det ene \u00f8yeblikket, for deretter \u00e5 ta en uventet vending mot det vemodig vakre og m\u00f8rke. Som tidligere vinner av to Spellemannspriser og utnevnt til \u201d\u00c5rets Folkemusiker\u201d 2010, er hun en av Norges mest etterspurte folkemusikkartister.<\/p>\n<h4>Jan-Magnus Bruheim<\/h4>\n<p>Jan-Magnus Bruheim ( 1914-1988) var f\u00f8dt i Skj\u00e5k, men bodde flere \u00e5r i Moldestads hjemfylke. Nesten hele platen er spilt inn i det gamle skolehuset han bodde i, ute ved havet i Bremanger. <\/p>\n<p>\u201dTittelen p\u00e5 platen er hentet fra en av hans b\u00f8ker. En prosalyrisk bok med tekster om kj\u00e6rlighetsbegrepet i sin videste forstand. Om det \u00e5 v\u00e6re menneske og medmenneske. Det er noe utrolig lengtende i ordene hans. Lengsel er noe vi alle kjenner oss igjen i og er en drivkraft i alle sine liv, tror jeg. M\u00e5ten han diskuterer livets vakreste og vanskeligste drivkraft var p\u00e5 mange m\u00e5ter mitt holdepunkt i prosessen. Det har v\u00e6rt en lang og krevende reise \u00e5 gj\u00f8re dette, men ogs\u00e5 et privilegium \u00e5 fordype seg s\u00e5pass mye i et helt dikterskap\u201d, sier Moldestad.<\/p>\n<p>I anledning Bruheims 100-\u00e5rsjubileum har ogs\u00e5 forfatter Ove Eide redigert  Bruheims \u201dDikt i utvalg\u201d som kommer ut samme dag som albumet.<br \/>\nEide har skrevet forordet i platecoveret til Moldestad, og beskriver musikken slik; \u201d Sigrid Moldestad har laga et helst\u00f8pt kunstverk, og f\u00e5tt fram Bruheim p\u00e5 enest\u00e5ende vis. Det g\u00e5r en line gjennom utvalget som b\u00e5de er Bruheimsk og allment, og gjennom redigeringen av tekstene har hun laget en allmenn skildring og formidling av noe sant menneskelig. Tekstutvalget er utrolig sterkt -og formidlingen gj\u00f8r dette til ei stor opplevelse. \u201d <\/p>\n<p>\u201dMitt m\u00e5l har v\u00e6rt \u00e5 gj\u00f8re diktene om til levedyktige sangar. Jeg h\u00e5per jeg har lykkes med det,\u201d seier Moldestad. <\/p>\n<p>Albumet kommer p\u00e5 selveste \u201dkj\u00e6rleiksdagen\u201d  14. februar, og samtidig som Bruheim ville fylt 100 \u00e5r.<\/p>\n<p>For \u00e5 feire plateslipp legger Sigrid Moldestad med band ut p\u00e5 slippturn\u00e9 i februar og mars med konsertversjonen av \u201dBrevet til kj\u00e6rleiken\u201d. <\/p>\n<p>Plateslippturn\u00e9<br \/>\nFredag 14.02 &#8211; Det Norske Teatret \/ foajeen (Bikuben)- Oslo<br \/>\nL\u00f8rdag 15.02 &#8211; Sj\u00e5kfest \/ Marlo Grendahus \u2013 Sj\u00e5k<br \/>\nS\u00f8ndag 16.02 &#8211; Midtgulen Kyrkje &#8211; Midtgulen\/ Kjelkenes<br \/>\nTorsdag 27.02 \u2013 Trivselshagen &#8211; Sandane<br \/>\nFredag 28.02 &#8211; Kultursalen \/ F\u00f8rdehuset \u2013 F\u00f8rde<br \/>\nL\u00f8rdag 01.03 &#8211; Kultursalen \/ Sognda kulturhus \u2013 Sogndal<br \/>\nS\u00f8ndag 02.03 &#8211; Selje Kyrkje \u2013 Selje<br \/>\nMandag 03.03 \u2013 TBA<br \/>\nTirsdag 04.03 &#8211; Logenbaren \/ Logen \u2013 Bergen<br \/>\nOnsdag 05.03 &#8211; Logenbaren \/ Logen \u2013 Bergen<br \/>\nTorsdag 06.03 &#8211; Kunsthuset Kabuso \u2013 \u00d8ystese<br \/>\nFredag 07.03 \u2013 Riksscenen \u2013 Oslo<br \/>\nL\u00f8rdag 12.04 &#8211; Vossajazz \/ Fleichers hotell \u2013 Voss<\/p>\n<p><\/p>","protected":false},"excerpt":{"rendered":"<p>Med musikeren og produsenten Kato \u00c5dland p\u00e5 laget, har Sigrid Moldestad laget et utfordrende vakkert album, rensk\u00e5ret og r\u00f8ft, rytmisk drivende og melankolsk lengtende. En viseplate i grenselandet mellom folk, pop og rootsmusikk.<\/p>\n","protected":false},"featured_media":27325,"comment_status":"closed","ping_status":"open","template":"","meta":[],"product_brand":[],"product_cat":[35],"product_tag":[],"class_list":{"0":"post-1031","1":"product","2":"type-product","3":"status-publish","4":"has-post-thumbnail","6":"product_cat-heilo","7":"product_shipping_class-cddvd-shipping","8":"uni_artist_tag-anders-bitustoyl","9":"uni_artist_tag-anders-erik-roine","10":"uni_artist_tag-anders-hall","11":"uni_artist_tag-gabriel-fliflet","12":"uni_artist_tag-jorgen-sandvik","13":"uni_artist_tag-kare-opheim","14":"uni_artist_tag-kato-adland","15":"uni_artist_tag-morten-skage","16":"uni_artist_tag-roald-kaldestad","17":"uni_artist_tag-sigbjorn-apeland","18":"uni_artist_tag-sigrid-moldestad","19":"uni_main_artist_tag-sigrid-moldestad","20":"uni_artist_genre-folk-music","22":"first","23":"instock","24":"taxable","25":"shipping-taxable","26":"purchasable","27":"product-type-simple"},"_links":{"self":[{"href":"https:\/\/grappa.no\/no\/wp-json\/wp\/v2\/product\/1031","targetHints":{"allow":["GET"]}}],"collection":[{"href":"https:\/\/grappa.no\/no\/wp-json\/wp\/v2\/product"}],"about":[{"href":"https:\/\/grappa.no\/no\/wp-json\/wp\/v2\/types\/product"}],"replies":[{"embeddable":true,"href":"https:\/\/grappa.no\/no\/wp-json\/wp\/v2\/comments?post=1031"}],"wp:featuredmedia":[{"embeddable":true,"href":"https:\/\/grappa.no\/no\/wp-json\/wp\/v2\/media\/27325"}],"wp:attachment":[{"href":"https:\/\/grappa.no\/no\/wp-json\/wp\/v2\/media?parent=1031"}],"wp:term":[{"taxonomy":"product_brand","embeddable":true,"href":"https:\/\/grappa.no\/no\/wp-json\/wp\/v2\/product_brand?post=1031"},{"taxonomy":"product_cat","embeddable":true,"href":"https:\/\/grappa.no\/no\/wp-json\/wp\/v2\/product_cat?post=1031"},{"taxonomy":"product_tag","embeddable":true,"href":"https:\/\/grappa.no\/no\/wp-json\/wp\/v2\/product_tag?post=1031"}],"curies":[{"name":"wp","href":"https:\/\/api.w.org\/{rel}","templated":true}]}}

Brevet til kjærleiken

<p></p>
<p>Gir ut plate i kjærlighetens navn</p>
<p>Folkartisten Sigrid Moldestad slipper sitt fjerde soloalbum fredag 14 februar. Tekster av dikteren Jan-Magnus Bruheim står i fokus og plata kommer samtidig med 100-årsjubileet hans. Med produsent Kato Ådland på laget har Sigrid Moldestad laget et utfordrende vakkert album, renskåret og røft, rytmisk drivende og melankolsk lengtende. Musikere som trakterer langeleik, munnharper, pedalsteel og el-gitarer om hverandre, det er hardingfeler, trommer og trøorgel fra et sterkt lag av musikere.</p>
<p>I sentrum står Sigrid Moldestad sin formidling av sterke tekster som har gått fra å vere dikt til å bli sanger. Alle komponert av Moldestad selv.</p>
<p>Forfatter Ove Eide har redigert Bruheims ”Dikt i utvalg” som kommer i år, samt skrevet forord i platecoveret til Moldestad. Han beskriver albumet slik:</p>
<p>” Sigrid Moldestad har laga eit heilstøypt kunstverk, og fått fram Bruheim på eineståande vis. Det går ei line gjennom utvalet som både er Bruheimsk og allment, og gjennom redigeringa av tekstane har ho laga ei allmenn skildring og formidling av noko sant menneskeleg. Tekstutvalet er utruleg sterkt -og formidlinga gjer dette til ei stor oppleving. ”</p>
<p><!--more--></p>
<p>Gir ut plate i kjærlighetens navn</p>
<h4>Stjernelag av musikere og sterke tekster</h4>
<p>Med seg på albumet har hun et stjernelag av musikere som trakterer langeleik, munnharper, el-gitarer, hardingfeler, trommer og trøorgel om hverandre. I sentrum står Sigrid Moldestad sin formidling av sterke tekster som har gått fra å være Bruheims dikt til å bli sanger. Hele 11 dikt har Moldestad gjort nykomponerte sanger av.</p>
<p>”Da jeg ble spurt om å gjøre en plate av diktene hans til 100-årsjubileet gikk jeg systematisk til verks og begynte å lese alt han hadde gjort. Jeg ble fort grepet av det dype alvoret i mange av tekstene til Jan-Magnus Bruheim &#8211; De store ordene. Jeg synes han var en særdeles modig mann. Selv om en ikke skal se på all diktning som selvbiografisk, så kan man føle at det er mye av han i alle diktene. Sånn sett skrev han utrolig utleverende, ærlig og modig”, forklarer Sigrid Moldestad.</p>
<h4>Sangeren, felespilleren, låtskriveren og historiefortelleren</h4>
<p>Sigrid Moldestad har sterk identitet i folkemusikken, fela og de nynorske tekstene. Med masse energi, humor og musikalsk intellekt, forlater hun alltid lytterne sultne etter mer. Musikken hennes kan være full av liv i det ene øyeblikket, for deretter å ta en uventet vending mot det vemodig vakre og mørke. Som tidligere vinner av to Spellemannspriser og utnevnt til ”Årets Folkemusiker” 2010, er hun en av Norges mest etterspurte folkemusikkartister.</p>
<h4>Jan-Magnus Bruheim</h4>
<p>Jan-Magnus Bruheim ( 1914-1988) var født i Skjåk, men bodde flere år i Moldestads hjemfylke. Nesten hele platen er spilt inn i det gamle skolehuset han bodde i, ute ved havet i Bremanger. </p>
<p>”Tittelen på platen er hentet fra en av hans bøker. En prosalyrisk bok med tekster om kjærlighetsbegrepet i sin videste forstand. Om det å være menneske og medmenneske. Det er noe utrolig lengtende i ordene hans. Lengsel er noe vi alle kjenner oss igjen i og er en drivkraft i alle sine liv, tror jeg. Måten han diskuterer livets vakreste og vanskeligste drivkraft var på mange måter mitt holdepunkt i prosessen. Det har vært en lang og krevende reise å gjøre dette, men også et privilegium å fordype seg såpass mye i et helt dikterskap”, sier Moldestad.</p>
<p>I anledning Bruheims 100-årsjubileum har også forfatter Ove Eide redigert  Bruheims ”Dikt i utvalg” som kommer ut samme dag som albumet.<br />
Eide har skrevet forordet i platecoveret til Moldestad, og beskriver musikken slik; ” Sigrid Moldestad har laga et helstøpt kunstverk, og fått fram Bruheim på enestående vis. Det går en line gjennom utvalget som både er Bruheimsk og allment, og gjennom redigeringen av tekstene har hun laget en allmenn skildring og formidling av noe sant menneskelig. Tekstutvalget er utrolig sterkt -og formidlingen gjør dette til ei stor opplevelse. ” </p>
<p>”Mitt mål har vært å gjøre diktene om til levedyktige sangar. Jeg håper jeg har lykkes med det,” seier Moldestad. </p>
<p>Albumet kommer på selveste ”kjærleiksdagen”  14. februar, og samtidig som Bruheim ville fylt 100 år.</p>
<p>For å feire plateslipp legger Sigrid Moldestad med band ut på slippturné i februar og mars med konsertversjonen av ”Brevet til kjærleiken”. </p>
<p>Plateslippturné<br />
Fredag 14.02 &#8211; Det Norske Teatret / foajeen (Bikuben)- Oslo<br />
Lørdag 15.02 &#8211; Sjåkfest / Marlo Grendahus – Sjåk<br />
Søndag 16.02 &#8211; Midtgulen Kyrkje &#8211; Midtgulen/ Kjelkenes<br />
Torsdag 27.02 – Trivselshagen &#8211; Sandane<br />
Fredag 28.02 &#8211; Kultursalen / Førdehuset – Førde<br />
Lørdag 01.03 &#8211; Kultursalen / Sognda kulturhus – Sogndal<br />
Søndag 02.03 &#8211; Selje Kyrkje – Selje<br />
Mandag 03.03 – TBA<br />
Tirsdag 04.03 &#8211; Logenbaren / Logen – Bergen<br />
Onsdag 05.03 &#8211; Logenbaren / Logen – Bergen<br />
Torsdag 06.03 &#8211; Kunsthuset Kabuso – Øystese<br />
Fredag 07.03 – Riksscenen – Oslo<br />
Lørdag 12.04 &#8211; Vossajazz / Fleichers hotell – Voss</p>
<p></p>

<p>Med musikeren og produsenten Kato Ådland på laget, har Sigrid Moldestad laget et utfordrende vakkert album, renskåret og røft, rytmisk drivende og melankolsk lengtende. En viseplate i grenselandet mellom folk, pop og rootsmusikk.</p>
