{"id":969,"date":"2013-06-07T00:00:00","date_gmt":"2013-06-06T23:00:00","guid":{"rendered":"http:\/\/www.grappa.no\/albums\/uncategorized\/mor-mi-star-i-glaset\/"},"modified":"2016-08-16T09:20:16","modified_gmt":"2016-08-16T08:20:16","slug":"mor-mi-star-i-glaset","status":"publish","type":"product","link":"https:\/\/grappa.no\/en\/albums\/grappa\/mor-mi-star-i-glaset\/","title":{"rendered":"Mor mi st\u00e5r i glaset"},"content":{"rendered":"<p><\/p>\n<p>Br\u00f8drene Iversen Orkester are releasing their very first album.<\/p>\n<p>The orchestra was formed on historic grounds in Dyvekes Wine Cellar in Bergen in 2009. This legendary basement, which was the place where Gjest Baardsen&#8217;s died in 1849, is currently the new playground for the brothers every Thursday evening.<\/p>\n<p>The members are brothers in spirit and keep Norwegian folk tradition proudly alive on this record that they have named &quot;Mor mi st\u00e5r i glaset&quot;.<\/p>\n<p>The singer Dagfinn Iversen from Voss has collected texts from fellow countrymen as well as his own archives. Magne Myhre, Jon Hj\u00f8rnevik and John Gjerd\u00e5ker are among the songwriters.<\/p>\n<p>The lyrics of the single &#8216;Mor mi st\u00e5r i glaset&#8217; are taken from the poetry collection of the same title written by Jon Hj\u00f8rnevik (released on Samlaget, 2008). &quot;This is a tribute to our mothers, who have kept us under control and in oversight, while simultanously providing us with a safe and good upbringing&quot; &#8211; Br\u00f8drene Iversens Orkester.<\/p>\n<p><!--more--><\/p>\n<p>Br\u00f8drene Iversens Orkester are out with their debut album; Mor mi st\u00e5r i glaset.<\/p>\n<h4>Norwegian folk tradition<\/h4>\n<p>Br\u00f8drene Iversens Orkester are made up of Dagfinn Iversen (vocals, song), Bjarte Aasmul (guitar), Geir Rogn\u00f8 (bass) and Helge Fredheim (drums). The singer Dagfinn Iversen from Voss has collected texts from fellow countrymen as well as his own archives. Magne Myhre, Jon Hj\u00f8rnevik and John Gjerd\u00e5ker are among the songwriters. The members are brothers in spirit, and keep Norwegian folk tradition proudly alive on this record that they have named &quot;Mor mi st\u00e5r i glaset&quot;.<\/p>\n<h4>The first single from the album<\/h4>\n<p>The titlesong from the album has been chosen as the first single.The lyrics to &#8216;Mor mi st\u00e5r i glaset&#8217; are taken from the poetry collection with the same title written by Jon Hj\u00f8rnevik (released on Samlaget, \u201cThis is a tribute to our mothers, who have kept us under control and in oversight, while simultanously providing us with a safe and good upbringing&quot; &#8211; Br\u00f8drene Iversens Orkester.<\/p>\n<p>The members are brothers in spirit, and keep Norwegian folk tradition proudly alive on this new record that they have named &quot;Mor mi st\u00e5r i glaset&quot;.<\/p>\n<h4><\/h4>\n<\/p>\n<p><\/p>","protected":false},"excerpt":{"rendered":"<p class=\"qtranxs-available-languages-message qtranxs-available-languages-message-en\">Sorry, this entry is only available in <a href=\"https:\/\/grappa.no\/no\/wp-json\/wp\/v2\/product\/969\" class=\"qtranxs-available-language-link qtranxs-available-language-link-no\" title=\"Norsk\">Norsk<\/a>.<\/p>\n<p>Medlemmene i Br\u00f8drene Iversens Orkester er br\u00f8dre i \u00e5nden, og holder norsk visetradisjon stolt i hevd p\u00e5 denne platen som de har kalt &quot;Mor mi st\u00e5r i glaset&quot;.<\/p>\n","protected":false},"featured_media":27106,"comment_status":"closed","ping_status":"open","template":"","meta":[],"product_brand":[],"product_cat":[6],"product_tag":[],"class_list":{"0":"post-969","1":"product","2":"type-product","3":"status-publish","4":"has-post-thumbnail","6":"product_cat-grappa","7":"product_shipping_class-cddvd-shipping","8":"uni_artist_tag-bjarte-aasmul","9":"uni_artist_tag-brodrene-iversens-orkester","10":"uni_artist_tag-christian-ovreaas","11":"uni_artist_tag-dagfinn-iversen","12":"uni_artist_tag-daniel-hauge","13":"uni_artist_tag-jim-croce","14":"uni_artist_tag-johann-sebastian-blum","15":"uni_artist_tag-jon-arne-corell","16":"uni_artist_tag-oscar-peterson","17":"uni_artist_tag-tom-paxton","18":"uni_main_artist_tag-brodrene-iversens-orkester","19":"uni_artist_genre-norwegian","20":"uni_artist_genre-singersongwriter","21":"uni_artist_genre-traditional","23":"first","24":"instock","25":"taxable","26":"shipping-taxable","27":"purchasable","28":"product-type-simple"},"_links":{"self":[{"href":"https:\/\/grappa.no\/en\/wp-json\/wp\/v2\/product\/969","targetHints":{"allow":["GET"]}}],"collection":[{"href":"https:\/\/grappa.no\/en\/wp-json\/wp\/v2\/product"}],"about":[{"href":"https:\/\/grappa.no\/en\/wp-json\/wp\/v2\/types\/product"}],"replies":[{"embeddable":true,"href":"https:\/\/grappa.no\/en\/wp-json\/wp\/v2\/comments?post=969"}],"wp:featuredmedia":[{"embeddable":true,"href":"https:\/\/grappa.no\/en\/wp-json\/wp\/v2\/media\/27106"}],"wp:attachment":[{"href":"https:\/\/grappa.no\/en\/wp-json\/wp\/v2\/media?parent=969"}],"wp:term":[{"taxonomy":"product_brand","embeddable":true,"href":"https:\/\/grappa.no\/en\/wp-json\/wp\/v2\/product_brand?post=969"},{"taxonomy":"product_cat","embeddable":true,"href":"https:\/\/grappa.no\/en\/wp-json\/wp\/v2\/product_cat?post=969"},{"taxonomy":"product_tag","embeddable":true,"href":"https:\/\/grappa.no\/en\/wp-json\/wp\/v2\/product_tag?post=969"}],"curies":[{"name":"wp","href":"https:\/\/api.w.org\/{rel}","templated":true}]}}

Mor mi står i glaset

<p></p>
<p>Brødrene Iversen Orkester are releasing their very first album.</p>
<p>The orchestra was formed on historic grounds in Dyvekes Wine Cellar in Bergen in 2009. This legendary basement, which was the place where Gjest Baardsen&#8217;s died in 1849, is currently the new playground for the brothers every Thursday evening.</p>
<p>The members are brothers in spirit and keep Norwegian folk tradition proudly alive on this record that they have named &quot;Mor mi står i glaset&quot;.</p>
<p>The singer Dagfinn Iversen from Voss has collected texts from fellow countrymen as well as his own archives. Magne Myhre, Jon Hjørnevik and John Gjerdåker are among the songwriters.</p>
<p>The lyrics of the single &#8216;Mor mi står i glaset&#8217; are taken from the poetry collection of the same title written by Jon Hjørnevik (released on Samlaget, 2008). &quot;This is a tribute to our mothers, who have kept us under control and in oversight, while simultanously providing us with a safe and good upbringing&quot; &#8211; Brødrene Iversens Orkester.</p>
<p><!--more--></p>
<p>Brødrene Iversens Orkester are out with their debut album; Mor mi står i glaset.</p>
<h4>Norwegian folk tradition</h4>
<p>Brødrene Iversens Orkester are made up of Dagfinn Iversen (vocals, song), Bjarte Aasmul (guitar), Geir Rognø (bass) and Helge Fredheim (drums). The singer Dagfinn Iversen from Voss has collected texts from fellow countrymen as well as his own archives. Magne Myhre, Jon Hjørnevik and John Gjerdåker are among the songwriters. The members are brothers in spirit, and keep Norwegian folk tradition proudly alive on this record that they have named &quot;Mor mi står i glaset&quot;.</p>
<h4>The first single from the album</h4>
<p>The titlesong from the album has been chosen as the first single.The lyrics to &#8216;Mor mi står i glaset&#8217; are taken from the poetry collection with the same title written by Jon Hjørnevik (released on Samlaget, “This is a tribute to our mothers, who have kept us under control and in oversight, while simultanously providing us with a safe and good upbringing&quot; &#8211; Brødrene Iversens Orkester.</p>
<p>The members are brothers in spirit, and keep Norwegian folk tradition proudly alive on this new record that they have named &quot;Mor mi står i glaset&quot;.</p>
<h4></h4>
</p>
<p></p>

<p class="qtranxs-available-languages-message qtranxs-available-languages-message-en">Sorry, this entry is only available in <a href="https://grappa.no/no/wp-json/wp/v2/product/969" class="qtranxs-available-language-link qtranxs-available-language-link-no" title="Norsk">Norsk</a>.</p>
<p>Medlemmene i Brødrene Iversens Orkester er brødre i ånden, og holder norsk visetradisjon stolt i hevd på denne platen som de har kalt &quot;Mor mi står i glaset&quot;.</p>
