{"id":773,"date":"2011-09-09T00:00:00","date_gmt":"2011-09-08T23:00:00","guid":{"rendered":"http:\/\/www.grappa.no\/albums\/uncategorized\/vegen\/"},"modified":"2016-08-15T15:18:24","modified_gmt":"2016-08-15T14:18:24","slug":"vegen","status":"publish","type":"product","link":"https:\/\/grappa.no\/en\/albums\/heilo\/vegen\/","title":{"rendered":"Vegen"},"content":{"rendered":"<p><\/p>\n<p>Kim Andr\u00e9 Rysstad: Vegen<\/p>\n<p>&quot;Vegen&quot; is Kim Andr\u00e9 Rysstad\u00b4s second album release, and was nominated to a Norwegian Grammy. Rysstad is not afraid to mix other genres into the field of folk music. His singing is inspired by so many different musical expressions \u2013 among them various sources such as Norwegian religious folk tunes and the work of Whitney Houston, who is his greatest idol. As a result, &quot;Vegen&quot; is a personal album, challenging the limits of genre. In 2007 he released his debut album &quot;Tak hardt uti hand&quot; \u2013 a collection of folk songs and medieval ballads. The album was selected as &quot;Solo alum of the year&quot; at Folkelarm in 2008.<\/p>\n<p>29 year old Kim Andr\u00e9 Rysstad is a folk musician and singer from Rysstad in Setesdal. In 2009 he won the INTRO-Folk award and was voted the young folk musician of the year by Rikskonsertene and the folk music organization FolkOrg. Rysstad began his training in classical singing, but later specialized in the traditional singing style of Setesdal. He has been a student of Kirsten Br\u00e5ten Berg, \u00c5non Egeland and Agnes Buen Garn\u00e5s.<\/p>\n<p><!--more--><\/p>\n<h4><\/h4>\n<\/p>\n<h4><\/h4>\n<\/p>\n<h4><\/h4>\n<\/p>\n<p><\/p>","protected":false},"excerpt":{"rendered":"<p>Norwegian Grammy nominated album from Kim Andr\u00e9 Rysstad.<\/p>\n","protected":false},"featured_media":27300,"comment_status":"closed","ping_status":"open","template":"","meta":[],"product_brand":[],"product_cat":[35],"product_tag":[],"class_list":{"0":"post-773","1":"product","2":"type-product","3":"status-publish","4":"has-post-thumbnail","6":"product_cat-heilo","7":"product_shipping_class-cddvd-shipping","8":"uni_artist_tag-anders-engen","9":"uni_artist_tag-anne-grete-preus","10":"uni_artist_tag-kim-andre-rysstad","11":"uni_artist_tag-knut-reiersrud","12":"uni_artist_tag-trad","13":"uni_artist_tag-trym-bjonnes","14":"uni_artist_tag-tuva-livsdatter-syvertsen","15":"uni_main_artist_tag-kim-andre-rysstad","16":"uni_artist_genre-folk-music","17":"uni_artist_genre-norwegian","18":"uni_artist_genre-singersongwriter","19":"uni_artist_genre-traditional","21":"first","22":"instock","23":"taxable","24":"shipping-taxable","25":"purchasable","26":"product-type-simple"},"_links":{"self":[{"href":"https:\/\/grappa.no\/en\/wp-json\/wp\/v2\/product\/773","targetHints":{"allow":["GET"]}}],"collection":[{"href":"https:\/\/grappa.no\/en\/wp-json\/wp\/v2\/product"}],"about":[{"href":"https:\/\/grappa.no\/en\/wp-json\/wp\/v2\/types\/product"}],"replies":[{"embeddable":true,"href":"https:\/\/grappa.no\/en\/wp-json\/wp\/v2\/comments?post=773"}],"wp:featuredmedia":[{"embeddable":true,"href":"https:\/\/grappa.no\/en\/wp-json\/wp\/v2\/media\/27300"}],"wp:attachment":[{"href":"https:\/\/grappa.no\/en\/wp-json\/wp\/v2\/media?parent=773"}],"wp:term":[{"taxonomy":"product_brand","embeddable":true,"href":"https:\/\/grappa.no\/en\/wp-json\/wp\/v2\/product_brand?post=773"},{"taxonomy":"product_cat","embeddable":true,"href":"https:\/\/grappa.no\/en\/wp-json\/wp\/v2\/product_cat?post=773"},{"taxonomy":"product_tag","embeddable":true,"href":"https:\/\/grappa.no\/en\/wp-json\/wp\/v2\/product_tag?post=773"}],"curies":[{"name":"wp","href":"https:\/\/api.w.org\/{rel}","templated":true}]}}

<p></p>
<p>Kim André Rysstad: Vegen</p>
<p>&quot;Vegen&quot; is Kim André Rysstad´s second album release, and was nominated to a Norwegian Grammy. Rysstad is not afraid to mix other genres into the field of folk music. His singing is inspired by so many different musical expressions – among them various sources such as Norwegian religious folk tunes and the work of Whitney Houston, who is his greatest idol. As a result, &quot;Vegen&quot; is a personal album, challenging the limits of genre. In 2007 he released his debut album &quot;Tak hardt uti hand&quot; – a collection of folk songs and medieval ballads. The album was selected as &quot;Solo alum of the year&quot; at Folkelarm in 2008.</p>
<p>29 year old Kim André Rysstad is a folk musician and singer from Rysstad in Setesdal. In 2009 he won the INTRO-Folk award and was voted the young folk musician of the year by Rikskonsertene and the folk music organization FolkOrg. Rysstad began his training in classical singing, but later specialized in the traditional singing style of Setesdal. He has been a student of Kirsten Bråten Berg, Ånon Egeland and Agnes Buen Garnås.</p>
<p><!--more--></p>
<h4></h4>
</p>
<h4></h4>
</p>
<h4></h4>
</p>
<p></p>

<p>Norwegian Grammy nominated album from Kim André Rysstad.</p>
