{"id":32894,"date":"1997-09-10T00:00:00","date_gmt":"1997-09-09T23:00:00","guid":{"rendered":"http:\/\/www.grappa.no\/no\/albums\/ukategorisert\/solefall\/"},"modified":"2018-10-12T06:21:37","modified_gmt":"2018-10-12T05:21:37","slug":"solefall","status":"publish","type":"product","link":"https:\/\/grappa.no\/en\/albums\/grappa\/solefall\/","title":{"rendered":"SOLEFALL"},"content":{"rendered":"<p><\/p>\n<p>Folk tunes and Lieder from Per Vollestad<\/p>\n<p>Per Vollestad is a Norwegian baryton singer who has made a name for himself both in Norway and internationally for his recordings, concerts and opera roles. He has studied at the Norwegian National Academy of Opera, and was the first student to graduate with a Ph.D from Norwegian Academy of Music.<\/p>\n<p>On his record &#8216;Solefall&#8217; Vollestad interprets  both Norwegian and European folk tunes, arranged for baryton, strings, oboe, harp and organ. Contributing on the record in the supergroup Cikada (Henrik Hannisdal, Odd Hannisdal, \u00c5shild Breie Nyhus, Marek Konstantyniwicz, Morten Hannisdal and Magnus S\u00f6nderberg), Simon Emes, Maia Beattie and Bj\u00f8rn Andor Drage.<\/p>\n<p><!--more--><\/p>\n<h4><\/h4>\n<\/p>\n<h4><\/h4>\n<\/p>\n<h4><\/h4>\n<\/p>\n<p><\/p>","protected":false},"excerpt":{"rendered":"<p>Per Vollestad interprets both Norwegian and European folk tunes, arranged for baryton, strings, oboe, harp and organ.<\/p>\n","protected":false},"featured_media":32897,"comment_status":"closed","ping_status":"open","template":"","meta":[],"product_brand":[],"product_cat":[6],"product_tag":[],"class_list":{"0":"post-32894","1":"product","2":"type-product","3":"status-publish","4":"has-post-thumbnail","6":"product_cat-grappa","7":"product_shipping_class-cddvd-shipping","8":"uni_artist_tag-ashild-breie-nyhus","9":"uni_artist_tag-bjorn-andor-drage","10":"uni_artist_tag-erik-gard-amundsen","11":"uni_artist_tag-henrik-hannisdal","12":"uni_artist_tag-magnus-sonderberg","13":"uni_artist_tag-marek-konstantinovich","14":"uni_artist_tag-maria-beattie","15":"uni_artist_tag-morten-hannisdal","16":"uni_artist_tag-odd-hannisdal","17":"uni_artist_tag-per-vollestad","18":"uni_artist_tag-simon-emes","19":"uni_main_artist_tag-per-vollestad","20":"uni_artist_genre-classical","21":"uni_artist_genre-folk-music","22":"uni_artist_genre-lyric-poetry","23":"uni_artist_genre-norwegian-lyrics","25":"first","26":"instock","27":"taxable","28":"shipping-taxable","29":"purchasable","30":"product-type-simple"},"_links":{"self":[{"href":"https:\/\/grappa.no\/en\/wp-json\/wp\/v2\/product\/32894","targetHints":{"allow":["GET"]}}],"collection":[{"href":"https:\/\/grappa.no\/en\/wp-json\/wp\/v2\/product"}],"about":[{"href":"https:\/\/grappa.no\/en\/wp-json\/wp\/v2\/types\/product"}],"replies":[{"embeddable":true,"href":"https:\/\/grappa.no\/en\/wp-json\/wp\/v2\/comments?post=32894"}],"wp:featuredmedia":[{"embeddable":true,"href":"https:\/\/grappa.no\/en\/wp-json\/wp\/v2\/media\/32897"}],"wp:attachment":[{"href":"https:\/\/grappa.no\/en\/wp-json\/wp\/v2\/media?parent=32894"}],"wp:term":[{"taxonomy":"product_brand","embeddable":true,"href":"https:\/\/grappa.no\/en\/wp-json\/wp\/v2\/product_brand?post=32894"},{"taxonomy":"product_cat","embeddable":true,"href":"https:\/\/grappa.no\/en\/wp-json\/wp\/v2\/product_cat?post=32894"},{"taxonomy":"product_tag","embeddable":true,"href":"https:\/\/grappa.no\/en\/wp-json\/wp\/v2\/product_tag?post=32894"}],"curies":[{"name":"wp","href":"https:\/\/api.w.org\/{rel}","templated":true}]}}

<p></p>
<p>Folk tunes and Lieder from Per Vollestad</p>
<p>Per Vollestad is a Norwegian baryton singer who has made a name for himself both in Norway and internationally for his recordings, concerts and opera roles. He has studied at the Norwegian National Academy of Opera, and was the first student to graduate with a Ph.D from Norwegian Academy of Music.</p>
<p>On his record &#8216;Solefall&#8217; Vollestad interprets  both Norwegian and European folk tunes, arranged for baryton, strings, oboe, harp and organ. Contributing on the record in the supergroup Cikada (Henrik Hannisdal, Odd Hannisdal, Åshild Breie Nyhus, Marek Konstantyniwicz, Morten Hannisdal and Magnus Sönderberg), Simon Emes, Maia Beattie and Bjørn Andor Drage.</p>
<p><!--more--></p>
<h4></h4>
</p>
<h4></h4>
</p>
<h4></h4>
</p>
<p></p>
