{"id":31716,"date":"2006-09-04T00:00:00","date_gmt":"2006-09-03T23:00:00","guid":{"rendered":"http:\/\/www.grappa.no\/no\/albums\/ukategorisert\/hvis-jeg-kunne-fly\/"},"modified":"2016-12-05T14:18:16","modified_gmt":"2016-12-05T13:18:16","slug":"hvis-jeg-kunne-fly","status":"publish","type":"product","link":"https:\/\/grappa.no\/en\/albums\/barne\/hvis-jeg-kunne-fly\/","title":{"rendered":"HVIS JEG KUNNE FLY"},"content":{"rendered":"<p><\/p>\n<p><!--more--><\/p>\n<h4><\/h4>\n<\/p>\n<h4><\/h4>\n<\/p>\n<h4><\/h4>\n<\/p>\n<p><\/p>","protected":false},"excerpt":{"rendered":"<p class=\"qtranxs-available-languages-message qtranxs-available-languages-message-en\">Sorry, this entry is only available in <a href=\"https:\/\/grappa.no\/no\/wp-json\/wp\/v2\/product\/31716\" class=\"qtranxs-available-language-link qtranxs-available-language-link-no\" title=\"Norsk\">Norsk<\/a>.<\/p>\n<p>Musikk til tr\u00f8st for barn i sorg, fremf\u00f8rt av Lars Lillo-Stenberg, Hanne Krogh, Trine Rein, Maj-Britt Andersen, Amund Enger, Solveig Leithaug Henderson og s\u00f8strene Hildegunn og Ingelin Garnes Reigstad.<\/p>\n","protected":false},"featured_media":31724,"comment_status":"closed","ping_status":"open","template":"","meta":[],"product_brand":[],"product_cat":[15],"product_tag":[],"class_list":{"0":"post-31716","1":"product","2":"type-product","3":"status-publish","4":"has-post-thumbnail","6":"product_cat-barne","7":"product_shipping_class-cddvd-shipping","8":"uni_artist_tag-alf-proysen","9":"uni_artist_tag-amund-enger","10":"uni_artist_tag-arild-stav","11":"uni_artist_tag-bjorn-kjellemyr","12":"uni_artist_tag-geir-holmsen","13":"uni_artist_tag-hanne-krogh","14":"uni_artist_tag-hildegunn-garnes-reigstad","15":"uni_artist_tag-joakim-nordin","16":"uni_artist_tag-lars-lillo-stenberg","17":"uni_artist_tag-maj-britt-andersen","18":"uni_artist_tag-mats-egil-gronner","19":"uni_artist_tag-nils-ferlin","20":"uni_artist_tag-paolo-vinaccia","21":"uni_artist_tag-stein-inge-braekhus","22":"uni_artist_tag-steinar-larsen","23":"uni_artist_tag-torjus-vierli","24":"uni_artist_tag-trad","25":"uni_artist_tag-trine-rein","26":"uni_artist_tag-truls-mork","27":"uni_artist_genre-children","28":"uni_artist_genre-norwegian-lyrics","30":"first","31":"outofstock","32":"taxable","33":"shipping-taxable","34":"purchasable","35":"product-type-simple"},"_links":{"self":[{"href":"https:\/\/grappa.no\/en\/wp-json\/wp\/v2\/product\/31716","targetHints":{"allow":["GET"]}}],"collection":[{"href":"https:\/\/grappa.no\/en\/wp-json\/wp\/v2\/product"}],"about":[{"href":"https:\/\/grappa.no\/en\/wp-json\/wp\/v2\/types\/product"}],"replies":[{"embeddable":true,"href":"https:\/\/grappa.no\/en\/wp-json\/wp\/v2\/comments?post=31716"}],"wp:featuredmedia":[{"embeddable":true,"href":"https:\/\/grappa.no\/en\/wp-json\/wp\/v2\/media\/31724"}],"wp:attachment":[{"href":"https:\/\/grappa.no\/en\/wp-json\/wp\/v2\/media?parent=31716"}],"wp:term":[{"taxonomy":"product_brand","embeddable":true,"href":"https:\/\/grappa.no\/en\/wp-json\/wp\/v2\/product_brand?post=31716"},{"taxonomy":"product_cat","embeddable":true,"href":"https:\/\/grappa.no\/en\/wp-json\/wp\/v2\/product_cat?post=31716"},{"taxonomy":"product_tag","embeddable":true,"href":"https:\/\/grappa.no\/en\/wp-json\/wp\/v2\/product_tag?post=31716"}],"curies":[{"name":"wp","href":"https:\/\/api.w.org\/{rel}","templated":true}]}}

<p class="qtranxs-available-languages-message qtranxs-available-languages-message-en">Sorry, this entry is only available in <a href="https://grappa.no/no/wp-json/wp/v2/product/31716" class="qtranxs-available-language-link qtranxs-available-language-link-no" title="Norsk">Norsk</a>.</p>
<p>Musikk til trøst for barn i sorg, fremført av Lars Lillo-Stenberg, Hanne Krogh, Trine Rein, Maj-Britt Andersen, Amund Enger, Solveig Leithaug Henderson og søstrene Hildegunn og Ingelin Garnes Reigstad.</p>
